{"id":11478,"date":"2023-10-24T18:51:26","date_gmt":"2023-10-24T21:51:26","guid":{"rendered":"https:\/\/www.pacoteshyatt.com.br\/rio-de-janeiro\/?page_id=11478"},"modified":"2025-11-28T18:14:46","modified_gmt":"2025-11-28T21:14:46","slug":"red-november","status":"publish","type":"page","link":"https:\/\/www.pacoteshyatt.com.br\/rio-de-janeiro\/red-november\/","title":{"rendered":"Red november"},"content":{"rendered":"<div class=\"gb-container gb-container-90c7651c is-style-no-background-mobile\">\n\n<div class=\"wp-container-69df8dc1c7c8e wp-block-group intro-content-home\"><div class=\"wp-bootstrap-blocks-container container mb-2\">\n\t\n<div class=\"gb-container gb-container-c15db558\">\n\n<div class=\"wp-container-69df8dc1c76a1 wp-block-group inner-content\">\n<h1 class=\"has-border-color-color has-text-color\">Red Week<\/h1>\n\n\n\n<p class=\"has-white-color has-text-color\">Aproveite a Red Week para conhecer as novidades e adquirir experi\u00eancias \u00fanicas no <br><strong>Grand Hyatt Rio de Janeiro<\/strong>!<\/p>\n<\/div>\n\n<\/div>\n<\/div>\n<\/div>\n\n\n<div class=\"gb-container gb-container-5e164fd5 is-style-no-background-mobile\">\n\n<h2 class=\"gb-headline gb-headline-dd9ca338 gb-headline-text\">A Red Week encerra em<\/h2>\n\n\n\n<div class=\"wp-block-countdown-block-countdown is-style-red-november-2\"><div class=\"eb-parent-wrapper eb-parent-eb-countdown-kpvvm \"><div class=\"eb-countdown-kpvvm eb-cd-wrapper preset7\"><div class=\"eb-cd-inner\" blockid=\"eb-countdown-kpvvm\" data-deadline-time=\"1764536400000\" data-is-evergreen-time=\"false\" data-evergreen-time-hours=\"11\" data-evergreen-time-minutes=\"59\" data-evergreen-recurring=\"false\" data-evergreen-restart-time=\"0\" data-evergreen-deadline-time=\"1698786019714\"><div class=\"box cd-box-day\"><span class=\"eb-cd-digit\">00<\/span><span class=\"eb-cd-label\">Dias<\/span><\/div><div class=\"box cd-box-hour\"><span class=\"eb-cd-digit\">00<\/span><span class=\"eb-cd-label\">Horas<\/span><\/div><div class=\"box cd-box-minute\"><span class=\"eb-cd-digit\">00<\/span><span class=\"eb-cd-label\">Minutos<\/span><\/div><div class=\"box cd-box-second\"><span class=\"eb-cd-digit\">00<\/span><span class=\"eb-cd-label\">Segundos<\/span><\/div><\/div><\/div><\/div><\/div>\n\n<\/div>\n\n\n<div class=\"wp-container-69df8dc1c8d15 wp-block-group grand-taste-top-section\"><div class=\"wp-bootstrap-blocks-container container mb-2 product-descrip-section\">\n\t\n<div class=\"gb-container gb-container-5e944668\">\n<div class=\"wp-bootstrap-blocks-row row\">\n\t\n\n<div class=\"col-12 col-md-6 order-1 order-lg-0\">\n\t\t\t\n\n<div class=\"wp-container-69df8dc1c8760 wp-block-group description-content has-white-color has-text-color\">\n<h2 class=\"has-border-color-color has-text-color\">Hospede-se no Grand Hyatt Rio de Janeiro com at\u00e9 15% OFF<\/h2>\n\n\n\n<p class=\"has-white-color has-text-color\">Crie mem\u00f3rias no maior resort urbano da Cidade Maravilhosa!<br><br>O Grand Hyatt Rio de Janeiro est\u00e1 localizado entre o azul da praia da Barra da Tijuca, e o verde da fauna e a flora da Lagoa do Marapendi.<br>Viva experi\u00eancias no Hotel que mistura sofistica\u00e7\u00e3o, luxo e a descontra\u00e7\u00e3o carioca.<\/p>\n\n\n\n<p class=\"has-white-color has-text-color\"><strong>A oferta \u00e9 v\u00e1lida para reservas feitas at\u00e9 o dia 11\/12\/2025 para estadias entre os dias 20\/11\/2025 e 30\/04\/2026<\/strong><\/p>\n\n\n\n<p class=\"has-white-color has-text-color\">Clientes World Of Hyatt garantem o desconto de 15%, e para os demais 10% OFF. <\/p>\n\n\n\n<p class=\"has-white-color has-text-color\">O World Of Hyatt  \u00e9 um programa de pontos que voc\u00ea pode trocar por hospedagens, experi\u00eancias e mais!<br>Clique no bot\u00e3o abaixo para mais informa\u00e7\u00f5es e aproveite para fazer parte!<\/p>\n\n\n\n<div class=\"wp-container-69df8dc1c838e wp-block-group\">\n<div class=\"wp-block-columns\">\n<div class=\"wp-block-column\" style=\"flex-basis:50%\">\n<a class=\"gb-button gb-button-bf9f905d gb-button-text\" href=\"https:\/\/www.hyatt.com\/grand-hyatt\/pt-PT\/riogh-grand-hyatt-rio-de-janeiro\" target=\"_blank\" rel=\"noopener noreferrer\">reserve sua hospedagem<\/a>\n<\/div>\n\n\n\n<div class=\"wp-block-column\" style=\"flex-basis:50%\">\n<a class=\"gb-button gb-button-15cf2326 gb-button-text\" href=\"https:\/\/www.hyatt.com\/pt-PT\/member\/enroll\" target=\"_blank\" rel=\"noopener noreferrer\">inscreva-se no World of hyatt<\/a>\n<\/div>\n<\/div>\n<\/div>\n<\/div>\n\n\t<\/div>\n\n\n\n<div class=\"col-12 col-md-6\">\n\t\t\t\n\n<figure class=\"wp-block-embed is-type-video is-provider-youtube wp-block-embed-youtube wp-embed-aspect embed-responsive embed-responsive-16by9 wp-embed-aspect-16-9 wp-has-aspect-ratio\"><div class=\"wp-block-embed__wrapper\">\n<iframe loading=\"lazy\" title=\"Viva a Experi\u00eancia Grand Hyatt Rio de Janeiro!\" width=\"500\" height=\"281\" src=\"https:\/\/www.youtube.com\/embed\/aQXDQsLXX-o?feature=oembed\" frameborder=\"0\" allow=\"accelerometer; autoplay; clipboard-write; encrypted-media; gyroscope; picture-in-picture; web-share\" referrerpolicy=\"strict-origin-when-cross-origin\" allowfullscreen><\/iframe>\n<\/div><\/figure>\n\n\t<\/div>\n\n<\/div>\n\n<\/div>\n<\/div>\n<\/div>\n\n\n<div class=\"gb-container gb-container-1446c0e9\">\n        <div class=\"destaques-section d-md-block\">\n            <div class=\"container\">\n                <div class=\"row\">\n                    <div class=\"inner-destaques-col col-12\">\n                        <div class=\"all-section-title\">\n                            <h2>Confira as ofertas abaixo<\/h2>\n                        <\/div>\n                                                    <div class=\"products row\">\n                                                          <\/div>\n                                            <\/div>\n                <\/div>\n            <\/div>\n        <\/div>\n                       \n        \n<\/div>\n<\/div>","protected":false},"excerpt":{"rendered":"<p>A Red Week encerra em<\/p>\n","protected":false},"author":1,"featured_media":0,"parent":0,"menu_order":0,"comment_status":"closed","ping_status":"closed","template":"template-full-page.php","meta":{"_eb_attr":""},"yoast_head":"<!-- This site is optimized with the Yoast SEO plugin v18.4.1 - https:\/\/yoast.com\/wordpress\/plugins\/seo\/ -->\n<title>Red November | Ofertas Exclusivas - Hyatt Rio de Janeiro<\/title>\n<meta name=\"description\" content=\"Aproveite a Red Week no Grand Hyatt Rio de Janeiro! Ofertas exclusivas em hospedagem e experi\u00eancias inesquec\u00edveis. Reserve agora e aproveite!\" \/>\n<meta name=\"robots\" content=\"index, follow, max-snippet:-1, max-image-preview:large, max-video-preview:-1\" \/>\n<link rel=\"canonical\" href=\"https:\/\/www.pacoteshyatt.com.br\/rio-de-janeiro\/red-november\/\" \/>\n<meta property=\"og:locale\" content=\"pt_BR\" \/>\n<meta property=\"og:type\" content=\"article\" \/>\n<meta property=\"og:title\" content=\"Red November | Ofertas Exclusivas - Hyatt Rio de Janeiro\" \/>\n<meta property=\"og:description\" content=\"Aproveite a Red Week no Grand Hyatt Rio de Janeiro! Ofertas exclusivas em hospedagem e experi\u00eancias inesquec\u00edveis. Reserve agora e aproveite!\" \/>\n<meta property=\"og:url\" content=\"https:\/\/www.pacoteshyatt.com.br\/rio-de-janeiro\/red-november\/\" \/>\n<meta property=\"og:site_name\" content=\"GRAND HYATT RIO DE JANEIRO\" \/>\n<meta property=\"article:modified_time\" content=\"2025-11-28T21:14:46+00:00\" \/>\n<meta name=\"twitter:card\" content=\"summary_large_image\" \/>\n<meta name=\"twitter:label1\" content=\"Est. tempo de leitura\" \/>\n\t<meta name=\"twitter:data1\" content=\"1 minuto\" \/>\n<script type=\"application\/ld+json\" class=\"yoast-schema-graph\">{\"@context\":\"https:\/\/schema.org\",\"@graph\":[{\"@type\":\"WebSite\",\"@id\":\"https:\/\/www.pacoteshyatt.com.br\/rio-de-janeiro\/#website\",\"url\":\"https:\/\/www.pacoteshyatt.com.br\/rio-de-janeiro\/\",\"name\":\"GRAND HYATT RIO DE JANEIRO\",\"description\":\"Um verdadeiro resort urbano na Barra da Tijuca!\",\"potentialAction\":[{\"@type\":\"SearchAction\",\"target\":{\"@type\":\"EntryPoint\",\"urlTemplate\":\"https:\/\/www.pacoteshyatt.com.br\/rio-de-janeiro\/?s={search_term_string}\"},\"query-input\":\"required name=search_term_string\"}],\"inLanguage\":\"pt-BR\"},{\"@type\":\"WebPage\",\"@id\":\"https:\/\/www.pacoteshyatt.com.br\/rio-de-janeiro\/red-november\/#webpage\",\"url\":\"https:\/\/www.pacoteshyatt.com.br\/rio-de-janeiro\/red-november\/\",\"name\":\"Red November | Ofertas Exclusivas - Hyatt Rio de Janeiro\",\"isPartOf\":{\"@id\":\"https:\/\/www.pacoteshyatt.com.br\/rio-de-janeiro\/#website\"},\"datePublished\":\"2023-10-24T21:51:26+00:00\",\"dateModified\":\"2025-11-28T21:14:46+00:00\",\"description\":\"Aproveite a Red Week no Grand Hyatt Rio de Janeiro! Ofertas exclusivas em hospedagem e experi\u00eancias inesquec\u00edveis. Reserve agora e aproveite!\",\"breadcrumb\":{\"@id\":\"https:\/\/www.pacoteshyatt.com.br\/rio-de-janeiro\/red-november\/#breadcrumb\"},\"inLanguage\":\"pt-BR\",\"potentialAction\":[{\"@type\":\"ReadAction\",\"target\":[\"https:\/\/www.pacoteshyatt.com.br\/rio-de-janeiro\/red-november\/\"]}]},{\"@type\":\"BreadcrumbList\",\"@id\":\"https:\/\/www.pacoteshyatt.com.br\/rio-de-janeiro\/red-november\/#breadcrumb\",\"itemListElement\":[{\"@type\":\"ListItem\",\"position\":1,\"name\":\"Home\",\"item\":\"https:\/\/www.pacoteshyatt.com.br\/rio-de-janeiro\/\"},{\"@type\":\"ListItem\",\"position\":2,\"name\":\"Red november\"}]}]}<\/script>\n<!-- \/ Yoast SEO plugin. -->","yoast_head_json":{"title":"Red November | Ofertas Exclusivas - Hyatt Rio de Janeiro","description":"Aproveite a Red Week no Grand Hyatt Rio de Janeiro! Ofertas exclusivas em hospedagem e experi\u00eancias inesquec\u00edveis. Reserve agora e aproveite!","robots":{"index":"index","follow":"follow","max-snippet":"max-snippet:-1","max-image-preview":"max-image-preview:large","max-video-preview":"max-video-preview:-1"},"canonical":"https:\/\/www.pacoteshyatt.com.br\/rio-de-janeiro\/red-november\/","og_locale":"pt_BR","og_type":"article","og_title":"Red November | Ofertas Exclusivas - Hyatt Rio de Janeiro","og_description":"Aproveite a Red Week no Grand Hyatt Rio de Janeiro! Ofertas exclusivas em hospedagem e experi\u00eancias inesquec\u00edveis. Reserve agora e aproveite!","og_url":"https:\/\/www.pacoteshyatt.com.br\/rio-de-janeiro\/red-november\/","og_site_name":"GRAND HYATT RIO DE JANEIRO","article_modified_time":"2025-11-28T21:14:46+00:00","twitter_card":"summary_large_image","twitter_misc":{"Est. tempo de leitura":"1 minuto"},"schema":{"@context":"https:\/\/schema.org","@graph":[{"@type":"WebSite","@id":"https:\/\/www.pacoteshyatt.com.br\/rio-de-janeiro\/#website","url":"https:\/\/www.pacoteshyatt.com.br\/rio-de-janeiro\/","name":"GRAND HYATT RIO DE JANEIRO","description":"Um verdadeiro resort urbano na Barra da Tijuca!","potentialAction":[{"@type":"SearchAction","target":{"@type":"EntryPoint","urlTemplate":"https:\/\/www.pacoteshyatt.com.br\/rio-de-janeiro\/?s={search_term_string}"},"query-input":"required name=search_term_string"}],"inLanguage":"pt-BR"},{"@type":"WebPage","@id":"https:\/\/www.pacoteshyatt.com.br\/rio-de-janeiro\/red-november\/#webpage","url":"https:\/\/www.pacoteshyatt.com.br\/rio-de-janeiro\/red-november\/","name":"Red November | Ofertas Exclusivas - Hyatt Rio de Janeiro","isPartOf":{"@id":"https:\/\/www.pacoteshyatt.com.br\/rio-de-janeiro\/#website"},"datePublished":"2023-10-24T21:51:26+00:00","dateModified":"2025-11-28T21:14:46+00:00","description":"Aproveite a Red Week no Grand Hyatt Rio de Janeiro! Ofertas exclusivas em hospedagem e experi\u00eancias inesquec\u00edveis. Reserve agora e aproveite!","breadcrumb":{"@id":"https:\/\/www.pacoteshyatt.com.br\/rio-de-janeiro\/red-november\/#breadcrumb"},"inLanguage":"pt-BR","potentialAction":[{"@type":"ReadAction","target":["https:\/\/www.pacoteshyatt.com.br\/rio-de-janeiro\/red-november\/"]}]},{"@type":"BreadcrumbList","@id":"https:\/\/www.pacoteshyatt.com.br\/rio-de-janeiro\/red-november\/#breadcrumb","itemListElement":[{"@type":"ListItem","position":1,"name":"Home","item":"https:\/\/www.pacoteshyatt.com.br\/rio-de-janeiro\/"},{"@type":"ListItem","position":2,"name":"Red november"}]}]}},"_links":{"self":[{"href":"https:\/\/www.pacoteshyatt.com.br\/rio-de-janeiro\/wp-json\/wp\/v2\/pages\/11478"}],"collection":[{"href":"https:\/\/www.pacoteshyatt.com.br\/rio-de-janeiro\/wp-json\/wp\/v2\/pages"}],"about":[{"href":"https:\/\/www.pacoteshyatt.com.br\/rio-de-janeiro\/wp-json\/wp\/v2\/types\/page"}],"author":[{"embeddable":true,"href":"https:\/\/www.pacoteshyatt.com.br\/rio-de-janeiro\/wp-json\/wp\/v2\/users\/1"}],"replies":[{"embeddable":true,"href":"https:\/\/www.pacoteshyatt.com.br\/rio-de-janeiro\/wp-json\/wp\/v2\/comments?post=11478"}],"version-history":[{"count":100,"href":"https:\/\/www.pacoteshyatt.com.br\/rio-de-janeiro\/wp-json\/wp\/v2\/pages\/11478\/revisions"}],"predecessor-version":[{"id":22728,"href":"https:\/\/www.pacoteshyatt.com.br\/rio-de-janeiro\/wp-json\/wp\/v2\/pages\/11478\/revisions\/22728"}],"wp:attachment":[{"href":"https:\/\/www.pacoteshyatt.com.br\/rio-de-janeiro\/wp-json\/wp\/v2\/media?parent=11478"}],"curies":[{"name":"wp","href":"https:\/\/api.w.org\/{rel}","templated":true}]}}