{"id":19527,"date":"2025-06-27T16:22:05","date_gmt":"2025-06-27T19:22:05","guid":{"rendered":"https:\/\/www.pacoteshyatt.com.br\/rio-de-janeiro\/?page_id=19527"},"modified":"2025-06-27T16:27:25","modified_gmt":"2025-06-27T19:27:25","slug":"mes-tematico-esp","status":"publish","type":"page","link":"https:\/\/www.pacoteshyatt.com.br\/rio-de-janeiro\/es\/mes-tematico-esp\/","title":{"rendered":"M\u00eas Tem\u00e1tico &#8211; ESP"},"content":{"rendered":"\n<div class=\"wp-container-69eac1a0ac8f1 wp-block-group intro-content-home text-center\"><div class=\"wp-bootstrap-blocks-container container mb-2\">\n\t\n<div class=\"wp-bootstrap-blocks-row row\">\n\t\n\n<div class=\"col-12 col-md-12 inner-intro-content\">\n\t\t\t\n\n<div class=\"wp-container-69eac1a0ac451 wp-block-group inner-content\">\n<div class=\"wp-container-69eac1a0ab9a0 wp-block-group\">\n<h1 class=\"has-pink-color has-white-background-color has-text-color has-background\">Mes Pitufo-fant\u00e1stico:<\/h1>\n<\/div>\n\n\n\n<p class=\"has-black-color has-white-background-color has-text-color has-background has-medium-font-size\">El Grand Hyatt Rio de Janeiro te invita a una experiencia inmersiva con los adorados personajes Pitufos y una excelente gastronom\u00eda<\/p>\n\n\n\n<div class=\"wp-container-69eac1a0ac01c wp-block-group intro-content-home text-center\"><div class=\"wp-bootstrap-blocks-container container mb-2\">\n\t\n<div class=\"wp-bootstrap-blocks-row row\">\n\t\n\n<div class=\"col-12 col-md-12 col-lg-12 col-xl-12 inner-intro-content\">\n\t\t\t\n\n<figure class=\"wp-block-embed is-type-video is-provider-youtube wp-block-embed-youtube wp-embed-aspect-16-9 wp-has-aspect-ratio\"><div class=\"wp-block-embed__wrapper\">\n<iframe loading=\"lazy\" title=\"#Pitufos | Tr\u00e1iler Oficial (DOBLADO) \u2013 Rihanna (2025) | Julio 17, solo en cines\" width=\"500\" height=\"281\" src=\"https:\/\/www.youtube.com\/embed\/zCXlxj49cz4?feature=oembed&#038;enablejsapi=1&#038;origin=https:\/\/www.pacoteshyatt.com.br\" frameborder=\"0\" allow=\"accelerometer; autoplay; clipboard-write; encrypted-media; gyroscope; picture-in-picture; web-share\" referrerpolicy=\"strict-origin-when-cross-origin\" allowfullscreen><\/iframe>\n<\/div><\/figure>\n\n\t<\/div>\n\n<\/div>\n\n<\/div>\n<\/div>\n<\/div>\n\n\t<\/div>\n\n<\/div>\n\n<\/div>\n<\/div>\n\n\n\n<div class=\"wp-container-69eac1a0b09c8 wp-block-group grand-taste-top-section\"><div class=\"wp-bootstrap-blocks-container container mb-2 product-descrip-section\">\n\t\n<div class=\"wp-bootstrap-blocks-row row inner-taste-col\">\n\t\n\n<div class=\"col-12 col-md-6 order-1 order-lg-0\">\n\t\t\t\n\n<div class=\"wp-container-69eac1a0ae5a9 wp-block-group\">\n<div class=\"wp-block-columns are-vertically-aligned-top\">\n<div class=\"wp-block-column is-vertically-aligned-top\" style=\"flex-basis:100%\">\n<div class=\"wp-container-69eac1a0ae146 wp-block-group\">                <div class=\"gallery-top-col\">\n                    <div class=\"swiper-container gallery-top\">\n                        <div class=\"swiper-wrapper\">\n                                                            <div class=\"swiper-slide\">\n                                    <img width=\"611\" height=\"410\" src=\"https:\/\/www.pacoteshyatt.com.br\/rio-de-janeiro\/wp-content\/uploads\/sites\/2\/2025\/06\/smurfs_Landing_brunch_649x435px.jpg\" class=\"attachment-611x621 size-611x621\" alt=\"\" loading=\"lazy\" srcset=\"https:\/\/www.pacoteshyatt.com.br\/rio-de-janeiro\/wp-content\/uploads\/sites\/2\/2025\/06\/smurfs_Landing_brunch_649x435px.jpg 649w, https:\/\/www.pacoteshyatt.com.br\/rio-de-janeiro\/wp-content\/uploads\/sites\/2\/2025\/06\/smurfs_Landing_brunch_649x435px-300x201.jpg 300w, https:\/\/www.pacoteshyatt.com.br\/rio-de-janeiro\/wp-content\/uploads\/sites\/2\/2025\/06\/smurfs_Landing_brunch_649x435px-237x158.jpg 237w, https:\/\/www.pacoteshyatt.com.br\/rio-de-janeiro\/wp-content\/uploads\/sites\/2\/2025\/06\/smurfs_Landing_brunch_649x435px-298x200.jpg 298w, https:\/\/www.pacoteshyatt.com.br\/rio-de-janeiro\/wp-content\/uploads\/sites\/2\/2025\/06\/smurfs_Landing_brunch_649x435px-348x233.jpg 348w\" sizes=\"(max-width: 611px) 100vw, 611px\" \/>                                <\/div>\n                                                    <\/div>\n                    <\/div>\n                    <div class=\"swiper-button-next swiper-button-white\"><\/div>\n                    <div class=\"swiper-button-prev swiper-button-white\"><\/div>\n                <\/div>\n                <div class=\"gallery-thumbs-col\">\n                    <div class=\"swiper-container gallery-thumbs\">\n                        <div class=\"swiper-wrapper\">\n                                                            <div class=\"swiper-slide\">\n                                   <img width=\"153\" height=\"104\" src=\"https:\/\/www.pacoteshyatt.com.br\/rio-de-janeiro\/wp-content\/uploads\/sites\/2\/2025\/06\/smurfs_Landing_brunch_649x435px-298x200.jpg\" class=\"attachment-153x104 size-153x104\" alt=\"\" loading=\"lazy\" srcset=\"https:\/\/www.pacoteshyatt.com.br\/rio-de-janeiro\/wp-content\/uploads\/sites\/2\/2025\/06\/smurfs_Landing_brunch_649x435px-298x200.jpg 298w, https:\/\/www.pacoteshyatt.com.br\/rio-de-janeiro\/wp-content\/uploads\/sites\/2\/2025\/06\/smurfs_Landing_brunch_649x435px-300x201.jpg 300w, https:\/\/www.pacoteshyatt.com.br\/rio-de-janeiro\/wp-content\/uploads\/sites\/2\/2025\/06\/smurfs_Landing_brunch_649x435px.jpg 649w\" sizes=\"(max-width: 153px) 100vw, 153px\" \/>                                <\/div>\n                                                    <\/div>\n                    <\/div>\n                <\/div>\n        <\/div>\n<\/div>\n<\/div>\n<\/div>\n\n\t<\/div>\n\n\n\n<div class=\"col-12 col-md-6\">\n\t\t\t\n\n<div class=\"wp-container-69eac1a0aeab5 wp-block-group description-content\">\n<h2>Brunch con Los Pitufos<\/h2>\n\n\n\n<p>\u00a1Prep\u00e1rense para un Brunch Inolvidable con la presencia de los adorables personajes Pitufos! Disfruten de un buffet completo con barra libre de espumante para los adultos y bebidas no alcoh\u00f3licas para todos.<\/p>\n\n\n\n<p>Una experiencia m\u00e1gica y deliciosa, perfecta para fotos y momentos inolvidables en familia. Aseguren su lugar en este evento \u00fanico y creen recuerdos que durar\u00e1n para siempre.<\/p>\n\n\n\n<p><\/p>\n\n\n\n<p class=\"has-text-align-center\"><a href=\"https:\/\/www.hyattexperiences.com\/grand-hyatt\/riogh#!\/e\/47dcd393\">\u00a1M\u00e1s detalles!<\/a><\/p>\n<\/div>\n\n\t<\/div>\n\n<\/div>\n\n<\/div>\n\n\n<div class=\"wp-bootstrap-blocks-container container mb-2 product-descrip-section\">\n\t\n<div class=\"wp-bootstrap-blocks-row row inner-taste-col\">\n\t\n\n<div class=\"col-12 col-md-6 order-1 order-lg-0\">\n\t\t\t\n\n<div class=\"wp-container-69eac1a0aeff8 wp-block-group description-content\">\n<h2>Hosp\u00e9date en la Habitaci\u00f3n Tem\u00e1tica de Los Pitufos<\/h2>\n\n\n\n<p>Sum\u00e9rgete en el universo Pitufo con<strong> habitaciones tem\u00e1ticas exclusivas.<\/strong> <br>\u00a1Decoraciones cuidadosamente dise\u00f1adas para transportarte a la animada y alegre Aldea Pitufo. Despierta rodeado de la magia Pitufo, como si estuvieras durmiendo en la casa de un Pitufo!<\/p>\n\n\n\n<p><\/p>\n\n\n\n<p class=\"has-text-align-center\"><a href=\"https:\/\/www.pacoteshyatt.com.br\/rio-de-janeiro\/product\/hospedagem-tematica\/\">\u00a1Mais informaciones!<\/a><\/p>\n<\/div>\n\n\t<\/div>\n\n\n\n<div class=\"col-12 col-md-6\">\n\t\t\t\n\n<div class=\"wp-container-69eac1a0b04eb wp-block-group\">\n<div class=\"wp-block-columns are-vertically-aligned-top\">\n<div class=\"wp-block-column is-vertically-aligned-top\" style=\"flex-basis:100%\">\n<div class=\"wp-container-69eac1a0b00a5 wp-block-group\">                <div class=\"gallery-top-col\">\n                    <div class=\"swiper-container gallery-top\">\n                        <div class=\"swiper-wrapper\">\n                                                            <div class=\"swiper-slide\">\n                                    <img width=\"611\" height=\"410\" src=\"https:\/\/www.pacoteshyatt.com.br\/rio-de-janeiro\/wp-content\/uploads\/sites\/2\/2025\/06\/smurfs_Landing_hospedagem_649x435px.jpg\" class=\"attachment-611x621 size-611x621\" alt=\"\" loading=\"lazy\" srcset=\"https:\/\/www.pacoteshyatt.com.br\/rio-de-janeiro\/wp-content\/uploads\/sites\/2\/2025\/06\/smurfs_Landing_hospedagem_649x435px.jpg 649w, https:\/\/www.pacoteshyatt.com.br\/rio-de-janeiro\/wp-content\/uploads\/sites\/2\/2025\/06\/smurfs_Landing_hospedagem_649x435px-300x201.jpg 300w, https:\/\/www.pacoteshyatt.com.br\/rio-de-janeiro\/wp-content\/uploads\/sites\/2\/2025\/06\/smurfs_Landing_hospedagem_649x435px-237x158.jpg 237w, https:\/\/www.pacoteshyatt.com.br\/rio-de-janeiro\/wp-content\/uploads\/sites\/2\/2025\/06\/smurfs_Landing_hospedagem_649x435px-298x200.jpg 298w, https:\/\/www.pacoteshyatt.com.br\/rio-de-janeiro\/wp-content\/uploads\/sites\/2\/2025\/06\/smurfs_Landing_hospedagem_649x435px-348x233.jpg 348w\" sizes=\"(max-width: 611px) 100vw, 611px\" \/>                                <\/div>\n                                                    <\/div>\n                    <\/div>\n                    <div class=\"swiper-button-next swiper-button-white\"><\/div>\n                    <div class=\"swiper-button-prev swiper-button-white\"><\/div>\n                <\/div>\n                <div class=\"gallery-thumbs-col\">\n                    <div class=\"swiper-container gallery-thumbs\">\n                        <div class=\"swiper-wrapper\">\n                                                            <div class=\"swiper-slide\">\n                                   <img width=\"153\" height=\"104\" src=\"https:\/\/www.pacoteshyatt.com.br\/rio-de-janeiro\/wp-content\/uploads\/sites\/2\/2025\/06\/smurfs_Landing_hospedagem_649x435px-298x200.jpg\" class=\"attachment-153x104 size-153x104\" alt=\"\" loading=\"lazy\" srcset=\"https:\/\/www.pacoteshyatt.com.br\/rio-de-janeiro\/wp-content\/uploads\/sites\/2\/2025\/06\/smurfs_Landing_hospedagem_649x435px-298x200.jpg 298w, https:\/\/www.pacoteshyatt.com.br\/rio-de-janeiro\/wp-content\/uploads\/sites\/2\/2025\/06\/smurfs_Landing_hospedagem_649x435px-300x201.jpg 300w, https:\/\/www.pacoteshyatt.com.br\/rio-de-janeiro\/wp-content\/uploads\/sites\/2\/2025\/06\/smurfs_Landing_hospedagem_649x435px.jpg 649w\" sizes=\"(max-width: 153px) 100vw, 153px\" \/>                                <\/div>\n                                                    <\/div>\n                    <\/div>\n                <\/div>\n        <\/div>\n<\/div>\n<\/div>\n<\/div>\n\n\t<\/div>\n\n<\/div>\n\n<\/div>\n<\/div>\n","protected":false},"excerpt":{"rendered":"","protected":false},"author":106058,"featured_media":0,"parent":0,"menu_order":0,"comment_status":"closed","ping_status":"closed","template":"","meta":{"_eb_attr":""},"yoast_head":"<!-- This site is optimized with the Yoast SEO plugin v18.4.1 - https:\/\/yoast.com\/wordpress\/plugins\/seo\/ -->\n<title>Smurfs 3 - Julho Tem\u00e1tico no Grand Hyatt Rio de Janeiro<\/title>\n<meta name=\"description\" content=\"Venha viver uma experi\u00eancia Smurfant\u00e1stica no Grand Hyatt Rio de Janeiro. O Julho Tem\u00e1tico est\u00e1 repleto de divers\u00e3o para toda a fam\u00edlia! Acesse e saiba mais:\" \/>\n<meta name=\"robots\" content=\"index, follow, max-snippet:-1, max-image-preview:large, max-video-preview:-1\" \/>\n<link rel=\"canonical\" href=\"https:\/\/www.pacoteshyatt.com.br\/rio-de-janeiro\/es\/mes-tematico-esp\/\" \/>\n<meta property=\"og:locale\" content=\"pt_BR\" \/>\n<meta property=\"og:type\" content=\"article\" \/>\n<meta property=\"og:title\" content=\"Smurfs 3 - Julho Tem\u00e1tico no Grand Hyatt Rio de Janeiro\" \/>\n<meta property=\"og:description\" content=\"Venha viver uma experi\u00eancia Smurfant\u00e1stica no Grand Hyatt Rio de Janeiro. O Julho Tem\u00e1tico est\u00e1 repleto de divers\u00e3o para toda a fam\u00edlia! Acesse e saiba mais:\" \/>\n<meta property=\"og:url\" content=\"https:\/\/www.pacoteshyatt.com.br\/rio-de-janeiro\/es\/mes-tematico-esp\/\" \/>\n<meta property=\"og:site_name\" content=\"GRAND HYATT RIO DE JANEIRO\" \/>\n<meta property=\"article:modified_time\" content=\"2025-06-27T19:27:25+00:00\" \/>\n<meta name=\"twitter:card\" content=\"summary_large_image\" \/>\n<meta name=\"twitter:label1\" content=\"Est. tempo de leitura\" \/>\n\t<meta name=\"twitter:data1\" content=\"1 minuto\" \/>\n<script type=\"application\/ld+json\" class=\"yoast-schema-graph\">{\"@context\":\"https:\/\/schema.org\",\"@graph\":[{\"@type\":\"WebSite\",\"@id\":\"https:\/\/www.pacoteshyatt.com.br\/rio-de-janeiro\/#website\",\"url\":\"https:\/\/www.pacoteshyatt.com.br\/rio-de-janeiro\/\",\"name\":\"GRAND HYATT RIO DE JANEIRO\",\"description\":\"Um verdadeiro resort urbano na Barra da Tijuca!\",\"potentialAction\":[{\"@type\":\"SearchAction\",\"target\":{\"@type\":\"EntryPoint\",\"urlTemplate\":\"https:\/\/www.pacoteshyatt.com.br\/rio-de-janeiro\/?s={search_term_string}\"},\"query-input\":\"required name=search_term_string\"}],\"inLanguage\":\"pt-BR\"},{\"@type\":\"WebPage\",\"@id\":\"https:\/\/www.pacoteshyatt.com.br\/rio-de-janeiro\/es\/mes-tematico-esp\/#webpage\",\"url\":\"https:\/\/www.pacoteshyatt.com.br\/rio-de-janeiro\/es\/mes-tematico-esp\/\",\"name\":\"Smurfs 3 - Julho Tem\u00e1tico no Grand Hyatt Rio de Janeiro\",\"isPartOf\":{\"@id\":\"https:\/\/www.pacoteshyatt.com.br\/rio-de-janeiro\/#website\"},\"datePublished\":\"2025-06-27T19:22:05+00:00\",\"dateModified\":\"2025-06-27T19:27:25+00:00\",\"description\":\"Venha viver uma experi\u00eancia Smurfant\u00e1stica no Grand Hyatt Rio de Janeiro. O Julho Tem\u00e1tico est\u00e1 repleto de divers\u00e3o para toda a fam\u00edlia! Acesse e saiba mais:\",\"breadcrumb\":{\"@id\":\"https:\/\/www.pacoteshyatt.com.br\/rio-de-janeiro\/es\/mes-tematico-esp\/#breadcrumb\"},\"inLanguage\":\"pt-BR\",\"potentialAction\":[{\"@type\":\"ReadAction\",\"target\":[\"https:\/\/www.pacoteshyatt.com.br\/rio-de-janeiro\/es\/mes-tematico-esp\/\"]}]},{\"@type\":\"BreadcrumbList\",\"@id\":\"https:\/\/www.pacoteshyatt.com.br\/rio-de-janeiro\/es\/mes-tematico-esp\/#breadcrumb\",\"itemListElement\":[{\"@type\":\"ListItem\",\"position\":1,\"name\":\"Home\",\"item\":\"https:\/\/www.pacoteshyatt.com.br\/rio-de-janeiro\/\"},{\"@type\":\"ListItem\",\"position\":2,\"name\":\"M\u00eas Tem\u00e1tico &#8211; ESP\"}]}]}<\/script>\n<!-- \/ Yoast SEO plugin. -->","yoast_head_json":{"title":"Smurfs 3 - Julho Tem\u00e1tico no Grand Hyatt Rio de Janeiro","description":"Venha viver uma experi\u00eancia Smurfant\u00e1stica no Grand Hyatt Rio de Janeiro. O Julho Tem\u00e1tico est\u00e1 repleto de divers\u00e3o para toda a fam\u00edlia! Acesse e saiba mais:","robots":{"index":"index","follow":"follow","max-snippet":"max-snippet:-1","max-image-preview":"max-image-preview:large","max-video-preview":"max-video-preview:-1"},"canonical":"https:\/\/www.pacoteshyatt.com.br\/rio-de-janeiro\/es\/mes-tematico-esp\/","og_locale":"pt_BR","og_type":"article","og_title":"Smurfs 3 - Julho Tem\u00e1tico no Grand Hyatt Rio de Janeiro","og_description":"Venha viver uma experi\u00eancia Smurfant\u00e1stica no Grand Hyatt Rio de Janeiro. O Julho Tem\u00e1tico est\u00e1 repleto de divers\u00e3o para toda a fam\u00edlia! Acesse e saiba mais:","og_url":"https:\/\/www.pacoteshyatt.com.br\/rio-de-janeiro\/es\/mes-tematico-esp\/","og_site_name":"GRAND HYATT RIO DE JANEIRO","article_modified_time":"2025-06-27T19:27:25+00:00","twitter_card":"summary_large_image","twitter_misc":{"Est. tempo de leitura":"1 minuto"},"schema":{"@context":"https:\/\/schema.org","@graph":[{"@type":"WebSite","@id":"https:\/\/www.pacoteshyatt.com.br\/rio-de-janeiro\/#website","url":"https:\/\/www.pacoteshyatt.com.br\/rio-de-janeiro\/","name":"GRAND HYATT RIO DE JANEIRO","description":"Um verdadeiro resort urbano na Barra da Tijuca!","potentialAction":[{"@type":"SearchAction","target":{"@type":"EntryPoint","urlTemplate":"https:\/\/www.pacoteshyatt.com.br\/rio-de-janeiro\/?s={search_term_string}"},"query-input":"required name=search_term_string"}],"inLanguage":"pt-BR"},{"@type":"WebPage","@id":"https:\/\/www.pacoteshyatt.com.br\/rio-de-janeiro\/es\/mes-tematico-esp\/#webpage","url":"https:\/\/www.pacoteshyatt.com.br\/rio-de-janeiro\/es\/mes-tematico-esp\/","name":"Smurfs 3 - Julho Tem\u00e1tico no Grand Hyatt Rio de Janeiro","isPartOf":{"@id":"https:\/\/www.pacoteshyatt.com.br\/rio-de-janeiro\/#website"},"datePublished":"2025-06-27T19:22:05+00:00","dateModified":"2025-06-27T19:27:25+00:00","description":"Venha viver uma experi\u00eancia Smurfant\u00e1stica no Grand Hyatt Rio de Janeiro. O Julho Tem\u00e1tico est\u00e1 repleto de divers\u00e3o para toda a fam\u00edlia! Acesse e saiba mais:","breadcrumb":{"@id":"https:\/\/www.pacoteshyatt.com.br\/rio-de-janeiro\/es\/mes-tematico-esp\/#breadcrumb"},"inLanguage":"pt-BR","potentialAction":[{"@type":"ReadAction","target":["https:\/\/www.pacoteshyatt.com.br\/rio-de-janeiro\/es\/mes-tematico-esp\/"]}]},{"@type":"BreadcrumbList","@id":"https:\/\/www.pacoteshyatt.com.br\/rio-de-janeiro\/es\/mes-tematico-esp\/#breadcrumb","itemListElement":[{"@type":"ListItem","position":1,"name":"Home","item":"https:\/\/www.pacoteshyatt.com.br\/rio-de-janeiro\/"},{"@type":"ListItem","position":2,"name":"M\u00eas Tem\u00e1tico &#8211; ESP"}]}]}},"_links":{"self":[{"href":"https:\/\/www.pacoteshyatt.com.br\/rio-de-janeiro\/wp-json\/wp\/v2\/pages\/19527"}],"collection":[{"href":"https:\/\/www.pacoteshyatt.com.br\/rio-de-janeiro\/wp-json\/wp\/v2\/pages"}],"about":[{"href":"https:\/\/www.pacoteshyatt.com.br\/rio-de-janeiro\/wp-json\/wp\/v2\/types\/page"}],"author":[{"embeddable":true,"href":"https:\/\/www.pacoteshyatt.com.br\/rio-de-janeiro\/wp-json\/wp\/v2\/users\/106058"}],"replies":[{"embeddable":true,"href":"https:\/\/www.pacoteshyatt.com.br\/rio-de-janeiro\/wp-json\/wp\/v2\/comments?post=19527"}],"version-history":[{"count":5,"href":"https:\/\/www.pacoteshyatt.com.br\/rio-de-janeiro\/wp-json\/wp\/v2\/pages\/19527\/revisions"}],"predecessor-version":[{"id":19534,"href":"https:\/\/www.pacoteshyatt.com.br\/rio-de-janeiro\/wp-json\/wp\/v2\/pages\/19527\/revisions\/19534"}],"wp:attachment":[{"href":"https:\/\/www.pacoteshyatt.com.br\/rio-de-janeiro\/wp-json\/wp\/v2\/media?parent=19527"}],"curies":[{"name":"wp","href":"https:\/\/api.w.org\/{rel}","templated":true}]}}