{"id":6488,"date":"2022-09-30T10:23:35","date_gmt":"2022-09-30T13:23:35","guid":{"rendered":"https:\/\/www.pacoteshyatt.com.br\/rio-de-janeiro\/?page_id=6488"},"modified":"2022-10-10T16:21:21","modified_gmt":"2022-10-10T19:21:21","slug":"festa-de-ano-novo-grand-ballroom","status":"publish","type":"page","link":"https:\/\/www.pacoteshyatt.com.br\/rio-de-janeiro\/festa-de-ano-novo-grand-ballroom\/","title":{"rendered":"Festa de Ano Novo | Grand Ballroom"},"content":{"rendered":"<p><!--EndFragment--><\/p>\n\n\n<div class=\"wp-container-69f90d58b9c44 wp-block-group intro-content-home text-center\"><div class=\"wp-bootstrap-blocks-container container mb-2\">\n\t\n<div class=\"wp-bootstrap-blocks-row row\">\n\t\n\n<div class=\"col-12 col-md-12 inner-intro-content\">\n\t\t\t\n\n<div class=\"wp-container-69f90d58ae704 wp-block-group inner-content\">\n<h1>Festa de Ano Novo | Grand Ballroom<\/h1>\n\n\n\n<p> Celebre a chegada de 2023 com todo estilo e sofistica\u00e7\u00e3o que voc\u00ea, amigos e fam\u00edlia merecem. Desfrute uma bel\u00edssima <strong>Festa de R\u00e9veillon&nbsp;<\/strong>com DJ, open bar com Chandon, menu exclusivo elaborado pelos nossos chefs e vista para a Lagoa de Marapendi.<\/p>\n\n\n\n<p>  <strong>Dia: 31\/12, das 21h \u00e0 04h.<\/strong> <\/p>\n<\/div>\n\n\t<\/div>\n\n<\/div>\n\n\n<div data-block-name=\"woocommerce\/handpicked-products\" data-edit-mode=\"false\" data-products=\"[6514,6513,6574,6515]\" class=\"wc-block-grid wp-block-handpicked-products wc-block-handpicked-products has-3-columns has-multiple-rows\"><ul class=\"wc-block-grid__products\"><li class=\"wc-block-grid__product\"><span class=\"gtm4wp_productdata\" style=\"display:none; visibility:hidden;\" data-gtm4wp_product_id=\"6515\" data-gtm4wp_product_name=\"Crian\u00e7a ( 6 a 12 Anos ) - Brunch de P\u00e1scoa\" data-gtm4wp_product_price=\"192.5\" data-gtm4wp_product_cat=\"Portas Abertas\/Gastronomia\" data-gtm4wp_product_url=\"https:\/\/www.pacoteshyatt.com.br\/rio-de-janeiro\/product\/crianca-6-a-12-anos-brunch-de-pascoa\/\" data-gtm4wp_product_listposition=\"0\" data-gtm4wp_productlist_name=\"General Product List\" data-gtm4wp_product_stocklevel=\"\" data-gtm4wp_product_brand=\"\"><\/span>\n\t\t\t\t<a href=\"https:\/\/www.pacoteshyatt.com.br\/rio-de-janeiro\/product\/crianca-6-a-12-anos-brunch-de-pascoa\/\" class=\"wc-block-grid__product-link\">\n\t\t\t\t\t<div class=\"wc-block-grid__product-image\"><img width=\"462\" height=\"462\" src=\"https:\/\/www.pacoteshyatt.com.br\/rio-de-janeiro\/wp-content\/uploads\/sites\/2\/woocommerce-placeholder.png\" class=\"woocommerce-placeholder wp-post-image\" alt=\"\" loading=\"lazy\" srcset=\"https:\/\/www.pacoteshyatt.com.br\/rio-de-janeiro\/wp-content\/uploads\/sites\/2\/woocommerce-placeholder.png 1200w, https:\/\/www.pacoteshyatt.com.br\/rio-de-janeiro\/wp-content\/uploads\/sites\/2\/woocommerce-placeholder-200x200.png 200w, https:\/\/www.pacoteshyatt.com.br\/rio-de-janeiro\/wp-content\/uploads\/sites\/2\/woocommerce-placeholder-600x600.png 600w, https:\/\/www.pacoteshyatt.com.br\/rio-de-janeiro\/wp-content\/uploads\/sites\/2\/woocommerce-placeholder-100x100.png 100w, https:\/\/www.pacoteshyatt.com.br\/rio-de-janeiro\/wp-content\/uploads\/sites\/2\/woocommerce-placeholder-300x300.png 300w, https:\/\/www.pacoteshyatt.com.br\/rio-de-janeiro\/wp-content\/uploads\/sites\/2\/woocommerce-placeholder-1024x1024.png 1024w, https:\/\/www.pacoteshyatt.com.br\/rio-de-janeiro\/wp-content\/uploads\/sites\/2\/woocommerce-placeholder-150x150.png 150w, https:\/\/www.pacoteshyatt.com.br\/rio-de-janeiro\/wp-content\/uploads\/sites\/2\/woocommerce-placeholder-768x768.png 768w\" sizes=\"(max-width: 462px) 100vw, 462px\" \/><\/div>\n\t\t\t\t\t<div class=\"wc-block-grid__product-title\">Crian\u00e7a ( 6 a 12 Anos ) &#8211; Brunch de P\u00e1scoa<\/div>\n\t\t\t\t<\/a>\n\t\t\t\t\n\t\t\t\t<div class=\"wc-block-grid__product-price price\"><strong class=\"price\">&#082;&#036; 192,50<\/strong><\/div>\n\t\t\t\t\n\t\t\t\t<div class=\"wp-block-button wc-block-grid__product-add-to-cart\"><a href=\"?add-to-cart=6515\" aria-label=\"Adicionar &ldquo;Crian\u00e7a ( 6 a 12 Anos ) - Brunch de P\u00e1scoa&rdquo; no seu carrinho\" data-quantity=\"1\" data-product_id=\"6515\" data-product_sku=\"\" rel=\"nofollow\" class=\"wp-block-button__link add_to_cart_button ajax_add_to_cart\">Comprar<\/a><\/div>\n\t\t\t<\/li><li class=\"wc-block-grid__product\"><span class=\"gtm4wp_productdata\" style=\"display:none; visibility:hidden;\" data-gtm4wp_product_id=\"6514\" data-gtm4wp_product_name=\"Adolescente (13 a 17anos) - Brunch de P\u00e1scoa\" data-gtm4wp_product_price=\"288.75\" data-gtm4wp_product_cat=\"Portas Abertas\/Gastronomia\" data-gtm4wp_product_url=\"https:\/\/www.pacoteshyatt.com.br\/rio-de-janeiro\/product\/adolescente-13-a-17anos-brunch-de-pascoa\/\" data-gtm4wp_product_listposition=\"0\" data-gtm4wp_productlist_name=\"General Product List\" data-gtm4wp_product_stocklevel=\"\" data-gtm4wp_product_brand=\"\"><\/span>\n\t\t\t\t<a href=\"https:\/\/www.pacoteshyatt.com.br\/rio-de-janeiro\/product\/adolescente-13-a-17anos-brunch-de-pascoa\/\" class=\"wc-block-grid__product-link\">\n\t\t\t\t\t<div class=\"wc-block-grid__product-image\"><img width=\"462\" height=\"462\" src=\"https:\/\/www.pacoteshyatt.com.br\/rio-de-janeiro\/wp-content\/uploads\/sites\/2\/woocommerce-placeholder.png\" class=\"woocommerce-placeholder wp-post-image\" alt=\"\" loading=\"lazy\" srcset=\"https:\/\/www.pacoteshyatt.com.br\/rio-de-janeiro\/wp-content\/uploads\/sites\/2\/woocommerce-placeholder.png 1200w, https:\/\/www.pacoteshyatt.com.br\/rio-de-janeiro\/wp-content\/uploads\/sites\/2\/woocommerce-placeholder-200x200.png 200w, https:\/\/www.pacoteshyatt.com.br\/rio-de-janeiro\/wp-content\/uploads\/sites\/2\/woocommerce-placeholder-600x600.png 600w, https:\/\/www.pacoteshyatt.com.br\/rio-de-janeiro\/wp-content\/uploads\/sites\/2\/woocommerce-placeholder-100x100.png 100w, https:\/\/www.pacoteshyatt.com.br\/rio-de-janeiro\/wp-content\/uploads\/sites\/2\/woocommerce-placeholder-300x300.png 300w, https:\/\/www.pacoteshyatt.com.br\/rio-de-janeiro\/wp-content\/uploads\/sites\/2\/woocommerce-placeholder-1024x1024.png 1024w, https:\/\/www.pacoteshyatt.com.br\/rio-de-janeiro\/wp-content\/uploads\/sites\/2\/woocommerce-placeholder-150x150.png 150w, https:\/\/www.pacoteshyatt.com.br\/rio-de-janeiro\/wp-content\/uploads\/sites\/2\/woocommerce-placeholder-768x768.png 768w\" sizes=\"(max-width: 462px) 100vw, 462px\" \/><\/div>\n\t\t\t\t\t<div class=\"wc-block-grid__product-title\">Adolescente (13 a 17anos) &#8211; Brunch de P\u00e1scoa<\/div>\n\t\t\t\t<\/a>\n\t\t\t\t\n\t\t\t\t<div class=\"wc-block-grid__product-price price\"><strong class=\"price\">&#082;&#036; 288,75<\/strong><\/div>\n\t\t\t\t\n\t\t\t\t<div class=\"wp-block-button wc-block-grid__product-add-to-cart\"><a href=\"?add-to-cart=6514\" aria-label=\"Adicionar &ldquo;Adolescente (13 a 17anos) - Brunch de P\u00e1scoa&rdquo; no seu carrinho\" data-quantity=\"1\" data-product_id=\"6514\" data-product_sku=\"\" rel=\"nofollow\" class=\"wp-block-button__link add_to_cart_button ajax_add_to_cart\">Comprar<\/a><\/div>\n\t\t\t<\/li><li class=\"wc-block-grid__product\"><span class=\"gtm4wp_productdata\" style=\"display:none; visibility:hidden;\" data-gtm4wp_product_id=\"6513\" data-gtm4wp_product_name=\"Adulto - Brunch de P\u00e1scoa\" data-gtm4wp_product_price=\"385\" data-gtm4wp_product_cat=\"Portas Abertas\/Gastronomia\" data-gtm4wp_product_url=\"https:\/\/www.pacoteshyatt.com.br\/rio-de-janeiro\/product\/adulto-brunch-de-pascoa\/\" data-gtm4wp_product_listposition=\"0\" data-gtm4wp_productlist_name=\"General Product List\" data-gtm4wp_product_stocklevel=\"\" data-gtm4wp_product_brand=\"\"><\/span>\n\t\t\t\t<a href=\"https:\/\/www.pacoteshyatt.com.br\/rio-de-janeiro\/product\/adulto-brunch-de-pascoa\/\" class=\"wc-block-grid__product-link\">\n\t\t\t\t\t<div class=\"wc-block-grid__product-image\"><img width=\"462\" height=\"462\" src=\"https:\/\/www.pacoteshyatt.com.br\/rio-de-janeiro\/wp-content\/uploads\/sites\/2\/woocommerce-placeholder.png\" class=\"woocommerce-placeholder wp-post-image\" alt=\"\" loading=\"lazy\" srcset=\"https:\/\/www.pacoteshyatt.com.br\/rio-de-janeiro\/wp-content\/uploads\/sites\/2\/woocommerce-placeholder.png 1200w, https:\/\/www.pacoteshyatt.com.br\/rio-de-janeiro\/wp-content\/uploads\/sites\/2\/woocommerce-placeholder-200x200.png 200w, https:\/\/www.pacoteshyatt.com.br\/rio-de-janeiro\/wp-content\/uploads\/sites\/2\/woocommerce-placeholder-600x600.png 600w, https:\/\/www.pacoteshyatt.com.br\/rio-de-janeiro\/wp-content\/uploads\/sites\/2\/woocommerce-placeholder-100x100.png 100w, https:\/\/www.pacoteshyatt.com.br\/rio-de-janeiro\/wp-content\/uploads\/sites\/2\/woocommerce-placeholder-300x300.png 300w, https:\/\/www.pacoteshyatt.com.br\/rio-de-janeiro\/wp-content\/uploads\/sites\/2\/woocommerce-placeholder-1024x1024.png 1024w, https:\/\/www.pacoteshyatt.com.br\/rio-de-janeiro\/wp-content\/uploads\/sites\/2\/woocommerce-placeholder-150x150.png 150w, https:\/\/www.pacoteshyatt.com.br\/rio-de-janeiro\/wp-content\/uploads\/sites\/2\/woocommerce-placeholder-768x768.png 768w\" sizes=\"(max-width: 462px) 100vw, 462px\" \/><\/div>\n\t\t\t\t\t<div class=\"wc-block-grid__product-title\">Adulto &#8211; Brunch de P\u00e1scoa<\/div>\n\t\t\t\t<\/a>\n\t\t\t\t\n\t\t\t\t<div class=\"wc-block-grid__product-price price\"><strong class=\"price\">&#082;&#036; 385,00<\/strong><\/div>\n\t\t\t\t\n\t\t\t\t<div class=\"wp-block-button wc-block-grid__product-add-to-cart\"><a href=\"?add-to-cart=6513\" aria-label=\"Adicionar &ldquo;Adulto - Brunch de P\u00e1scoa&rdquo; no seu carrinho\" data-quantity=\"1\" data-product_id=\"6513\" data-product_sku=\"\" rel=\"nofollow\" class=\"wp-block-button__link add_to_cart_button ajax_add_to_cart\">Comprar<\/a><\/div>\n\t\t\t<\/li><\/ul><\/div>\n<\/div>\n<\/div>\n\n\n        <div class=\"service-section\">\n            <div class=\"container\">\n                <div class=\"row\">\n                    <div class=\"inner-service-col col-12\">\n                                                <div class=\"all-section-title\">\n                            <h2>Conhe\u00e7a tamb\u00e9m<\/h2>\n                        <\/div>\n                                                <div class=\"d-flex flex-wrap inner-service-section justify-content-center\">\n                                    <div class=\"col-6 col-sm-4 col-lg-3 custom-3-col\">\n                                <a href=\"https:\/\/www.pacoteshyatt.com.br\/rio-de-janeiro\/ceia-de-natal\/\" class=\"service-image\">\n                                    <div class=\"inner-service-image\">\n                                        <img src=\"https:\/\/www.pacoteshyatt.com.br\/rio-de-janeiro\/wp-content\/uploads\/sites\/2\/2021\/10\/oferta_gastronomia_natal.jpg\" alt=\"Ceia de Natal - Tano\">\n                                    <\/div>\n                                    <div class=\"btn-col\">\n                                        <span class=\"btn with-border\">| Ceia de Natal &#8211; Tano<\/span>\n                                    <\/div>\n                                <\/a>\n                            <\/div>\n                                        <div class=\"col-6 col-sm-4 col-lg-3 custom-3-col\">\n                                <a href=\"https:\/\/www.pacoteshyatt.com.br\/rio-de-janeiro\/ceia-de-ano-novo-shiso\/\" class=\"service-image\">\n                                    <div class=\"inner-service-image\">\n                                        <img src=\"https:\/\/www.pacoteshyatt.com.br\/rio-de-janeiro\/wp-content\/uploads\/sites\/2\/2021\/10\/oferta_gastronomia_ceia-ano-novo-shiso-mesa-para-4-e1747670069302.jpg\" alt=\"Ceia de Ano Novo - Shiso\">\n                                    <\/div>\n                                    <div class=\"btn-col\">\n                                        <span class=\"btn with-border\">| Ceia de Ano Novo &#8211; Shiso<\/span>\n                                    <\/div>\n                                <\/a>\n                            <\/div>\n                                        <div class=\"col-6 col-sm-4 col-lg-3 custom-3-col\">\n                                <a href=\"https:\/\/www.pacoteshyatt.com.br\/rio-de-janeiro\/ceia-de-ano-novo-canto\/\" class=\"service-image\">\n                                    <div class=\"inner-service-image\">\n                                        <img src=\"https:\/\/www.pacoteshyatt.com.br\/rio-de-janeiro\/wp-content\/uploads\/sites\/2\/2021\/10\/oferta_gastronomia_ceia-ano-novo-canto-mesa-para-4.jpg\" alt=\"Ceia de Ano Novo - Cant\u00f4\">\n                                    <\/div>\n                                    <div class=\"btn-col\">\n                                        <span class=\"btn with-border\">| Ceia de Ano Novo &#8211; Cant\u00f4<\/span>\n                                    <\/div>\n                                <\/a>\n                            <\/div>\n                                    <\/div>\n                    <\/div>\n                <\/div>\n            <\/div>\n        <\/div>\n        ","protected":false},"excerpt":{"rendered":"","protected":false},"author":76,"featured_media":0,"parent":0,"menu_order":0,"comment_status":"closed","ping_status":"closed","template":"","meta":{"_eb_attr":""},"yoast_head":"<!-- This site is optimized with the Yoast SEO plugin v18.4.1 - https:\/\/yoast.com\/wordpress\/plugins\/seo\/ -->\n<title>Festa de Ano Novo | Grand Ballroom - GRAND HYATT RIO DE JANEIRO<\/title>\n<meta name=\"robots\" content=\"index, follow, max-snippet:-1, max-image-preview:large, max-video-preview:-1\" \/>\n<link rel=\"canonical\" href=\"https:\/\/www.pacoteshyatt.com.br\/rio-de-janeiro\/festa-de-ano-novo-grand-ballroom\/\" \/>\n<meta property=\"og:locale\" content=\"pt_BR\" \/>\n<meta property=\"og:type\" content=\"article\" \/>\n<meta property=\"og:title\" content=\"Festa de Ano Novo | Grand Ballroom - GRAND HYATT RIO DE JANEIRO\" \/>\n<meta property=\"og:url\" content=\"https:\/\/www.pacoteshyatt.com.br\/rio-de-janeiro\/festa-de-ano-novo-grand-ballroom\/\" \/>\n<meta property=\"og:site_name\" content=\"GRAND HYATT RIO DE JANEIRO\" \/>\n<meta property=\"article:modified_time\" content=\"2022-10-10T19:21:21+00:00\" \/>\n<meta name=\"twitter:card\" content=\"summary_large_image\" \/>\n<meta name=\"twitter:label1\" content=\"Est. tempo de leitura\" \/>\n\t<meta name=\"twitter:data1\" content=\"1 minuto\" \/>\n<script type=\"application\/ld+json\" class=\"yoast-schema-graph\">{\"@context\":\"https:\/\/schema.org\",\"@graph\":[{\"@type\":\"WebSite\",\"@id\":\"https:\/\/www.pacoteshyatt.com.br\/rio-de-janeiro\/#website\",\"url\":\"https:\/\/www.pacoteshyatt.com.br\/rio-de-janeiro\/\",\"name\":\"GRAND HYATT RIO DE JANEIRO\",\"description\":\"Um verdadeiro resort urbano na Barra da Tijuca!\",\"potentialAction\":[{\"@type\":\"SearchAction\",\"target\":{\"@type\":\"EntryPoint\",\"urlTemplate\":\"https:\/\/www.pacoteshyatt.com.br\/rio-de-janeiro\/?s={search_term_string}\"},\"query-input\":\"required name=search_term_string\"}],\"inLanguage\":\"pt-BR\"},{\"@type\":\"WebPage\",\"@id\":\"https:\/\/www.pacoteshyatt.com.br\/rio-de-janeiro\/festa-de-ano-novo-grand-ballroom\/#webpage\",\"url\":\"https:\/\/www.pacoteshyatt.com.br\/rio-de-janeiro\/festa-de-ano-novo-grand-ballroom\/\",\"name\":\"Festa de Ano Novo | Grand Ballroom - GRAND HYATT RIO DE JANEIRO\",\"isPartOf\":{\"@id\":\"https:\/\/www.pacoteshyatt.com.br\/rio-de-janeiro\/#website\"},\"datePublished\":\"2022-09-30T13:23:35+00:00\",\"dateModified\":\"2022-10-10T19:21:21+00:00\",\"breadcrumb\":{\"@id\":\"https:\/\/www.pacoteshyatt.com.br\/rio-de-janeiro\/festa-de-ano-novo-grand-ballroom\/#breadcrumb\"},\"inLanguage\":\"pt-BR\",\"potentialAction\":[{\"@type\":\"ReadAction\",\"target\":[\"https:\/\/www.pacoteshyatt.com.br\/rio-de-janeiro\/festa-de-ano-novo-grand-ballroom\/\"]}]},{\"@type\":\"BreadcrumbList\",\"@id\":\"https:\/\/www.pacoteshyatt.com.br\/rio-de-janeiro\/festa-de-ano-novo-grand-ballroom\/#breadcrumb\",\"itemListElement\":[{\"@type\":\"ListItem\",\"position\":1,\"name\":\"Home\",\"item\":\"https:\/\/www.pacoteshyatt.com.br\/rio-de-janeiro\/\"},{\"@type\":\"ListItem\",\"position\":2,\"name\":\"Festa de Ano Novo | Grand Ballroom\"}]}]}<\/script>\n<!-- \/ Yoast SEO plugin. -->","yoast_head_json":{"title":"Festa de Ano Novo | Grand Ballroom - GRAND HYATT RIO DE JANEIRO","robots":{"index":"index","follow":"follow","max-snippet":"max-snippet:-1","max-image-preview":"max-image-preview:large","max-video-preview":"max-video-preview:-1"},"canonical":"https:\/\/www.pacoteshyatt.com.br\/rio-de-janeiro\/festa-de-ano-novo-grand-ballroom\/","og_locale":"pt_BR","og_type":"article","og_title":"Festa de Ano Novo | Grand Ballroom - GRAND HYATT RIO DE JANEIRO","og_url":"https:\/\/www.pacoteshyatt.com.br\/rio-de-janeiro\/festa-de-ano-novo-grand-ballroom\/","og_site_name":"GRAND HYATT RIO DE JANEIRO","article_modified_time":"2022-10-10T19:21:21+00:00","twitter_card":"summary_large_image","twitter_misc":{"Est. tempo de leitura":"1 minuto"},"schema":{"@context":"https:\/\/schema.org","@graph":[{"@type":"WebSite","@id":"https:\/\/www.pacoteshyatt.com.br\/rio-de-janeiro\/#website","url":"https:\/\/www.pacoteshyatt.com.br\/rio-de-janeiro\/","name":"GRAND HYATT RIO DE JANEIRO","description":"Um verdadeiro resort urbano na Barra da Tijuca!","potentialAction":[{"@type":"SearchAction","target":{"@type":"EntryPoint","urlTemplate":"https:\/\/www.pacoteshyatt.com.br\/rio-de-janeiro\/?s={search_term_string}"},"query-input":"required name=search_term_string"}],"inLanguage":"pt-BR"},{"@type":"WebPage","@id":"https:\/\/www.pacoteshyatt.com.br\/rio-de-janeiro\/festa-de-ano-novo-grand-ballroom\/#webpage","url":"https:\/\/www.pacoteshyatt.com.br\/rio-de-janeiro\/festa-de-ano-novo-grand-ballroom\/","name":"Festa de Ano Novo | Grand Ballroom - GRAND HYATT RIO DE JANEIRO","isPartOf":{"@id":"https:\/\/www.pacoteshyatt.com.br\/rio-de-janeiro\/#website"},"datePublished":"2022-09-30T13:23:35+00:00","dateModified":"2022-10-10T19:21:21+00:00","breadcrumb":{"@id":"https:\/\/www.pacoteshyatt.com.br\/rio-de-janeiro\/festa-de-ano-novo-grand-ballroom\/#breadcrumb"},"inLanguage":"pt-BR","potentialAction":[{"@type":"ReadAction","target":["https:\/\/www.pacoteshyatt.com.br\/rio-de-janeiro\/festa-de-ano-novo-grand-ballroom\/"]}]},{"@type":"BreadcrumbList","@id":"https:\/\/www.pacoteshyatt.com.br\/rio-de-janeiro\/festa-de-ano-novo-grand-ballroom\/#breadcrumb","itemListElement":[{"@type":"ListItem","position":1,"name":"Home","item":"https:\/\/www.pacoteshyatt.com.br\/rio-de-janeiro\/"},{"@type":"ListItem","position":2,"name":"Festa de Ano Novo | Grand Ballroom"}]}]}},"_links":{"self":[{"href":"https:\/\/www.pacoteshyatt.com.br\/rio-de-janeiro\/wp-json\/wp\/v2\/pages\/6488"}],"collection":[{"href":"https:\/\/www.pacoteshyatt.com.br\/rio-de-janeiro\/wp-json\/wp\/v2\/pages"}],"about":[{"href":"https:\/\/www.pacoteshyatt.com.br\/rio-de-janeiro\/wp-json\/wp\/v2\/types\/page"}],"author":[{"embeddable":true,"href":"https:\/\/www.pacoteshyatt.com.br\/rio-de-janeiro\/wp-json\/wp\/v2\/users\/76"}],"replies":[{"embeddable":true,"href":"https:\/\/www.pacoteshyatt.com.br\/rio-de-janeiro\/wp-json\/wp\/v2\/comments?post=6488"}],"version-history":[{"count":5,"href":"https:\/\/www.pacoteshyatt.com.br\/rio-de-janeiro\/wp-json\/wp\/v2\/pages\/6488\/revisions"}],"predecessor-version":[{"id":9720,"href":"https:\/\/www.pacoteshyatt.com.br\/rio-de-janeiro\/wp-json\/wp\/v2\/pages\/6488\/revisions\/9720"}],"wp:attachment":[{"href":"https:\/\/www.pacoteshyatt.com.br\/rio-de-janeiro\/wp-json\/wp\/v2\/media?parent=6488"}],"curies":[{"name":"wp","href":"https:\/\/api.w.org\/{rel}","templated":true}]}}