{"id":10710,"date":"2023-08-29T15:02:30","date_gmt":"2023-08-29T18:02:30","guid":{"rendered":"https:\/\/www.pacoteshyatt.com.br\/rio-de-janeiro\/?post_type=product&#038;p=10710"},"modified":"2023-10-30T13:50:38","modified_gmt":"2023-10-30T16:50:38","slug":"mes-do-cliente-day-use-piscina-dias-de-semana","status":"publish","type":"product","link":"https:\/\/www.pacoteshyatt.com.br\/rio-de-janeiro\/product\/mes-do-cliente-day-use-piscina-dias-de-semana\/","title":{"rendered":"M\u00eas do Cliente | Day Use Piscina | Dias de semana"},"content":{"rendered":"<p>Tenha a prazerosa experi\u00eancia de passar um dia na piscina no Grand Hyatt Rio de Janeiro com o <strong>Day use de piscina<\/strong>.<\/p>\n<p>O <strong>Day use de piscina<\/strong> d\u00e1 a oportunidade para quem mora na cidade ou mesmo para quem vem passar apenas um dia na Barra da Tijuca de viver momentos de conforto, sofistica\u00e7\u00e3o, divers\u00e3o e lazer com diversos benef\u00edcios.<\/p>\n<p><strong><em><br \/>\n<span style=\"color: #bd2137\">V\u00e1lido para utiliza\u00e7\u00e3o de segunda a sexta, exceto feriados. <\/span><\/em><br \/>\n<span style=\"color: #bd2137\"><em>Sujeito \u00e0 disponibilidade e agendamento pr\u00e9vio.<\/em><\/span><\/strong><\/p>\n","protected":false},"excerpt":{"rendered":"<p>Viva a experi\u00eancia de\u00a0um dia na piscina no Grand Hyatt Rio de Janeiro.<\/p>\n","protected":false},"featured_media":2104,"template":"","meta":{"_eb_attr":""},"product_cat":[118],"product_tag":[],"bundled_by":[],"bundle_stock_status":"outofstock","bundle_stock_quantity":0,"bundle_virtual":false,"bundle_layout":"","bundle_add_to_cart_form_location":"","bundle_editable_in_cart":false,"bundle_sold_individually_context":"","bundle_item_grouping":"","bundle_min_size":"","bundle_max_size":"","bundled_items":[],"yoast_head":"<!-- This site is optimized with the Yoast SEO plugin v18.4.1 - https:\/\/yoast.com\/wordpress\/plugins\/seo\/ -->\n<title>Saiba como aproveitar um Day Use de Piscina no Rio de Janeiro<\/title>\n<meta name=\"description\" content=\"Para aproveitar um dia de descanso na Barra da Tijuca, o Day Use de Piscina conta com benef\u00edcios diversos para os dias da semana. Saiba mais!\" \/>\n<meta name=\"robots\" content=\"index, follow, max-snippet:-1, max-image-preview:large, max-video-preview:-1\" \/>\n<link rel=\"canonical\" href=\"https:\/\/www.pacoteshyatt.com.br\/rio-de-janeiro\/product\/mes-do-cliente-day-use-piscina-dias-de-semana\/\" \/>\n<meta property=\"og:locale\" content=\"pt_BR\" \/>\n<meta property=\"og:type\" content=\"article\" \/>\n<meta property=\"og:title\" content=\"Saiba como aproveitar um Day Use de Piscina no Rio de Janeiro\" \/>\n<meta property=\"og:description\" content=\"Para aproveitar um dia de descanso na Barra da Tijuca, o Day Use de Piscina conta com benef\u00edcios diversos para os dias da semana. Saiba mais!\" \/>\n<meta property=\"og:url\" content=\"https:\/\/www.pacoteshyatt.com.br\/rio-de-janeiro\/product\/mes-do-cliente-day-use-piscina-dias-de-semana\/\" \/>\n<meta property=\"og:site_name\" content=\"GRAND HYATT RIO DE JANEIRO\" \/>\n<meta property=\"article:modified_time\" content=\"2023-10-30T16:50:38+00:00\" \/>\n<meta property=\"og:image\" content=\"https:\/\/www.pacoteshyatt.com.br\/rio-de-janeiro\/wp-content\/uploads\/sites\/2\/2021\/01\/piscinas.jpg\" \/>\n\t<meta property=\"og:image:width\" content=\"308\" \/>\n\t<meta property=\"og:image:height\" content=\"200\" \/>\n\t<meta property=\"og:image:type\" content=\"image\/jpeg\" \/>\n<meta name=\"twitter:card\" content=\"summary_large_image\" \/>\n<meta name=\"twitter:label1\" content=\"Est. tempo de leitura\" \/>\n\t<meta name=\"twitter:data1\" content=\"1 minuto\" \/>\n<script type=\"application\/ld+json\" class=\"yoast-schema-graph\">{\"@context\":\"https:\/\/schema.org\",\"@graph\":[{\"@type\":\"WebSite\",\"@id\":\"https:\/\/www.pacoteshyatt.com.br\/rio-de-janeiro\/#website\",\"url\":\"https:\/\/www.pacoteshyatt.com.br\/rio-de-janeiro\/\",\"name\":\"GRAND HYATT RIO DE JANEIRO\",\"description\":\"Um verdadeiro resort urbano na Barra da Tijuca!\",\"potentialAction\":[{\"@type\":\"SearchAction\",\"target\":{\"@type\":\"EntryPoint\",\"urlTemplate\":\"https:\/\/www.pacoteshyatt.com.br\/rio-de-janeiro\/?s={search_term_string}\"},\"query-input\":\"required name=search_term_string\"}],\"inLanguage\":\"pt-BR\"},{\"@type\":\"ImageObject\",\"@id\":\"https:\/\/www.pacoteshyatt.com.br\/rio-de-janeiro\/product\/mes-do-cliente-day-use-piscina-dias-de-semana\/#primaryimage\",\"inLanguage\":\"pt-BR\",\"url\":\"https:\/\/www.pacoteshyatt.com.br\/rio-de-janeiro\/wp-content\/uploads\/sites\/2\/2021\/01\/piscinas.jpg\",\"contentUrl\":\"https:\/\/www.pacoteshyatt.com.br\/rio-de-janeiro\/wp-content\/uploads\/sites\/2\/2021\/01\/piscinas.jpg\",\"width\":308,\"height\":200,\"caption\":\"www.tbfoto.com.br HYATT - RJ\/RJ - 01\/11\/2017 Foto: Tadeu Brunelli ATENCAO: Toda foto deve ser publicada com o credito do autor, na sua integra sem cortes ou modificacoes, de acordo com a Lei N\u00ba 9.610 de 19\/02\/1998.\"},{\"@type\":\"WebPage\",\"@id\":\"https:\/\/www.pacoteshyatt.com.br\/rio-de-janeiro\/product\/mes-do-cliente-day-use-piscina-dias-de-semana\/#webpage\",\"url\":\"https:\/\/www.pacoteshyatt.com.br\/rio-de-janeiro\/product\/mes-do-cliente-day-use-piscina-dias-de-semana\/\",\"name\":\"Saiba como aproveitar um Day Use de Piscina no Rio de Janeiro\",\"isPartOf\":{\"@id\":\"https:\/\/www.pacoteshyatt.com.br\/rio-de-janeiro\/#website\"},\"primaryImageOfPage\":{\"@id\":\"https:\/\/www.pacoteshyatt.com.br\/rio-de-janeiro\/product\/mes-do-cliente-day-use-piscina-dias-de-semana\/#primaryimage\"},\"datePublished\":\"2023-08-29T18:02:30+00:00\",\"dateModified\":\"2023-10-30T16:50:38+00:00\",\"description\":\"Para aproveitar um dia de descanso na Barra da Tijuca, o Day Use de Piscina conta com benef\u00edcios diversos para os dias da semana. Saiba mais!\",\"breadcrumb\":{\"@id\":\"https:\/\/www.pacoteshyatt.com.br\/rio-de-janeiro\/product\/mes-do-cliente-day-use-piscina-dias-de-semana\/#breadcrumb\"},\"inLanguage\":\"pt-BR\",\"potentialAction\":[{\"@type\":\"ReadAction\",\"target\":[\"https:\/\/www.pacoteshyatt.com.br\/rio-de-janeiro\/product\/mes-do-cliente-day-use-piscina-dias-de-semana\/\"]}]},{\"@type\":\"BreadcrumbList\",\"@id\":\"https:\/\/www.pacoteshyatt.com.br\/rio-de-janeiro\/product\/mes-do-cliente-day-use-piscina-dias-de-semana\/#breadcrumb\",\"itemListElement\":[{\"@type\":\"ListItem\",\"position\":1,\"name\":\"Home\",\"item\":\"https:\/\/www.pacoteshyatt.com.br\/rio-de-janeiro\/\"},{\"@type\":\"ListItem\",\"position\":2,\"name\":\"Cat\u00e1logo\",\"item\":\"https:\/\/www.pacoteshyatt.com.br\/rio-de-janeiro\/catalogo\/\"},{\"@type\":\"ListItem\",\"position\":3,\"name\":\"M\u00eas do Cliente | Day Use Piscina | Dias de semana\"}]}]}<\/script>\n<!-- \/ Yoast SEO plugin. -->","yoast_head_json":{"title":"Saiba como aproveitar um Day Use de Piscina no Rio de Janeiro","description":"Para aproveitar um dia de descanso na Barra da Tijuca, o Day Use de Piscina conta com benef\u00edcios diversos para os dias da semana. Saiba mais!","robots":{"index":"index","follow":"follow","max-snippet":"max-snippet:-1","max-image-preview":"max-image-preview:large","max-video-preview":"max-video-preview:-1"},"canonical":"https:\/\/www.pacoteshyatt.com.br\/rio-de-janeiro\/product\/mes-do-cliente-day-use-piscina-dias-de-semana\/","og_locale":"pt_BR","og_type":"article","og_title":"Saiba como aproveitar um Day Use de Piscina no Rio de Janeiro","og_description":"Para aproveitar um dia de descanso na Barra da Tijuca, o Day Use de Piscina conta com benef\u00edcios diversos para os dias da semana. Saiba mais!","og_url":"https:\/\/www.pacoteshyatt.com.br\/rio-de-janeiro\/product\/mes-do-cliente-day-use-piscina-dias-de-semana\/","og_site_name":"GRAND HYATT RIO DE JANEIRO","article_modified_time":"2023-10-30T16:50:38+00:00","og_image":[{"width":308,"height":200,"url":"https:\/\/www.pacoteshyatt.com.br\/rio-de-janeiro\/wp-content\/uploads\/sites\/2\/2021\/01\/piscinas.jpg","type":"image\/jpeg"}],"twitter_card":"summary_large_image","twitter_misc":{"Est. tempo de leitura":"1 minuto"},"schema":{"@context":"https:\/\/schema.org","@graph":[{"@type":"WebSite","@id":"https:\/\/www.pacoteshyatt.com.br\/rio-de-janeiro\/#website","url":"https:\/\/www.pacoteshyatt.com.br\/rio-de-janeiro\/","name":"GRAND HYATT RIO DE JANEIRO","description":"Um verdadeiro resort urbano na Barra da Tijuca!","potentialAction":[{"@type":"SearchAction","target":{"@type":"EntryPoint","urlTemplate":"https:\/\/www.pacoteshyatt.com.br\/rio-de-janeiro\/?s={search_term_string}"},"query-input":"required name=search_term_string"}],"inLanguage":"pt-BR"},{"@type":"ImageObject","@id":"https:\/\/www.pacoteshyatt.com.br\/rio-de-janeiro\/product\/mes-do-cliente-day-use-piscina-dias-de-semana\/#primaryimage","inLanguage":"pt-BR","url":"https:\/\/www.pacoteshyatt.com.br\/rio-de-janeiro\/wp-content\/uploads\/sites\/2\/2021\/01\/piscinas.jpg","contentUrl":"https:\/\/www.pacoteshyatt.com.br\/rio-de-janeiro\/wp-content\/uploads\/sites\/2\/2021\/01\/piscinas.jpg","width":308,"height":200,"caption":"www.tbfoto.com.br HYATT - RJ\/RJ - 01\/11\/2017 Foto: Tadeu Brunelli ATENCAO: Toda foto deve ser publicada com o credito do autor, na sua integra sem cortes ou modificacoes, de acordo com a Lei N\u00ba 9.610 de 19\/02\/1998."},{"@type":"WebPage","@id":"https:\/\/www.pacoteshyatt.com.br\/rio-de-janeiro\/product\/mes-do-cliente-day-use-piscina-dias-de-semana\/#webpage","url":"https:\/\/www.pacoteshyatt.com.br\/rio-de-janeiro\/product\/mes-do-cliente-day-use-piscina-dias-de-semana\/","name":"Saiba como aproveitar um Day Use de Piscina no Rio de Janeiro","isPartOf":{"@id":"https:\/\/www.pacoteshyatt.com.br\/rio-de-janeiro\/#website"},"primaryImageOfPage":{"@id":"https:\/\/www.pacoteshyatt.com.br\/rio-de-janeiro\/product\/mes-do-cliente-day-use-piscina-dias-de-semana\/#primaryimage"},"datePublished":"2023-08-29T18:02:30+00:00","dateModified":"2023-10-30T16:50:38+00:00","description":"Para aproveitar um dia de descanso na Barra da Tijuca, o Day Use de Piscina conta com benef\u00edcios diversos para os dias da semana. Saiba mais!","breadcrumb":{"@id":"https:\/\/www.pacoteshyatt.com.br\/rio-de-janeiro\/product\/mes-do-cliente-day-use-piscina-dias-de-semana\/#breadcrumb"},"inLanguage":"pt-BR","potentialAction":[{"@type":"ReadAction","target":["https:\/\/www.pacoteshyatt.com.br\/rio-de-janeiro\/product\/mes-do-cliente-day-use-piscina-dias-de-semana\/"]}]},{"@type":"BreadcrumbList","@id":"https:\/\/www.pacoteshyatt.com.br\/rio-de-janeiro\/product\/mes-do-cliente-day-use-piscina-dias-de-semana\/#breadcrumb","itemListElement":[{"@type":"ListItem","position":1,"name":"Home","item":"https:\/\/www.pacoteshyatt.com.br\/rio-de-janeiro\/"},{"@type":"ListItem","position":2,"name":"Cat\u00e1logo","item":"https:\/\/www.pacoteshyatt.com.br\/rio-de-janeiro\/catalogo\/"},{"@type":"ListItem","position":3,"name":"M\u00eas do Cliente | Day Use Piscina | Dias de semana"}]}]}},"_links":{"self":[{"href":"https:\/\/www.pacoteshyatt.com.br\/rio-de-janeiro\/wp-json\/wp\/v2\/product\/10710"}],"collection":[{"href":"https:\/\/www.pacoteshyatt.com.br\/rio-de-janeiro\/wp-json\/wp\/v2\/product"}],"about":[{"href":"https:\/\/www.pacoteshyatt.com.br\/rio-de-janeiro\/wp-json\/wp\/v2\/types\/product"}],"wp:featuredmedia":[{"embeddable":true,"href":"https:\/\/www.pacoteshyatt.com.br\/rio-de-janeiro\/wp-json\/wp\/v2\/media\/2104"}],"wp:attachment":[{"href":"https:\/\/www.pacoteshyatt.com.br\/rio-de-janeiro\/wp-json\/wp\/v2\/media?parent=10710"}],"wp:term":[{"taxonomy":"product_cat","embeddable":true,"href":"https:\/\/www.pacoteshyatt.com.br\/rio-de-janeiro\/wp-json\/wp\/v2\/product_cat?post=10710"},{"taxonomy":"product_tag","embeddable":true,"href":"https:\/\/www.pacoteshyatt.com.br\/rio-de-janeiro\/wp-json\/wp\/v2\/product_tag?post=10710"}],"curies":[{"name":"wp","href":"https:\/\/api.w.org\/{rel}","templated":true}]}}