{"id":17608,"date":"2024-12-10T17:35:35","date_gmt":"2024-12-10T20:35:35","guid":{"rendered":"https:\/\/www.pacoteshyatt.com.br\/rio-de-janeiro\/?post_type=product&#038;p=17608"},"modified":"2025-12-26T12:22:47","modified_gmt":"2025-12-26T15:22:47","slug":"almoco-de-natal","status":"publish","type":"product","link":"https:\/\/www.pacoteshyatt.com.br\/rio-de-janeiro\/product\/almoco-de-natal\/","title":{"rendered":"25\/12 | Almo\u00e7o de Natal"},"content":{"rendered":"<p style=\"text-align: center\"><span style=\"color: #bd2137\"><strong>VENDAS ONLINE ENCERRADAS!<\/strong><br \/>\nPara adquirir o seu voucher, entre em contato atrav\u00e9s do <a href=\"https:\/\/wa.me\/5511942414458\">WhatsApp<\/a> ou visite o nosso plant\u00e3o de vendas presencial, localizado no lobby do Grand Hyattt Rio de Janeiro, de 10h \u00e0s 20h.<\/span><\/p>\n<p>&nbsp;<\/p>\n<p id=\"tw-target-text\" class=\"has-luminous-vivid-amber-color has-text-color\"><strong><em>S<\/em><\/strong><strong><em>i vienes de fuera de Brasil, haga <a href=\"https:\/\/www.hyattexperiences.com\/grand-hyatt\/riogh#!\/e\/1b9fa9ac\">clic aqu\u00ed<\/a> |\u00a0<\/em><em>If you are coming from outside Brazil, <a href=\"https:\/\/www.hyattexperiences.com\/grand-hyatt\/riogh#!\/e\/1b9fa9ac\">click here<\/a><\/em><\/strong><\/p>\n<p>&nbsp;<\/p>\n<p>Viva a magia do Natal na companhia de quem voc\u00ea mais ama.<\/p>\n<p>Neste ano, vamos transformar sua celebra\u00e7\u00e3o em um momento verdadeiramente memor\u00e1vel, uma experi\u00eancia que combina a gastronomia refinada com o aconchego e cuidado que o Grand Hyatt proporciona. Tudo envolvido pela magia do Natal.<\/p>\n<p>Viva uma tarde deliciosa em nosso <strong>almo\u00e7o de Natal<\/strong>\u00a0 com buffet completo, incluindo a esta\u00e7\u00e3o com card\u00e1pio Kids destinada para o p\u00fablico infantil, bebidas liberadas como vinhos tinto e branco, chopp e n\u00e3o alco\u00f3licos e uma mesa de sobremesas para finalizar. Acompanhando o almo\u00e7o teremos m\u00fasica ao vivo com Theo Bial e recrea\u00e7\u00e3o para os pequenos.<\/p>\n<p>&nbsp;<\/p>\n<p><strong>O almo\u00e7o de Natal inclui:<\/strong><\/p>\n<ul>\n<li><span style=\"text-decoration: underline\">Buffet completo<\/span><strong>:<\/strong> com esta\u00e7\u00e3o de churrasco com cortes nobres, al\u00e9m de uma mesa de antepastos, acompanhamentos com saladas, massas e guarni\u00e7\u00f5es. <strong>Confira o card\u00e1pio abaixo da descri\u00e7\u00e3o;<\/strong><\/li>\n<li><span style=\"text-decoration: underline\">Mesa de sobremesas:<\/span> criada pela nossa Chef P\u00e2tisserie Paula Lopes;<\/li>\n<li><span style=\"text-decoration: underline\">Bebidas liberadas:<\/span> n\u00e3o-alco\u00f3licas (refrigerante, \u00e1gua e suco), vinhos tinto e branco, al\u00e9m de Chopp gelado;<\/li>\n<li><span style=\"text-decoration: underline\">Musica ao vivo:<\/span> com Theo Bial;<\/li>\n<li><span style=\"text-decoration: underline\">Mesas individuais: <\/span>para cada grupo ou pessoa que garantir o voucher;<\/li>\n<li><span style=\"text-decoration: underline\">Recrea\u00e7\u00e3o infantil: <\/span>para entreter as crian\u00e7as.<\/li>\n<\/ul>\n<p>&nbsp;<\/p>\n<p><strong>Valores \u2013 Terceiro Lote:<\/strong><\/p>\n<p><strong>\u2022 Adulto:\u00a0<\/strong>R$490<\/p>\n<p><strong>\u2022 Adolescente (de 13 a 17 anos):\u00a0<\/strong>R$367,50<\/p>\n<p><strong>\u2022 Crian\u00e7as (de 6 a 12 anos):\u00a0<\/strong>R$245<\/p>\n<p><strong>\u2022 Crian\u00e7as (de 0 a 5 anos):<\/strong>\u00a0R$50<\/p>\n<p><strong>Terceiro lote j\u00e1 dispon\u00edvel!<\/strong><\/p>\n<p>&nbsp;<\/p>\n<hr \/>\n<p><span style=\"color: #bd2137\"><strong>Local do Almo\u00e7o de Natal<\/strong>: Grand Hyatt Rio de Janeiro<br \/>\n<strong>Data<\/strong>: 25\/12\/25<br \/>\n<strong>Hor\u00e1rio<\/strong>: 13h \u00e0s 16h\u00a0<\/span><\/p>\n<p><strong>Para mais informa\u00e7\u00f5es entre em contato atrav\u00e9s do telefone\u00a0<a href=\"tel:21 3797-1234\"><em>21 3797-1234<\/em><\/a> ou email <a href=\"mailto:riogh-marketing@hyatt.com\"><em>RIOGH-Marketing@hyatt.com<\/em><\/a>.<\/strong><\/p>\n","protected":false},"excerpt":{"rendered":"<p>VENDAS ONLINE ENCERRADAS! Para adquirir o seu voucher, entre em contato atrav\u00e9s do WhatsApp ou visite o nosso plant\u00e3o de vendas presencial, localizado no lobby do Grand Hyattt Rio de Janeiro, de 10h \u00e0s 20h. &nbsp; Si vienes de fuera de Brasil, haga clic aqu\u00ed |\u00a0If you are coming from outside Brazil, click here &nbsp; [&hellip;]<\/p>\n","protected":false},"featured_media":21369,"template":"","meta":{"_eb_attr":""},"product_cat":[119,20,76,74,56],"product_tag":[],"bundled_by":[],"bundle_stock_status":"instock","bundle_stock_quantity":null,"bundle_virtual":false,"bundle_layout":"","bundle_add_to_cart_form_location":"","bundle_editable_in_cart":false,"bundle_sold_individually_context":"","bundle_item_grouping":"","bundle_min_size":"","bundle_max_size":"","bundled_items":[],"yoast_head":"<!-- This site is optimized with the Yoast SEO plugin v18.4.1 - https:\/\/yoast.com\/wordpress\/plugins\/seo\/ -->\n<title>Almo\u00e7o de Natal (25\/12) - Grand Hyatt Rio de Janeiro<\/title>\n<meta name=\"description\" content=\"Garanta seu almo\u00e7o de natal no Grand Hyatt Rio em 25\/12, com buffet completo, bebidas inclu\u00eddas, m\u00fasica ao vivo e recrea\u00e7\u00e3o infantil. Reserve online agora.\" \/>\n<meta name=\"robots\" content=\"index, follow, max-snippet:-1, max-image-preview:large, max-video-preview:-1\" \/>\n<link rel=\"canonical\" href=\"https:\/\/www.pacoteshyatt.com.br\/rio-de-janeiro\/product\/almoco-de-natal\/\" \/>\n<meta property=\"og:locale\" content=\"pt_BR\" \/>\n<meta property=\"og:type\" content=\"article\" \/>\n<meta property=\"og:title\" content=\"Almo\u00e7o de Natal (25\/12) - Grand Hyatt Rio de Janeiro\" \/>\n<meta property=\"og:description\" content=\"Garanta seu almo\u00e7o de natal no Grand Hyatt Rio em 25\/12, com buffet completo, bebidas inclu\u00eddas, m\u00fasica ao vivo e recrea\u00e7\u00e3o infantil. Reserve online agora.\" \/>\n<meta property=\"og:url\" content=\"https:\/\/www.pacoteshyatt.com.br\/rio-de-janeiro\/product\/almoco-de-natal\/\" \/>\n<meta property=\"og:site_name\" content=\"GRAND HYATT RIO DE JANEIRO\" \/>\n<meta property=\"article:modified_time\" content=\"2025-12-26T15:22:47+00:00\" \/>\n<meta property=\"og:image\" content=\"https:\/\/www.pacoteshyatt.com.br\/rio-de-janeiro\/wp-content\/uploads\/sites\/2\/2024\/12\/GHRJ_Banners_PTBR_308x200_AlmocodeNatal_2025_v1.png\" \/>\n\t<meta property=\"og:image:width\" content=\"308\" \/>\n\t<meta property=\"og:image:height\" content=\"200\" \/>\n\t<meta property=\"og:image:type\" content=\"image\/png\" \/>\n<meta name=\"twitter:card\" content=\"summary_large_image\" \/>\n<meta name=\"twitter:label1\" content=\"Est. tempo de leitura\" \/>\n\t<meta name=\"twitter:data1\" content=\"2 minutos\" \/>\n<script type=\"application\/ld+json\" class=\"yoast-schema-graph\">{\"@context\":\"https:\/\/schema.org\",\"@graph\":[{\"@type\":\"WebSite\",\"@id\":\"https:\/\/www.pacoteshyatt.com.br\/rio-de-janeiro\/#website\",\"url\":\"https:\/\/www.pacoteshyatt.com.br\/rio-de-janeiro\/\",\"name\":\"GRAND HYATT RIO DE JANEIRO\",\"description\":\"Um verdadeiro resort urbano na Barra da Tijuca!\",\"potentialAction\":[{\"@type\":\"SearchAction\",\"target\":{\"@type\":\"EntryPoint\",\"urlTemplate\":\"https:\/\/www.pacoteshyatt.com.br\/rio-de-janeiro\/?s={search_term_string}\"},\"query-input\":\"required name=search_term_string\"}],\"inLanguage\":\"pt-BR\"},{\"@type\":\"ImageObject\",\"@id\":\"https:\/\/www.pacoteshyatt.com.br\/rio-de-janeiro\/product\/almoco-de-natal\/#primaryimage\",\"inLanguage\":\"pt-BR\",\"url\":\"https:\/\/www.pacoteshyatt.com.br\/rio-de-janeiro\/wp-content\/uploads\/sites\/2\/2024\/12\/GHRJ_Banners_PTBR_308x200_AlmocodeNatal_2025_v1.png\",\"contentUrl\":\"https:\/\/www.pacoteshyatt.com.br\/rio-de-janeiro\/wp-content\/uploads\/sites\/2\/2024\/12\/GHRJ_Banners_PTBR_308x200_AlmocodeNatal_2025_v1.png\",\"width\":308,\"height\":200,\"caption\":\"Almo\u00e7o de natal do Grand Hyatt Barra da Tijuca\"},{\"@type\":\"WebPage\",\"@id\":\"https:\/\/www.pacoteshyatt.com.br\/rio-de-janeiro\/product\/almoco-de-natal\/#webpage\",\"url\":\"https:\/\/www.pacoteshyatt.com.br\/rio-de-janeiro\/product\/almoco-de-natal\/\",\"name\":\"Almo\u00e7o de Natal (25\/12) - Grand Hyatt Rio de Janeiro\",\"isPartOf\":{\"@id\":\"https:\/\/www.pacoteshyatt.com.br\/rio-de-janeiro\/#website\"},\"primaryImageOfPage\":{\"@id\":\"https:\/\/www.pacoteshyatt.com.br\/rio-de-janeiro\/product\/almoco-de-natal\/#primaryimage\"},\"datePublished\":\"2024-12-10T20:35:35+00:00\",\"dateModified\":\"2025-12-26T15:22:47+00:00\",\"description\":\"Garanta seu almo\u00e7o de natal no Grand Hyatt Rio em 25\/12, com buffet completo, bebidas inclu\u00eddas, m\u00fasica ao vivo e recrea\u00e7\u00e3o infantil. Reserve online agora.\",\"breadcrumb\":{\"@id\":\"https:\/\/www.pacoteshyatt.com.br\/rio-de-janeiro\/product\/almoco-de-natal\/#breadcrumb\"},\"inLanguage\":\"pt-BR\",\"potentialAction\":[{\"@type\":\"ReadAction\",\"target\":[\"https:\/\/www.pacoteshyatt.com.br\/rio-de-janeiro\/product\/almoco-de-natal\/\"]}]},{\"@type\":\"BreadcrumbList\",\"@id\":\"https:\/\/www.pacoteshyatt.com.br\/rio-de-janeiro\/product\/almoco-de-natal\/#breadcrumb\",\"itemListElement\":[{\"@type\":\"ListItem\",\"position\":1,\"name\":\"Home\",\"item\":\"https:\/\/www.pacoteshyatt.com.br\/rio-de-janeiro\/\"},{\"@type\":\"ListItem\",\"position\":2,\"name\":\"Cat\u00e1logo\",\"item\":\"https:\/\/www.pacoteshyatt.com.br\/rio-de-janeiro\/catalogo\/\"},{\"@type\":\"ListItem\",\"position\":3,\"name\":\"25\/12 | Almo\u00e7o de Natal\"}]}]}<\/script>\n<!-- \/ Yoast SEO plugin. -->","yoast_head_json":{"title":"Almo\u00e7o de Natal (25\/12) - Grand Hyatt Rio de Janeiro","description":"Garanta seu almo\u00e7o de natal no Grand Hyatt Rio em 25\/12, com buffet completo, bebidas inclu\u00eddas, m\u00fasica ao vivo e recrea\u00e7\u00e3o infantil. Reserve online agora.","robots":{"index":"index","follow":"follow","max-snippet":"max-snippet:-1","max-image-preview":"max-image-preview:large","max-video-preview":"max-video-preview:-1"},"canonical":"https:\/\/www.pacoteshyatt.com.br\/rio-de-janeiro\/product\/almoco-de-natal\/","og_locale":"pt_BR","og_type":"article","og_title":"Almo\u00e7o de Natal (25\/12) - Grand Hyatt Rio de Janeiro","og_description":"Garanta seu almo\u00e7o de natal no Grand Hyatt Rio em 25\/12, com buffet completo, bebidas inclu\u00eddas, m\u00fasica ao vivo e recrea\u00e7\u00e3o infantil. Reserve online agora.","og_url":"https:\/\/www.pacoteshyatt.com.br\/rio-de-janeiro\/product\/almoco-de-natal\/","og_site_name":"GRAND HYATT RIO DE JANEIRO","article_modified_time":"2025-12-26T15:22:47+00:00","og_image":[{"width":308,"height":200,"url":"https:\/\/www.pacoteshyatt.com.br\/rio-de-janeiro\/wp-content\/uploads\/sites\/2\/2024\/12\/GHRJ_Banners_PTBR_308x200_AlmocodeNatal_2025_v1.png","type":"image\/png"}],"twitter_card":"summary_large_image","twitter_misc":{"Est. tempo de leitura":"2 minutos"},"schema":{"@context":"https:\/\/schema.org","@graph":[{"@type":"WebSite","@id":"https:\/\/www.pacoteshyatt.com.br\/rio-de-janeiro\/#website","url":"https:\/\/www.pacoteshyatt.com.br\/rio-de-janeiro\/","name":"GRAND HYATT RIO DE JANEIRO","description":"Um verdadeiro resort urbano na Barra da Tijuca!","potentialAction":[{"@type":"SearchAction","target":{"@type":"EntryPoint","urlTemplate":"https:\/\/www.pacoteshyatt.com.br\/rio-de-janeiro\/?s={search_term_string}"},"query-input":"required name=search_term_string"}],"inLanguage":"pt-BR"},{"@type":"ImageObject","@id":"https:\/\/www.pacoteshyatt.com.br\/rio-de-janeiro\/product\/almoco-de-natal\/#primaryimage","inLanguage":"pt-BR","url":"https:\/\/www.pacoteshyatt.com.br\/rio-de-janeiro\/wp-content\/uploads\/sites\/2\/2024\/12\/GHRJ_Banners_PTBR_308x200_AlmocodeNatal_2025_v1.png","contentUrl":"https:\/\/www.pacoteshyatt.com.br\/rio-de-janeiro\/wp-content\/uploads\/sites\/2\/2024\/12\/GHRJ_Banners_PTBR_308x200_AlmocodeNatal_2025_v1.png","width":308,"height":200,"caption":"Almo\u00e7o de natal do Grand Hyatt Barra da Tijuca"},{"@type":"WebPage","@id":"https:\/\/www.pacoteshyatt.com.br\/rio-de-janeiro\/product\/almoco-de-natal\/#webpage","url":"https:\/\/www.pacoteshyatt.com.br\/rio-de-janeiro\/product\/almoco-de-natal\/","name":"Almo\u00e7o de Natal (25\/12) - Grand Hyatt Rio de Janeiro","isPartOf":{"@id":"https:\/\/www.pacoteshyatt.com.br\/rio-de-janeiro\/#website"},"primaryImageOfPage":{"@id":"https:\/\/www.pacoteshyatt.com.br\/rio-de-janeiro\/product\/almoco-de-natal\/#primaryimage"},"datePublished":"2024-12-10T20:35:35+00:00","dateModified":"2025-12-26T15:22:47+00:00","description":"Garanta seu almo\u00e7o de natal no Grand Hyatt Rio em 25\/12, com buffet completo, bebidas inclu\u00eddas, m\u00fasica ao vivo e recrea\u00e7\u00e3o infantil. Reserve online agora.","breadcrumb":{"@id":"https:\/\/www.pacoteshyatt.com.br\/rio-de-janeiro\/product\/almoco-de-natal\/#breadcrumb"},"inLanguage":"pt-BR","potentialAction":[{"@type":"ReadAction","target":["https:\/\/www.pacoteshyatt.com.br\/rio-de-janeiro\/product\/almoco-de-natal\/"]}]},{"@type":"BreadcrumbList","@id":"https:\/\/www.pacoteshyatt.com.br\/rio-de-janeiro\/product\/almoco-de-natal\/#breadcrumb","itemListElement":[{"@type":"ListItem","position":1,"name":"Home","item":"https:\/\/www.pacoteshyatt.com.br\/rio-de-janeiro\/"},{"@type":"ListItem","position":2,"name":"Cat\u00e1logo","item":"https:\/\/www.pacoteshyatt.com.br\/rio-de-janeiro\/catalogo\/"},{"@type":"ListItem","position":3,"name":"25\/12 | Almo\u00e7o de Natal"}]}]}},"_links":{"self":[{"href":"https:\/\/www.pacoteshyatt.com.br\/rio-de-janeiro\/wp-json\/wp\/v2\/product\/17608"}],"collection":[{"href":"https:\/\/www.pacoteshyatt.com.br\/rio-de-janeiro\/wp-json\/wp\/v2\/product"}],"about":[{"href":"https:\/\/www.pacoteshyatt.com.br\/rio-de-janeiro\/wp-json\/wp\/v2\/types\/product"}],"wp:featuredmedia":[{"embeddable":true,"href":"https:\/\/www.pacoteshyatt.com.br\/rio-de-janeiro\/wp-json\/wp\/v2\/media\/21369"}],"wp:attachment":[{"href":"https:\/\/www.pacoteshyatt.com.br\/rio-de-janeiro\/wp-json\/wp\/v2\/media?parent=17608"}],"wp:term":[{"taxonomy":"product_cat","embeddable":true,"href":"https:\/\/www.pacoteshyatt.com.br\/rio-de-janeiro\/wp-json\/wp\/v2\/product_cat?post=17608"},{"taxonomy":"product_tag","embeddable":true,"href":"https:\/\/www.pacoteshyatt.com.br\/rio-de-janeiro\/wp-json\/wp\/v2\/product_tag?post=17608"}],"curies":[{"name":"wp","href":"https:\/\/api.w.org\/{rel}","templated":true}]}}