{"id":21462,"date":"2025-11-10T17:27:22","date_gmt":"2025-11-10T20:27:22","guid":{"rendered":"https:\/\/www.pacoteshyatt.com.br\/rio-de-janeiro\/?post_type=product&#038;p=21462"},"modified":"2026-03-23T10:56:07","modified_gmt":"2026-03-23T13:56:07","slug":"massagem-nos-pes-off","status":"publish","type":"product","link":"https:\/\/www.pacoteshyatt.com.br\/rio-de-janeiro\/product\/massagem-nos-pes-off\/","title":{"rendered":"Semana do Consumidor | Massagem nos P\u00e9s | 15% OFF"},"content":{"rendered":"<p><strong><span class=\"ui-provider a b c d e f g h i j k l m n o p q r s t u v w x y z ab ac ae af ag ah ai aj ak\" dir=\"ltr\">De 15\/03 a 20\/03, aproveite descontos exclusivos na Semana do Consumidor do Grand Hyatt Rio de Janeiro! <a href=\"https:\/\/www.pacoteshyatt.com.br\/rio-de-janeiro\/semana-do-consumidor\/\">Clique aqui<\/a> e confira todas as ofertas.\u00a0<\/span><\/strong><\/p>\n<div class=\"size-full [&amp;&gt;*:first-child]:mt-0 [&amp;&gt;*:last-child]:mb-0 space-y-2\">\n<p>Descubra como um tratamento focado nos seus p\u00e9s pode transformar seu bem-estar geral.<\/p>\n<p>Nossa exclusiva <strong>Massagem nos P\u00e9s<\/strong>, com <strong>dura\u00e7\u00e3o de 30 minutos<\/strong>,\u00a0 trabalha pontos espec\u00edficos que correspondem \u00e0s diferentes regi\u00f5es do seu corpo, proporcionando <strong>al\u00edvio profundo e renova\u00e7\u00e3o<\/strong>. Nossos terapeutas especializados cuidam de cada detalhe, transformando a massagem em um momento de verdadeiro autocuidado.<\/p>\n<p>Aproveite um relaxamento completo no <strong>Atiaia Spa<\/strong>, localizado no Grand Hyatt Rio de Janeiro. Antes e depois de sua experi\u00eancia, tenha acesso \u00e0s saunas secas e a vapor, al\u00e9m de vesti\u00e1rios totalmente equipados, com arm\u00e1rios individuais e chuveiros.<\/p>\n<\/div>\n<p>&nbsp;<\/p>\n<hr \/>\n<p>&nbsp;<\/p>\n<p><strong><span style=\"color: #bd2137\"><span class=\"ui-provider a b c d e f g h i j k l m n o p q r s t u v w x y z ab ac ae af ag ah ai aj ak\" dir=\"ltr\">ESTE VOUCHER TEM VALIDADE DE 3 MESES, MEDIANTE AGENDAMENTO PR\u00c9VIO E DISPONIBILIDADE.<\/span><\/span><\/strong><\/p>\n<p><span style=\"color: #bd2137\">Ap\u00f3s a compra, \u00e9 necess\u00e1rio realizar o agendamento atrav\u00e9s do Whatsapp: (21) 3797-9566<\/span><\/p>\n","protected":false},"excerpt":{"rendered":"<p>De 15\/03 a 20\/03, aproveite descontos exclusivos na Semana do Consumidor do Grand Hyatt Rio de Janeiro! Clique aqui e confira todas as ofertas.\u00a0 Descubra como um tratamento focado nos seus p\u00e9s pode transformar seu bem-estar geral. Nossa exclusiva Massagem nos P\u00e9s, com dura\u00e7\u00e3o de 30 minutos,\u00a0 trabalha pontos espec\u00edficos que correspondem \u00e0s diferentes regi\u00f5es [&hellip;]<\/p>\n","protected":false},"featured_media":22847,"template":"","meta":{"_eb_attr":""},"product_cat":[19,23,80],"product_tag":[],"bundled_by":[],"bundle_stock_status":"outofstock","bundle_stock_quantity":null,"bundle_virtual":false,"bundle_layout":"","bundle_add_to_cart_form_location":"","bundle_editable_in_cart":false,"bundle_sold_individually_context":"","bundle_item_grouping":"","bundle_min_size":"","bundle_max_size":"","bundled_items":[],"yoast_head":"<!-- This site is optimized with the Yoast SEO plugin v18.4.1 - https:\/\/yoast.com\/wordpress\/plugins\/seo\/ -->\n<title>Semana do Consumidor | Massagem nos P\u00e9s | 15% OFF - Grand Hyatt Rio de Janeiro<\/title>\n<meta name=\"description\" content=\"A Massagem nos P\u00e9s do Atiaia Spa proporciona bem-estar pela aplica\u00e7\u00e3o de press\u00e3o em pontos dos p\u00e9s que refletem as regi\u00f5es do corpo todo.\" \/>\n<meta name=\"robots\" content=\"index, follow, max-snippet:-1, max-image-preview:large, max-video-preview:-1\" \/>\n<link rel=\"canonical\" href=\"https:\/\/www.pacoteshyatt.com.br\/rio-de-janeiro\/product\/massagem-nos-pes-off\/\" \/>\n<meta property=\"og:locale\" content=\"pt_BR\" \/>\n<meta property=\"og:type\" content=\"article\" \/>\n<meta property=\"og:title\" content=\"Semana do Consumidor | Massagem nos P\u00e9s | 15% OFF - Grand Hyatt Rio de Janeiro\" \/>\n<meta property=\"og:description\" content=\"A Massagem nos P\u00e9s do Atiaia Spa proporciona bem-estar pela aplica\u00e7\u00e3o de press\u00e3o em pontos dos p\u00e9s que refletem as regi\u00f5es do corpo todo.\" \/>\n<meta property=\"og:url\" content=\"https:\/\/www.pacoteshyatt.com.br\/rio-de-janeiro\/product\/massagem-nos-pes-off\/\" \/>\n<meta property=\"og:site_name\" content=\"GRAND HYATT RIO DE JANEIRO\" \/>\n<meta property=\"article:modified_time\" content=\"2026-03-23T13:56:07+00:00\" \/>\n<meta property=\"og:image\" content=\"https:\/\/www.pacoteshyatt.com.br\/rio-de-janeiro\/wp-content\/uploads\/sites\/2\/2021\/11\/GHRJ_SemanaConsumidor2026_CapaOferta_Massagem_649x435px_v01.png\" \/>\n\t<meta property=\"og:image:width\" content=\"649\" \/>\n\t<meta property=\"og:image:height\" content=\"435\" \/>\n\t<meta property=\"og:image:type\" content=\"image\/png\" \/>\n<meta name=\"twitter:card\" content=\"summary_large_image\" \/>\n<meta name=\"twitter:label1\" content=\"Est. tempo de leitura\" \/>\n\t<meta name=\"twitter:data1\" content=\"1 minuto\" \/>\n<script type=\"application\/ld+json\" class=\"yoast-schema-graph\">{\"@context\":\"https:\/\/schema.org\",\"@graph\":[{\"@type\":\"WebSite\",\"@id\":\"https:\/\/www.pacoteshyatt.com.br\/rio-de-janeiro\/#website\",\"url\":\"https:\/\/www.pacoteshyatt.com.br\/rio-de-janeiro\/\",\"name\":\"GRAND HYATT RIO DE JANEIRO\",\"description\":\"Um verdadeiro resort urbano na Barra da Tijuca!\",\"potentialAction\":[{\"@type\":\"SearchAction\",\"target\":{\"@type\":\"EntryPoint\",\"urlTemplate\":\"https:\/\/www.pacoteshyatt.com.br\/rio-de-janeiro\/?s={search_term_string}\"},\"query-input\":\"required name=search_term_string\"}],\"inLanguage\":\"pt-BR\"},{\"@type\":\"ImageObject\",\"@id\":\"https:\/\/www.pacoteshyatt.com.br\/rio-de-janeiro\/product\/massagem-nos-pes-off\/#primaryimage\",\"inLanguage\":\"pt-BR\",\"url\":\"https:\/\/www.pacoteshyatt.com.br\/rio-de-janeiro\/wp-content\/uploads\/sites\/2\/2021\/11\/GHRJ_SemanaConsumidor2026_CapaOferta_Massagem_649x435px_v01.png\",\"contentUrl\":\"https:\/\/www.pacoteshyatt.com.br\/rio-de-janeiro\/wp-content\/uploads\/sites\/2\/2021\/11\/GHRJ_SemanaConsumidor2026_CapaOferta_Massagem_649x435px_v01.png\",\"width\":649,\"height\":435},{\"@type\":\"WebPage\",\"@id\":\"https:\/\/www.pacoteshyatt.com.br\/rio-de-janeiro\/product\/massagem-nos-pes-off\/#webpage\",\"url\":\"https:\/\/www.pacoteshyatt.com.br\/rio-de-janeiro\/product\/massagem-nos-pes-off\/\",\"name\":\"Semana do Consumidor | Massagem nos P\u00e9s | 15% OFF - Grand Hyatt Rio de Janeiro\",\"isPartOf\":{\"@id\":\"https:\/\/www.pacoteshyatt.com.br\/rio-de-janeiro\/#website\"},\"primaryImageOfPage\":{\"@id\":\"https:\/\/www.pacoteshyatt.com.br\/rio-de-janeiro\/product\/massagem-nos-pes-off\/#primaryimage\"},\"datePublished\":\"2025-11-10T20:27:22+00:00\",\"dateModified\":\"2026-03-23T13:56:07+00:00\",\"description\":\"A Massagem nos P\u00e9s do Atiaia Spa proporciona bem-estar pela aplica\u00e7\u00e3o de press\u00e3o em pontos dos p\u00e9s que refletem as regi\u00f5es do corpo todo.\",\"breadcrumb\":{\"@id\":\"https:\/\/www.pacoteshyatt.com.br\/rio-de-janeiro\/product\/massagem-nos-pes-off\/#breadcrumb\"},\"inLanguage\":\"pt-BR\",\"potentialAction\":[{\"@type\":\"ReadAction\",\"target\":[\"https:\/\/www.pacoteshyatt.com.br\/rio-de-janeiro\/product\/massagem-nos-pes-off\/\"]}]},{\"@type\":\"BreadcrumbList\",\"@id\":\"https:\/\/www.pacoteshyatt.com.br\/rio-de-janeiro\/product\/massagem-nos-pes-off\/#breadcrumb\",\"itemListElement\":[{\"@type\":\"ListItem\",\"position\":1,\"name\":\"Home\",\"item\":\"https:\/\/www.pacoteshyatt.com.br\/rio-de-janeiro\/\"},{\"@type\":\"ListItem\",\"position\":2,\"name\":\"Cat\u00e1logo\",\"item\":\"https:\/\/www.pacoteshyatt.com.br\/rio-de-janeiro\/catalogo\/\"},{\"@type\":\"ListItem\",\"position\":3,\"name\":\"Semana do Consumidor | Massagem nos P\u00e9s | 15% OFF\"}]}]}<\/script>\n<!-- \/ Yoast SEO plugin. -->","yoast_head_json":{"title":"Semana do Consumidor | Massagem nos P\u00e9s | 15% OFF - Grand Hyatt Rio de Janeiro","description":"A Massagem nos P\u00e9s do Atiaia Spa proporciona bem-estar pela aplica\u00e7\u00e3o de press\u00e3o em pontos dos p\u00e9s que refletem as regi\u00f5es do corpo todo.","robots":{"index":"index","follow":"follow","max-snippet":"max-snippet:-1","max-image-preview":"max-image-preview:large","max-video-preview":"max-video-preview:-1"},"canonical":"https:\/\/www.pacoteshyatt.com.br\/rio-de-janeiro\/product\/massagem-nos-pes-off\/","og_locale":"pt_BR","og_type":"article","og_title":"Semana do Consumidor | Massagem nos P\u00e9s | 15% OFF - Grand Hyatt Rio de Janeiro","og_description":"A Massagem nos P\u00e9s do Atiaia Spa proporciona bem-estar pela aplica\u00e7\u00e3o de press\u00e3o em pontos dos p\u00e9s que refletem as regi\u00f5es do corpo todo.","og_url":"https:\/\/www.pacoteshyatt.com.br\/rio-de-janeiro\/product\/massagem-nos-pes-off\/","og_site_name":"GRAND HYATT RIO DE JANEIRO","article_modified_time":"2026-03-23T13:56:07+00:00","og_image":[{"width":649,"height":435,"url":"https:\/\/www.pacoteshyatt.com.br\/rio-de-janeiro\/wp-content\/uploads\/sites\/2\/2021\/11\/GHRJ_SemanaConsumidor2026_CapaOferta_Massagem_649x435px_v01.png","type":"image\/png"}],"twitter_card":"summary_large_image","twitter_misc":{"Est. tempo de leitura":"1 minuto"},"schema":{"@context":"https:\/\/schema.org","@graph":[{"@type":"WebSite","@id":"https:\/\/www.pacoteshyatt.com.br\/rio-de-janeiro\/#website","url":"https:\/\/www.pacoteshyatt.com.br\/rio-de-janeiro\/","name":"GRAND HYATT RIO DE JANEIRO","description":"Um verdadeiro resort urbano na Barra da Tijuca!","potentialAction":[{"@type":"SearchAction","target":{"@type":"EntryPoint","urlTemplate":"https:\/\/www.pacoteshyatt.com.br\/rio-de-janeiro\/?s={search_term_string}"},"query-input":"required name=search_term_string"}],"inLanguage":"pt-BR"},{"@type":"ImageObject","@id":"https:\/\/www.pacoteshyatt.com.br\/rio-de-janeiro\/product\/massagem-nos-pes-off\/#primaryimage","inLanguage":"pt-BR","url":"https:\/\/www.pacoteshyatt.com.br\/rio-de-janeiro\/wp-content\/uploads\/sites\/2\/2021\/11\/GHRJ_SemanaConsumidor2026_CapaOferta_Massagem_649x435px_v01.png","contentUrl":"https:\/\/www.pacoteshyatt.com.br\/rio-de-janeiro\/wp-content\/uploads\/sites\/2\/2021\/11\/GHRJ_SemanaConsumidor2026_CapaOferta_Massagem_649x435px_v01.png","width":649,"height":435},{"@type":"WebPage","@id":"https:\/\/www.pacoteshyatt.com.br\/rio-de-janeiro\/product\/massagem-nos-pes-off\/#webpage","url":"https:\/\/www.pacoteshyatt.com.br\/rio-de-janeiro\/product\/massagem-nos-pes-off\/","name":"Semana do Consumidor | Massagem nos P\u00e9s | 15% OFF - Grand Hyatt Rio de Janeiro","isPartOf":{"@id":"https:\/\/www.pacoteshyatt.com.br\/rio-de-janeiro\/#website"},"primaryImageOfPage":{"@id":"https:\/\/www.pacoteshyatt.com.br\/rio-de-janeiro\/product\/massagem-nos-pes-off\/#primaryimage"},"datePublished":"2025-11-10T20:27:22+00:00","dateModified":"2026-03-23T13:56:07+00:00","description":"A Massagem nos P\u00e9s do Atiaia Spa proporciona bem-estar pela aplica\u00e7\u00e3o de press\u00e3o em pontos dos p\u00e9s que refletem as regi\u00f5es do corpo todo.","breadcrumb":{"@id":"https:\/\/www.pacoteshyatt.com.br\/rio-de-janeiro\/product\/massagem-nos-pes-off\/#breadcrumb"},"inLanguage":"pt-BR","potentialAction":[{"@type":"ReadAction","target":["https:\/\/www.pacoteshyatt.com.br\/rio-de-janeiro\/product\/massagem-nos-pes-off\/"]}]},{"@type":"BreadcrumbList","@id":"https:\/\/www.pacoteshyatt.com.br\/rio-de-janeiro\/product\/massagem-nos-pes-off\/#breadcrumb","itemListElement":[{"@type":"ListItem","position":1,"name":"Home","item":"https:\/\/www.pacoteshyatt.com.br\/rio-de-janeiro\/"},{"@type":"ListItem","position":2,"name":"Cat\u00e1logo","item":"https:\/\/www.pacoteshyatt.com.br\/rio-de-janeiro\/catalogo\/"},{"@type":"ListItem","position":3,"name":"Semana do Consumidor | Massagem nos P\u00e9s | 15% OFF"}]}]}},"_links":{"self":[{"href":"https:\/\/www.pacoteshyatt.com.br\/rio-de-janeiro\/wp-json\/wp\/v2\/product\/21462"}],"collection":[{"href":"https:\/\/www.pacoteshyatt.com.br\/rio-de-janeiro\/wp-json\/wp\/v2\/product"}],"about":[{"href":"https:\/\/www.pacoteshyatt.com.br\/rio-de-janeiro\/wp-json\/wp\/v2\/types\/product"}],"wp:featuredmedia":[{"embeddable":true,"href":"https:\/\/www.pacoteshyatt.com.br\/rio-de-janeiro\/wp-json\/wp\/v2\/media\/22847"}],"wp:attachment":[{"href":"https:\/\/www.pacoteshyatt.com.br\/rio-de-janeiro\/wp-json\/wp\/v2\/media?parent=21462"}],"wp:term":[{"taxonomy":"product_cat","embeddable":true,"href":"https:\/\/www.pacoteshyatt.com.br\/rio-de-janeiro\/wp-json\/wp\/v2\/product_cat?post=21462"},{"taxonomy":"product_tag","embeddable":true,"href":"https:\/\/www.pacoteshyatt.com.br\/rio-de-janeiro\/wp-json\/wp\/v2\/product_tag?post=21462"}],"curies":[{"name":"wp","href":"https:\/\/api.w.org\/{rel}","templated":true}]}}