{"id":2930,"date":"2021-05-18T11:07:37","date_gmt":"2021-05-18T14:07:37","guid":{"rendered":"https:\/\/www.pacoteshyatt.com.br\/rio-de-janeiro\/?post_type=product&#038;p=2930"},"modified":"2026-05-13T17:24:28","modified_gmt":"2026-05-13T20:24:28","slug":"jantar-japones-dia-dos-namorados","status":"publish","type":"product","link":"https:\/\/www.pacoteshyatt.com.br\/rio-de-janeiro\/product\/jantar-japones-dia-dos-namorados\/","title":{"rendered":"12\/06 | Omakase de Dia dos Namorados | Para duas pessoas"},"content":{"rendered":"<p style=\"text-align: center;font-size: 13px\"><span style=\"color: #bd2137\">If you are not Brazilian, get this experience by<a href=\"https:\/\/www.hyattexperiences.com\/grand-hyatt\/riogh#!\/e\/06-12-valentine-s-day-omakase-for-couple-omakase-de-d-a-de-los-enamorados-para-pareja-7f650c97?\"> clicking here<\/a>.<br \/>\nSi no eres brasile\u00f1o, adquiere esta experiencia haciendo<a href=\"https:\/\/www.hyattexperiences.com\/grand-hyatt\/riogh#!\/e\/06-12-valentine-s-day-omakase-for-couple-omakase-de-d-a-de-los-enamorados-para-pareja-7f650c97?\"> clic aqu\u00ed<\/a>.<br \/>\n<\/span><\/p>\n<p>No <strong>Shiso<\/strong>, transformamos o Dia dos Namorados em uma\u00a0<strong>jornada gastron\u00f4mica memor\u00e1vel<\/strong>. Nosso\u00a0<strong>Omakase de 7 tempos<\/strong>, acompanhado de\u00a0<strong>Champagne Mo\u00ebt Chandon Imperial e saxofonista ao vivo<\/strong>, oferece uma noite de conex\u00e3o e sabores refinados.<\/p>\n<p>Em uma sequ\u00eancia de pratos preparados na hora em nossa cozinha aberta, o Omakase (\u304a\u4efb\u305b) \u00e9 uma <strong>experi\u00eancia intimista<\/strong> e que celebra a culin\u00e1ria japonesa. Com peixes frescos e cortes nobres, experimente seis pratos diferentes e autorais, al\u00e9m de sobremesa especial pela chef Paula Lopes para finalizar a experi\u00eancia.<br \/>\n<strong><br \/>\n<\/strong><\/p>\n<p><strong data-start=\"760\" data-end=\"802\"><span style=\"color: #bd2137\">Detalhes do Omakase de Dia dos Namorados:<br \/>\n<\/span><\/strong>\u2022<strong> Jantar para 2 pessoas no Shiso<\/strong>, premiado restaurante japon\u00eas do Grand Hyatt Rio de Janeiro;<br \/>\n\u2022 <strong>1 garrafa<\/strong> de Champagne Mo\u00ebt Chandon Imperial por casal;<br \/>\n\u2022 <strong>Bebidas n\u00e3o alco\u00f3licas<\/strong> inclusas;<br \/>\n\u2022<strong> M\u00fasica ao vivo<\/strong> para embalar a noite.<\/p>\n<p><strong>Data:<\/strong> 12\/06\/25, sexta-feira<strong><br \/>\nHor\u00e1rio:<\/strong> a partir das 19h<strong><br \/>\nLocal: <\/strong>Restaurante Shiso<\/p>\n<p>&nbsp;<\/p>\n<div class=\"hide-scrollbar markdown prose relative w-full max-w-none overflow-x-scroll break-words text-base leading-7 first:mt-0 prose-headings:first:mt-0 prose-strong:font-bold prose-thead:font-bold light:text-[#3E4247] dark:text-[#EBEBEB] prose-headings:light:text-[#3E4247]\">\n<div class=\"hide-scrollbar markdown prose relative w-full max-w-none overflow-x-scroll break-words text-base leading-7 first:mt-0 prose-headings:first:mt-0 prose-strong:font-bold prose-thead:font-bold light:text-[#3E4247] dark:text-[#EBEBEB] prose-headings:light:text-[#3E4247]\">\n<hr \/>\n<p>&nbsp;<\/p>\n<p><strong><span style=\"color: #bd2137\"><span class=\"ui-provider a b c d e f g h i j k l m n o p q r s t u v w x y z ab ac ae af ag ah ai aj ak\" dir=\"ltr\">ESTE VOUCHER CONTEMPLA DUAS PESSOAS E \u00c9 V\u00c1LIDO APENAS PARA O OMAKASE ESPECIAL DO DIA 12\/06\/2026 NO SHISO.<\/span><\/span><\/strong><\/p>\n<\/div>\n<\/div>\n","protected":false},"excerpt":{"rendered":"<p>If you are not Brazilian, get this experience by clicking here. Si no eres brasile\u00f1o, adquiere esta experiencia haciendo clic aqu\u00ed. No Shiso, transformamos o Dia dos Namorados em uma\u00a0jornada gastron\u00f4mica memor\u00e1vel. Nosso\u00a0Omakase de 7 tempos, acompanhado de\u00a0Champagne Mo\u00ebt Chandon Imperial e saxofonista ao vivo, oferece uma noite de conex\u00e3o e sabores refinados. Em uma [&hellip;]<\/p>\n","protected":false},"featured_media":19131,"template":"","meta":{"_eb_attr":""},"product_cat":[135,87,20,56],"product_tag":[],"bundled_by":[],"bundle_stock_status":"instock","bundle_stock_quantity":23,"bundle_virtual":false,"bundle_layout":"","bundle_add_to_cart_form_location":"","bundle_editable_in_cart":false,"bundle_sold_individually_context":"","bundle_item_grouping":"","bundle_min_size":"","bundle_max_size":"","bundled_items":[],"yoast_head":"<!-- This site is optimized with the Yoast SEO plugin v18.4.1 - https:\/\/yoast.com\/wordpress\/plugins\/seo\/ -->\n<title>12\/06 | Omakase de Dia dos Namorados | Para duas pessoas - GRAND HYATT RIO DE JANEIRO<\/title>\n<meta name=\"description\" content=\"No\u00a0Grand Hyatt Rio de Janeiro, transformamos o Dia dos Namorados em uma\u00a0jornada gastron\u00f4mica memor\u00e1vel. Aproveite nosso\u00a0Omakase de 7 tempos.\" \/>\n<meta name=\"robots\" content=\"index, follow, max-snippet:-1, max-image-preview:large, max-video-preview:-1\" \/>\n<link rel=\"canonical\" href=\"https:\/\/www.pacoteshyatt.com.br\/rio-de-janeiro\/product\/jantar-japones-dia-dos-namorados\/\" \/>\n<meta property=\"og:locale\" content=\"pt_BR\" \/>\n<meta property=\"og:type\" content=\"article\" \/>\n<meta property=\"og:title\" content=\"12\/06 | Omakase de Dia dos Namorados | Para duas pessoas - GRAND HYATT RIO DE JANEIRO\" \/>\n<meta property=\"og:description\" content=\"No\u00a0Grand Hyatt Rio de Janeiro, transformamos o Dia dos Namorados em uma\u00a0jornada gastron\u00f4mica memor\u00e1vel. Aproveite nosso\u00a0Omakase de 7 tempos.\" \/>\n<meta property=\"og:url\" content=\"https:\/\/www.pacoteshyatt.com.br\/rio-de-janeiro\/product\/jantar-japones-dia-dos-namorados\/\" \/>\n<meta property=\"og:site_name\" content=\"GRAND HYATT RIO DE JANEIRO\" \/>\n<meta property=\"article:modified_time\" content=\"2026-05-13T20:24:28+00:00\" \/>\n<meta property=\"og:image\" content=\"https:\/\/www.pacoteshyatt.com.br\/rio-de-janeiro\/wp-content\/uploads\/sites\/2\/2021\/05\/GHRJ_ImagemDeOfertas_308x200px_Omakase_DiadosNamorados_2025_01.png\" \/>\n\t<meta property=\"og:image:width\" content=\"308\" \/>\n\t<meta property=\"og:image:height\" content=\"200\" \/>\n\t<meta property=\"og:image:type\" content=\"image\/png\" \/>\n<meta name=\"twitter:card\" content=\"summary_large_image\" \/>\n<meta name=\"twitter:label1\" content=\"Est. tempo de leitura\" \/>\n\t<meta name=\"twitter:data1\" content=\"1 minuto\" \/>\n<script type=\"application\/ld+json\" class=\"yoast-schema-graph\">{\"@context\":\"https:\/\/schema.org\",\"@graph\":[{\"@type\":\"WebSite\",\"@id\":\"https:\/\/www.pacoteshyatt.com.br\/rio-de-janeiro\/#website\",\"url\":\"https:\/\/www.pacoteshyatt.com.br\/rio-de-janeiro\/\",\"name\":\"GRAND HYATT RIO DE JANEIRO\",\"description\":\"Um verdadeiro resort urbano na Barra da Tijuca!\",\"potentialAction\":[{\"@type\":\"SearchAction\",\"target\":{\"@type\":\"EntryPoint\",\"urlTemplate\":\"https:\/\/www.pacoteshyatt.com.br\/rio-de-janeiro\/?s={search_term_string}\"},\"query-input\":\"required name=search_term_string\"}],\"inLanguage\":\"pt-BR\"},{\"@type\":\"ImageObject\",\"@id\":\"https:\/\/www.pacoteshyatt.com.br\/rio-de-janeiro\/product\/jantar-japones-dia-dos-namorados\/#primaryimage\",\"inLanguage\":\"pt-BR\",\"url\":\"https:\/\/www.pacoteshyatt.com.br\/rio-de-janeiro\/wp-content\/uploads\/sites\/2\/2021\/05\/GHRJ_ImagemDeOfertas_308x200px_Omakase_DiadosNamorados_2025_01.png\",\"contentUrl\":\"https:\/\/www.pacoteshyatt.com.br\/rio-de-janeiro\/wp-content\/uploads\/sites\/2\/2021\/05\/GHRJ_ImagemDeOfertas_308x200px_Omakase_DiadosNamorados_2025_01.png\",\"width\":308,\"height\":200},{\"@type\":\"WebPage\",\"@id\":\"https:\/\/www.pacoteshyatt.com.br\/rio-de-janeiro\/product\/jantar-japones-dia-dos-namorados\/#webpage\",\"url\":\"https:\/\/www.pacoteshyatt.com.br\/rio-de-janeiro\/product\/jantar-japones-dia-dos-namorados\/\",\"name\":\"12\/06 | Omakase de Dia dos Namorados | Para duas pessoas - GRAND HYATT RIO DE JANEIRO\",\"isPartOf\":{\"@id\":\"https:\/\/www.pacoteshyatt.com.br\/rio-de-janeiro\/#website\"},\"primaryImageOfPage\":{\"@id\":\"https:\/\/www.pacoteshyatt.com.br\/rio-de-janeiro\/product\/jantar-japones-dia-dos-namorados\/#primaryimage\"},\"datePublished\":\"2021-05-18T14:07:37+00:00\",\"dateModified\":\"2026-05-13T20:24:28+00:00\",\"description\":\"No\u00a0Grand Hyatt Rio de Janeiro, transformamos o Dia dos Namorados em uma\u00a0jornada gastron\u00f4mica memor\u00e1vel. Aproveite nosso\u00a0Omakase de 7 tempos.\",\"breadcrumb\":{\"@id\":\"https:\/\/www.pacoteshyatt.com.br\/rio-de-janeiro\/product\/jantar-japones-dia-dos-namorados\/#breadcrumb\"},\"inLanguage\":\"pt-BR\",\"potentialAction\":[{\"@type\":\"ReadAction\",\"target\":[\"https:\/\/www.pacoteshyatt.com.br\/rio-de-janeiro\/product\/jantar-japones-dia-dos-namorados\/\"]}]},{\"@type\":\"BreadcrumbList\",\"@id\":\"https:\/\/www.pacoteshyatt.com.br\/rio-de-janeiro\/product\/jantar-japones-dia-dos-namorados\/#breadcrumb\",\"itemListElement\":[{\"@type\":\"ListItem\",\"position\":1,\"name\":\"Home\",\"item\":\"https:\/\/www.pacoteshyatt.com.br\/rio-de-janeiro\/\"},{\"@type\":\"ListItem\",\"position\":2,\"name\":\"Cat\u00e1logo\",\"item\":\"https:\/\/www.pacoteshyatt.com.br\/rio-de-janeiro\/catalogo\/\"},{\"@type\":\"ListItem\",\"position\":3,\"name\":\"12\/06 | Omakase de Dia dos Namorados | Para duas pessoas\"}]}]}<\/script>\n<!-- \/ Yoast SEO plugin. -->","yoast_head_json":{"title":"12\/06 | Omakase de Dia dos Namorados | Para duas pessoas - GRAND HYATT RIO DE JANEIRO","description":"No\u00a0Grand Hyatt Rio de Janeiro, transformamos o Dia dos Namorados em uma\u00a0jornada gastron\u00f4mica memor\u00e1vel. Aproveite nosso\u00a0Omakase de 7 tempos.","robots":{"index":"index","follow":"follow","max-snippet":"max-snippet:-1","max-image-preview":"max-image-preview:large","max-video-preview":"max-video-preview:-1"},"canonical":"https:\/\/www.pacoteshyatt.com.br\/rio-de-janeiro\/product\/jantar-japones-dia-dos-namorados\/","og_locale":"pt_BR","og_type":"article","og_title":"12\/06 | Omakase de Dia dos Namorados | Para duas pessoas - GRAND HYATT RIO DE JANEIRO","og_description":"No\u00a0Grand Hyatt Rio de Janeiro, transformamos o Dia dos Namorados em uma\u00a0jornada gastron\u00f4mica memor\u00e1vel. Aproveite nosso\u00a0Omakase de 7 tempos.","og_url":"https:\/\/www.pacoteshyatt.com.br\/rio-de-janeiro\/product\/jantar-japones-dia-dos-namorados\/","og_site_name":"GRAND HYATT RIO DE JANEIRO","article_modified_time":"2026-05-13T20:24:28+00:00","og_image":[{"width":308,"height":200,"url":"https:\/\/www.pacoteshyatt.com.br\/rio-de-janeiro\/wp-content\/uploads\/sites\/2\/2021\/05\/GHRJ_ImagemDeOfertas_308x200px_Omakase_DiadosNamorados_2025_01.png","type":"image\/png"}],"twitter_card":"summary_large_image","twitter_misc":{"Est. tempo de leitura":"1 minuto"},"schema":{"@context":"https:\/\/schema.org","@graph":[{"@type":"WebSite","@id":"https:\/\/www.pacoteshyatt.com.br\/rio-de-janeiro\/#website","url":"https:\/\/www.pacoteshyatt.com.br\/rio-de-janeiro\/","name":"GRAND HYATT RIO DE JANEIRO","description":"Um verdadeiro resort urbano na Barra da Tijuca!","potentialAction":[{"@type":"SearchAction","target":{"@type":"EntryPoint","urlTemplate":"https:\/\/www.pacoteshyatt.com.br\/rio-de-janeiro\/?s={search_term_string}"},"query-input":"required name=search_term_string"}],"inLanguage":"pt-BR"},{"@type":"ImageObject","@id":"https:\/\/www.pacoteshyatt.com.br\/rio-de-janeiro\/product\/jantar-japones-dia-dos-namorados\/#primaryimage","inLanguage":"pt-BR","url":"https:\/\/www.pacoteshyatt.com.br\/rio-de-janeiro\/wp-content\/uploads\/sites\/2\/2021\/05\/GHRJ_ImagemDeOfertas_308x200px_Omakase_DiadosNamorados_2025_01.png","contentUrl":"https:\/\/www.pacoteshyatt.com.br\/rio-de-janeiro\/wp-content\/uploads\/sites\/2\/2021\/05\/GHRJ_ImagemDeOfertas_308x200px_Omakase_DiadosNamorados_2025_01.png","width":308,"height":200},{"@type":"WebPage","@id":"https:\/\/www.pacoteshyatt.com.br\/rio-de-janeiro\/product\/jantar-japones-dia-dos-namorados\/#webpage","url":"https:\/\/www.pacoteshyatt.com.br\/rio-de-janeiro\/product\/jantar-japones-dia-dos-namorados\/","name":"12\/06 | Omakase de Dia dos Namorados | Para duas pessoas - GRAND HYATT RIO DE JANEIRO","isPartOf":{"@id":"https:\/\/www.pacoteshyatt.com.br\/rio-de-janeiro\/#website"},"primaryImageOfPage":{"@id":"https:\/\/www.pacoteshyatt.com.br\/rio-de-janeiro\/product\/jantar-japones-dia-dos-namorados\/#primaryimage"},"datePublished":"2021-05-18T14:07:37+00:00","dateModified":"2026-05-13T20:24:28+00:00","description":"No\u00a0Grand Hyatt Rio de Janeiro, transformamos o Dia dos Namorados em uma\u00a0jornada gastron\u00f4mica memor\u00e1vel. Aproveite nosso\u00a0Omakase de 7 tempos.","breadcrumb":{"@id":"https:\/\/www.pacoteshyatt.com.br\/rio-de-janeiro\/product\/jantar-japones-dia-dos-namorados\/#breadcrumb"},"inLanguage":"pt-BR","potentialAction":[{"@type":"ReadAction","target":["https:\/\/www.pacoteshyatt.com.br\/rio-de-janeiro\/product\/jantar-japones-dia-dos-namorados\/"]}]},{"@type":"BreadcrumbList","@id":"https:\/\/www.pacoteshyatt.com.br\/rio-de-janeiro\/product\/jantar-japones-dia-dos-namorados\/#breadcrumb","itemListElement":[{"@type":"ListItem","position":1,"name":"Home","item":"https:\/\/www.pacoteshyatt.com.br\/rio-de-janeiro\/"},{"@type":"ListItem","position":2,"name":"Cat\u00e1logo","item":"https:\/\/www.pacoteshyatt.com.br\/rio-de-janeiro\/catalogo\/"},{"@type":"ListItem","position":3,"name":"12\/06 | Omakase de Dia dos Namorados | Para duas pessoas"}]}]}},"_links":{"self":[{"href":"https:\/\/www.pacoteshyatt.com.br\/rio-de-janeiro\/wp-json\/wp\/v2\/product\/2930"}],"collection":[{"href":"https:\/\/www.pacoteshyatt.com.br\/rio-de-janeiro\/wp-json\/wp\/v2\/product"}],"about":[{"href":"https:\/\/www.pacoteshyatt.com.br\/rio-de-janeiro\/wp-json\/wp\/v2\/types\/product"}],"wp:featuredmedia":[{"embeddable":true,"href":"https:\/\/www.pacoteshyatt.com.br\/rio-de-janeiro\/wp-json\/wp\/v2\/media\/19131"}],"wp:attachment":[{"href":"https:\/\/www.pacoteshyatt.com.br\/rio-de-janeiro\/wp-json\/wp\/v2\/media?parent=2930"}],"wp:term":[{"taxonomy":"product_cat","embeddable":true,"href":"https:\/\/www.pacoteshyatt.com.br\/rio-de-janeiro\/wp-json\/wp\/v2\/product_cat?post=2930"},{"taxonomy":"product_tag","embeddable":true,"href":"https:\/\/www.pacoteshyatt.com.br\/rio-de-janeiro\/wp-json\/wp\/v2\/product_tag?post=2930"}],"curies":[{"name":"wp","href":"https:\/\/api.w.org\/{rel}","templated":true}]}}