{"id":5733,"date":"2022-04-25T10:00:12","date_gmt":"2022-04-25T13:00:12","guid":{"rendered":"https:\/\/www.pacoteshyatt.com.br\/rio-de-janeiro\/?post_type=product&#038;p=5733"},"modified":"2026-04-30T09:34:37","modified_gmt":"2026-04-30T12:34:37","slug":"brunch-de-dia-das-maes","status":"publish","type":"product","link":"https:\/\/www.pacoteshyatt.com.br\/rio-de-janeiro\/product\/brunch-de-dia-das-maes\/","title":{"rendered":"10\/05 | Brunch de Dia das M\u00e3es"},"content":{"rendered":"<p style=\"text-align: center\"><span style=\"color: #bd2137\">If you are not Brazilian, get this experience by <a href=\"https:\/\/www.hyattexperiences.com\/grand-hyatt\/riogh#!\/e\/05-10-mother-s-day-brunch-10-05-d-a-de-la-madre-0e742526\">clicking here<\/a>.<br \/>\nSi no eres brasile\u00f1o, adquiere esta experiencia haciendo <a href=\"https:\/\/www.hyattexperiences.com\/grand-hyatt\/riogh#!\/e\/05-10-mother-s-day-brunch-10-05-d-a-de-la-madre-0e742526\">clic aqu\u00ed<\/a>.<\/span><\/p>\n<p>&nbsp;<\/p>\n<p>Celebre o Dia das M\u00e3es em um <strong>Brunch Especial <\/strong>com o melhor da gastronomia e momentos \u00fanicos no Grand Hyatt Rio de Janeiro! Aproveite um buffet completo com saladas, queijos, frios, op\u00e7\u00f5es quentes, esta\u00e7\u00f5es ao vivo e uma incr\u00edvel mesa de sobremesas<em>, <\/em>al\u00e9m de espumante, vinhos tinto e branco, cerveja e bebidas n\u00e3o alco\u00f3licas liberadas.<\/p>\n<p>A tarde fica ainda mais especial com <strong>m\u00fasica ao vivo com Theo Bial<\/strong>, com refer\u00eancias \u00e0 bossa nova, jazz e aos tradicionais estilos da MPB, e <strong>recrea\u00e7\u00e3o infanti<\/strong>l para os pequenos.<\/p>\n<p><strong>Data:<\/strong> domingo, 10\/05\/26<br \/>\n<strong>Hor\u00e1rio: <\/strong>de 13h \u00e0s 16h<strong><br \/>\nLocal: <\/strong>Av. L\u00facio Costa, 9600 &#8211; Barra da Tijuca, Rio de Janeiro &#8211; RJ, 22795-007<strong><br \/>\nPrimeiro lote dispon\u00edvel!<\/strong><\/p>\n<p>&nbsp;<\/p>\n<div>\n<hr \/>\n<p>&nbsp;<\/p>\n<p><span style=\"color: #bd2137\"><strong><span class=\"ui-provider a b c d e f g h i j k l m n o p q r s t u v w x y z ab ac ae af ag ah ai aj ak\" dir=\"ltr\">Este voucher \u00e9 v\u00e1lido para o Brunch de Dia das M\u00e3es que acontecer\u00e1 no dia 10\/05\/2026, n\u00e3o sendo poss\u00edvel utiliz\u00e1-lo em outra data.<\/span><\/strong><\/span><\/p>\n<p><span style=\"color: #bd2137\">Para pedidos especiais, utilize o campo de &#8220;Informa\u00e7\u00e3o Adicional&#8221; durante a finaliza\u00e7\u00e3o do pagamento ou envie um e-mail para riogh-marketing@hyatt.com<\/span><\/p>\n<\/div>\n","protected":false},"excerpt":{"rendered":"<p>If you are not Brazilian, get this experience by clicking here. Si no eres brasile\u00f1o, adquiere esta experiencia haciendo clic aqu\u00ed. &nbsp; Celebre o Dia das M\u00e3es em um Brunch Especial com o melhor da gastronomia e momentos \u00fanicos no Grand Hyatt Rio de Janeiro! Aproveite um buffet completo com saladas, queijos, frios, op\u00e7\u00f5es quentes, [&hellip;]<\/p>\n","protected":false},"featured_media":23150,"template":"","meta":{"_eb_attr":""},"product_cat":[108,135,20,56,68,70],"product_tag":[],"bundled_by":[],"bundle_stock_status":"instock","bundle_stock_quantity":175,"bundle_virtual":false,"bundle_layout":"","bundle_add_to_cart_form_location":"","bundle_editable_in_cart":false,"bundle_sold_individually_context":"","bundle_item_grouping":"","bundle_min_size":"","bundle_max_size":"","bundled_items":[],"yoast_head":"<!-- This site is optimized with the Yoast SEO plugin v18.4.1 - https:\/\/yoast.com\/wordpress\/plugins\/seo\/ -->\n<title>Brunch de Dia das M\u00e3es 10\/05 - Grand Hyatt Rio de Janeiro<\/title>\n<meta name=\"description\" content=\"Aproveite o brunch especial de Dia das M\u00e3es com m\u00fasica ao vivo com Theo Bial, recrea\u00e7\u00e3o infantil e gastronomia completa na Barra da Tijuca. Garanta seu reserva!\" \/>\n<meta name=\"robots\" content=\"index, follow, max-snippet:-1, max-image-preview:large, max-video-preview:-1\" \/>\n<link rel=\"canonical\" href=\"https:\/\/www.pacoteshyatt.com.br\/rio-de-janeiro\/product\/brunch-de-dia-das-maes\/\" \/>\n<meta property=\"og:locale\" content=\"pt_BR\" \/>\n<meta property=\"og:type\" content=\"article\" \/>\n<meta property=\"og:title\" content=\"Brunch de Dia das M\u00e3es 10\/05 - Grand Hyatt Rio de Janeiro\" \/>\n<meta property=\"og:description\" content=\"Aproveite o brunch especial de Dia das M\u00e3es com m\u00fasica ao vivo com Theo Bial, recrea\u00e7\u00e3o infantil e gastronomia completa na Barra da Tijuca. Garanta seu reserva!\" \/>\n<meta property=\"og:url\" content=\"https:\/\/www.pacoteshyatt.com.br\/rio-de-janeiro\/product\/brunch-de-dia-das-maes\/\" \/>\n<meta property=\"og:site_name\" content=\"GRAND HYATT RIO DE JANEIRO\" \/>\n<meta property=\"article:modified_time\" content=\"2026-04-30T12:34:37+00:00\" \/>\n<meta property=\"og:image\" content=\"https:\/\/www.pacoteshyatt.com.br\/rio-de-janeiro\/wp-content\/uploads\/sites\/2\/2022\/04\/GHRJ_ImagemOferta_308x200px_BrunchdasMaes_2026_v1.png\" \/>\n\t<meta property=\"og:image:width\" content=\"308\" \/>\n\t<meta property=\"og:image:height\" content=\"200\" \/>\n\t<meta property=\"og:image:type\" content=\"image\/png\" \/>\n<meta name=\"twitter:card\" content=\"summary_large_image\" \/>\n<meta name=\"twitter:label1\" content=\"Est. tempo de leitura\" \/>\n\t<meta name=\"twitter:data1\" content=\"1 minuto\" \/>\n<script type=\"application\/ld+json\" class=\"yoast-schema-graph\">{\"@context\":\"https:\/\/schema.org\",\"@graph\":[{\"@type\":\"WebSite\",\"@id\":\"https:\/\/www.pacoteshyatt.com.br\/rio-de-janeiro\/#website\",\"url\":\"https:\/\/www.pacoteshyatt.com.br\/rio-de-janeiro\/\",\"name\":\"GRAND HYATT RIO DE JANEIRO\",\"description\":\"Um verdadeiro resort urbano na Barra da Tijuca!\",\"potentialAction\":[{\"@type\":\"SearchAction\",\"target\":{\"@type\":\"EntryPoint\",\"urlTemplate\":\"https:\/\/www.pacoteshyatt.com.br\/rio-de-janeiro\/?s={search_term_string}\"},\"query-input\":\"required name=search_term_string\"}],\"inLanguage\":\"pt-BR\"},{\"@type\":\"ImageObject\",\"@id\":\"https:\/\/www.pacoteshyatt.com.br\/rio-de-janeiro\/product\/brunch-de-dia-das-maes\/#primaryimage\",\"inLanguage\":\"pt-BR\",\"url\":\"https:\/\/www.pacoteshyatt.com.br\/rio-de-janeiro\/wp-content\/uploads\/sites\/2\/2022\/04\/GHRJ_ImagemOferta_308x200px_BrunchdasMaes_2026_v1.png\",\"contentUrl\":\"https:\/\/www.pacoteshyatt.com.br\/rio-de-janeiro\/wp-content\/uploads\/sites\/2\/2022\/04\/GHRJ_ImagemOferta_308x200px_BrunchdasMaes_2026_v1.png\",\"width\":308,\"height\":200},{\"@type\":\"WebPage\",\"@id\":\"https:\/\/www.pacoteshyatt.com.br\/rio-de-janeiro\/product\/brunch-de-dia-das-maes\/#webpage\",\"url\":\"https:\/\/www.pacoteshyatt.com.br\/rio-de-janeiro\/product\/brunch-de-dia-das-maes\/\",\"name\":\"Brunch de Dia das M\u00e3es 10\/05 - Grand Hyatt Rio de Janeiro\",\"isPartOf\":{\"@id\":\"https:\/\/www.pacoteshyatt.com.br\/rio-de-janeiro\/#website\"},\"primaryImageOfPage\":{\"@id\":\"https:\/\/www.pacoteshyatt.com.br\/rio-de-janeiro\/product\/brunch-de-dia-das-maes\/#primaryimage\"},\"datePublished\":\"2022-04-25T13:00:12+00:00\",\"dateModified\":\"2026-04-30T12:34:37+00:00\",\"description\":\"Aproveite o brunch especial de Dia das M\u00e3es com m\u00fasica ao vivo com Theo Bial, recrea\u00e7\u00e3o infantil e gastronomia completa na Barra da Tijuca. Garanta seu reserva!\",\"breadcrumb\":{\"@id\":\"https:\/\/www.pacoteshyatt.com.br\/rio-de-janeiro\/product\/brunch-de-dia-das-maes\/#breadcrumb\"},\"inLanguage\":\"pt-BR\",\"potentialAction\":[{\"@type\":\"ReadAction\",\"target\":[\"https:\/\/www.pacoteshyatt.com.br\/rio-de-janeiro\/product\/brunch-de-dia-das-maes\/\"]}]},{\"@type\":\"BreadcrumbList\",\"@id\":\"https:\/\/www.pacoteshyatt.com.br\/rio-de-janeiro\/product\/brunch-de-dia-das-maes\/#breadcrumb\",\"itemListElement\":[{\"@type\":\"ListItem\",\"position\":1,\"name\":\"Home\",\"item\":\"https:\/\/www.pacoteshyatt.com.br\/rio-de-janeiro\/\"},{\"@type\":\"ListItem\",\"position\":2,\"name\":\"Cat\u00e1logo\",\"item\":\"https:\/\/www.pacoteshyatt.com.br\/rio-de-janeiro\/catalogo\/\"},{\"@type\":\"ListItem\",\"position\":3,\"name\":\"10\/05 | Brunch de Dia das M\u00e3es\"}]}]}<\/script>\n<!-- \/ Yoast SEO plugin. -->","yoast_head_json":{"title":"Brunch de Dia das M\u00e3es 10\/05 - Grand Hyatt Rio de Janeiro","description":"Aproveite o brunch especial de Dia das M\u00e3es com m\u00fasica ao vivo com Theo Bial, recrea\u00e7\u00e3o infantil e gastronomia completa na Barra da Tijuca. Garanta seu reserva!","robots":{"index":"index","follow":"follow","max-snippet":"max-snippet:-1","max-image-preview":"max-image-preview:large","max-video-preview":"max-video-preview:-1"},"canonical":"https:\/\/www.pacoteshyatt.com.br\/rio-de-janeiro\/product\/brunch-de-dia-das-maes\/","og_locale":"pt_BR","og_type":"article","og_title":"Brunch de Dia das M\u00e3es 10\/05 - Grand Hyatt Rio de Janeiro","og_description":"Aproveite o brunch especial de Dia das M\u00e3es com m\u00fasica ao vivo com Theo Bial, recrea\u00e7\u00e3o infantil e gastronomia completa na Barra da Tijuca. Garanta seu reserva!","og_url":"https:\/\/www.pacoteshyatt.com.br\/rio-de-janeiro\/product\/brunch-de-dia-das-maes\/","og_site_name":"GRAND HYATT RIO DE JANEIRO","article_modified_time":"2026-04-30T12:34:37+00:00","og_image":[{"width":308,"height":200,"url":"https:\/\/www.pacoteshyatt.com.br\/rio-de-janeiro\/wp-content\/uploads\/sites\/2\/2022\/04\/GHRJ_ImagemOferta_308x200px_BrunchdasMaes_2026_v1.png","type":"image\/png"}],"twitter_card":"summary_large_image","twitter_misc":{"Est. tempo de leitura":"1 minuto"},"schema":{"@context":"https:\/\/schema.org","@graph":[{"@type":"WebSite","@id":"https:\/\/www.pacoteshyatt.com.br\/rio-de-janeiro\/#website","url":"https:\/\/www.pacoteshyatt.com.br\/rio-de-janeiro\/","name":"GRAND HYATT RIO DE JANEIRO","description":"Um verdadeiro resort urbano na Barra da Tijuca!","potentialAction":[{"@type":"SearchAction","target":{"@type":"EntryPoint","urlTemplate":"https:\/\/www.pacoteshyatt.com.br\/rio-de-janeiro\/?s={search_term_string}"},"query-input":"required name=search_term_string"}],"inLanguage":"pt-BR"},{"@type":"ImageObject","@id":"https:\/\/www.pacoteshyatt.com.br\/rio-de-janeiro\/product\/brunch-de-dia-das-maes\/#primaryimage","inLanguage":"pt-BR","url":"https:\/\/www.pacoteshyatt.com.br\/rio-de-janeiro\/wp-content\/uploads\/sites\/2\/2022\/04\/GHRJ_ImagemOferta_308x200px_BrunchdasMaes_2026_v1.png","contentUrl":"https:\/\/www.pacoteshyatt.com.br\/rio-de-janeiro\/wp-content\/uploads\/sites\/2\/2022\/04\/GHRJ_ImagemOferta_308x200px_BrunchdasMaes_2026_v1.png","width":308,"height":200},{"@type":"WebPage","@id":"https:\/\/www.pacoteshyatt.com.br\/rio-de-janeiro\/product\/brunch-de-dia-das-maes\/#webpage","url":"https:\/\/www.pacoteshyatt.com.br\/rio-de-janeiro\/product\/brunch-de-dia-das-maes\/","name":"Brunch de Dia das M\u00e3es 10\/05 - Grand Hyatt Rio de Janeiro","isPartOf":{"@id":"https:\/\/www.pacoteshyatt.com.br\/rio-de-janeiro\/#website"},"primaryImageOfPage":{"@id":"https:\/\/www.pacoteshyatt.com.br\/rio-de-janeiro\/product\/brunch-de-dia-das-maes\/#primaryimage"},"datePublished":"2022-04-25T13:00:12+00:00","dateModified":"2026-04-30T12:34:37+00:00","description":"Aproveite o brunch especial de Dia das M\u00e3es com m\u00fasica ao vivo com Theo Bial, recrea\u00e7\u00e3o infantil e gastronomia completa na Barra da Tijuca. Garanta seu reserva!","breadcrumb":{"@id":"https:\/\/www.pacoteshyatt.com.br\/rio-de-janeiro\/product\/brunch-de-dia-das-maes\/#breadcrumb"},"inLanguage":"pt-BR","potentialAction":[{"@type":"ReadAction","target":["https:\/\/www.pacoteshyatt.com.br\/rio-de-janeiro\/product\/brunch-de-dia-das-maes\/"]}]},{"@type":"BreadcrumbList","@id":"https:\/\/www.pacoteshyatt.com.br\/rio-de-janeiro\/product\/brunch-de-dia-das-maes\/#breadcrumb","itemListElement":[{"@type":"ListItem","position":1,"name":"Home","item":"https:\/\/www.pacoteshyatt.com.br\/rio-de-janeiro\/"},{"@type":"ListItem","position":2,"name":"Cat\u00e1logo","item":"https:\/\/www.pacoteshyatt.com.br\/rio-de-janeiro\/catalogo\/"},{"@type":"ListItem","position":3,"name":"10\/05 | Brunch de Dia das M\u00e3es"}]}]}},"_links":{"self":[{"href":"https:\/\/www.pacoteshyatt.com.br\/rio-de-janeiro\/wp-json\/wp\/v2\/product\/5733"}],"collection":[{"href":"https:\/\/www.pacoteshyatt.com.br\/rio-de-janeiro\/wp-json\/wp\/v2\/product"}],"about":[{"href":"https:\/\/www.pacoteshyatt.com.br\/rio-de-janeiro\/wp-json\/wp\/v2\/types\/product"}],"wp:featuredmedia":[{"embeddable":true,"href":"https:\/\/www.pacoteshyatt.com.br\/rio-de-janeiro\/wp-json\/wp\/v2\/media\/23150"}],"wp:attachment":[{"href":"https:\/\/www.pacoteshyatt.com.br\/rio-de-janeiro\/wp-json\/wp\/v2\/media?parent=5733"}],"wp:term":[{"taxonomy":"product_cat","embeddable":true,"href":"https:\/\/www.pacoteshyatt.com.br\/rio-de-janeiro\/wp-json\/wp\/v2\/product_cat?post=5733"},{"taxonomy":"product_tag","embeddable":true,"href":"https:\/\/www.pacoteshyatt.com.br\/rio-de-janeiro\/wp-json\/wp\/v2\/product_tag?post=5733"}],"curies":[{"name":"wp","href":"https:\/\/api.w.org\/{rel}","templated":true}]}}

10/05 | Brunch de Dia das Mães

<p style="text-align: center"><span style="color: #bd2137">If you are not Brazilian, get this experience by <a href="https://www.hyattexperiences.com/grand-hyatt/riogh#!/e/05-10-mother-s-day-brunch-10-05-d-a-de-la-madre-0e742526">clicking here</a>.<br />
Si no eres brasileño, adquiere esta experiencia haciendo <a href="https://www.hyattexperiences.com/grand-hyatt/riogh#!/e/05-10-mother-s-day-brunch-10-05-d-a-de-la-madre-0e742526">clic aquí</a>.</span></p>
<p>&nbsp;</p>
<p>Celebre o Dia das Mães em um <strong>Brunch Especial </strong>com o melhor da gastronomia e momentos únicos no Grand Hyatt Rio de Janeiro! Aproveite um buffet completo com saladas, queijos, frios, opções quentes, estações ao vivo e uma incrível mesa de sobremesas<em>, </em>além de espumante, vinhos tinto e branco, cerveja e bebidas não alcoólicas liberadas.</p>
<p>A tarde fica ainda mais especial com <strong>música ao vivo com Theo Bial</strong>, com referências à bossa nova, jazz e aos tradicionais estilos da MPB, e <strong>recreação infanti</strong>l para os pequenos.</p>
<p><strong>Data:</strong> domingo, 10/05/26<br />
<strong>Horário: </strong>de 13h às 16h<strong><br />
Local: </strong>Av. Lúcio Costa, 9600 &#8211; Barra da Tijuca, Rio de Janeiro &#8211; RJ, 22795-007<strong><br />
Primeiro lote disponível!</strong></p>
<p>&nbsp;</p>
<div>
<hr />
<p>&nbsp;</p>
<p><span style="color: #bd2137"><strong><span class="ui-provider a b c d e f g h i j k l m n o p q r s t u v w x y z ab ac ae af ag ah ai aj ak" dir="ltr">Este voucher é válido para o Brunch de Dia das Mães que acontecerá no dia 10/05/2026, não sendo possível utilizá-lo em outra data.</span></strong></span></p>
<p><span style="color: #bd2137">Para pedidos especiais, utilize o campo de &#8220;Informação Adicional&#8221; durante a finalização do pagamento ou envie um e-mail para riogh-marketing@hyatt.com</span></p>
</div>

<p>If you are not Brazilian, get this experience by clicking here. Si no eres brasileño, adquiere esta experiencia haciendo clic aquí. &nbsp; Celebre o Dia das Mães em um Brunch Especial com o melhor da gastronomia e momentos únicos no Grand Hyatt Rio de Janeiro! Aproveite um buffet completo com saladas, queijos, frios, opções quentes, [&hellip;]</p>

<!-- This site is optimized with the Yoast SEO plugin v18.4.1 - https://yoast.com/wordpress/plugins/seo/ -->
<title>Brunch de Dia das Mães 10/05 - Grand Hyatt Rio de Janeiro</title>
<meta name="description" content="Aproveite o brunch especial de Dia das Mães com música ao vivo com Theo Bial, recreação infantil e gastronomia completa na Barra da Tijuca. Garanta seu reserva!" />
<meta name="robots" content="index, follow, max-snippet:-1, max-image-preview:large, max-video-preview:-1" />
<link rel="canonical" href="https://www.pacoteshyatt.com.br/rio-de-janeiro/product/brunch-de-dia-das-maes/" />
<meta property="og:locale" content="pt_BR" />
<meta property="og:type" content="article" />
<meta property="og:title" content="Brunch de Dia das Mães 10/05 - Grand Hyatt Rio de Janeiro" />
<meta property="og:description" content="Aproveite o brunch especial de Dia das Mães com música ao vivo com Theo Bial, recreação infantil e gastronomia completa na Barra da Tijuca. Garanta seu reserva!" />
<meta property="og:url" content="https://www.pacoteshyatt.com.br/rio-de-janeiro/product/brunch-de-dia-das-maes/" />
<meta property="og:site_name" content="GRAND HYATT RIO DE JANEIRO" />
<meta property="article:modified_time" content="2026-04-30T12:34:37+00:00" />
<meta property="og:image" content="https://www.pacoteshyatt.com.br/rio-de-janeiro/wp-content/uploads/sites/2/2022/04/GHRJ_ImagemOferta_308x200px_BrunchdasMaes_2026_v1.png" />
	<meta property="og:image:width" content="308" />
	<meta property="og:image:height" content="200" />
	<meta property="og:image:type" content="image/png" />
<meta name="twitter:card" content="summary_large_image" />
<meta name="twitter:label1" content="Est. tempo de leitura" />
	<meta name="twitter:data1" content="1 minuto" />
<script type="application/ld+json" class="yoast-schema-graph">{"@context":"https://schema.org","@graph":[{"@type":"WebSite","@id":"https://www.pacoteshyatt.com.br/rio-de-janeiro/#website","url":"https://www.pacoteshyatt.com.br/rio-de-janeiro/","name":"GRAND HYATT RIO DE JANEIRO","description":"Um verdadeiro resort urbano na Barra da Tijuca!","potentialAction":[{"@type":"SearchAction","target":{"@type":"EntryPoint","urlTemplate":"https://www.pacoteshyatt.com.br/rio-de-janeiro/?s={search_term_string}"},"query-input":"required name=search_term_string"}],"inLanguage":"pt-BR"},{"@type":"ImageObject","@id":"https://www.pacoteshyatt.com.br/rio-de-janeiro/product/brunch-de-dia-das-maes/#primaryimage","inLanguage":"pt-BR","url":"https://www.pacoteshyatt.com.br/rio-de-janeiro/wp-content/uploads/sites/2/2022/04/GHRJ_ImagemOferta_308x200px_BrunchdasMaes_2026_v1.png","contentUrl":"https://www.pacoteshyatt.com.br/rio-de-janeiro/wp-content/uploads/sites/2/2022/04/GHRJ_ImagemOferta_308x200px_BrunchdasMaes_2026_v1.png","width":308,"height":200},{"@type":"WebPage","@id":"https://www.pacoteshyatt.com.br/rio-de-janeiro/product/brunch-de-dia-das-maes/#webpage","url":"https://www.pacoteshyatt.com.br/rio-de-janeiro/product/brunch-de-dia-das-maes/","name":"Brunch de Dia das Mães 10/05 - Grand Hyatt Rio de Janeiro","isPartOf":{"@id":"https://www.pacoteshyatt.com.br/rio-de-janeiro/#website"},"primaryImageOfPage":{"@id":"https://www.pacoteshyatt.com.br/rio-de-janeiro/product/brunch-de-dia-das-maes/#primaryimage"},"datePublished":"2022-04-25T13:00:12+00:00","dateModified":"2026-04-30T12:34:37+00:00","description":"Aproveite o brunch especial de Dia das Mães com música ao vivo com Theo Bial, recreação infantil e gastronomia completa na Barra da Tijuca. Garanta seu reserva!","breadcrumb":{"@id":"https://www.pacoteshyatt.com.br/rio-de-janeiro/product/brunch-de-dia-das-maes/#breadcrumb"},"inLanguage":"pt-BR","potentialAction":[{"@type":"ReadAction","target":["https://www.pacoteshyatt.com.br/rio-de-janeiro/product/brunch-de-dia-das-maes/"]}]},{"@type":"BreadcrumbList","@id":"https://www.pacoteshyatt.com.br/rio-de-janeiro/product/brunch-de-dia-das-maes/#breadcrumb","itemListElement":[{"@type":"ListItem","position":1,"name":"Home","item":"https://www.pacoteshyatt.com.br/rio-de-janeiro/"},{"@type":"ListItem","position":2,"name":"Catálogo","item":"https://www.pacoteshyatt.com.br/rio-de-janeiro/catalogo/"},{"@type":"ListItem","position":3,"name":"10/05 | Brunch de Dia das Mães"}]}]}</script>
<!-- / Yoast SEO plugin. -->

Brunch de Dia das Mães 10/05 - Grand Hyatt Rio de Janeiro

Aproveite o brunch especial de Dia das Mães com música ao vivo com Theo Bial, recreação infantil e gastronomia completa na Barra da Tijuca. Garanta seu reserva!

Catálogo
