{"id":6004,"date":"2022-06-06T14:00:28","date_gmt":"2022-06-06T17:00:28","guid":{"rendered":"https:\/\/www.pacoteshyatt.com.br\/rio-de-janeiro\/?post_type=product&#038;p=6004"},"modified":"2026-05-04T14:50:18","modified_gmt":"2026-05-04T17:50:18","slug":"day-spa-conforto","status":"publish","type":"product","link":"https:\/\/www.pacoteshyatt.com.br\/rio-de-janeiro\/product\/day-spa-conforto\/","title":{"rendered":"Day Spa Conforto"},"content":{"rendered":"<p data-start=\"320\" data-end=\"522\">Permita-se vivenciar um momento de absoluto conforto e serenidade com o <strong data-start=\"392\" data-end=\"412\">Day Spa Conforto<\/strong>, uma jornada completa de cuidados no <strong data-start=\"450\" data-end=\"464\">Atiaia Spa.<\/strong><\/p>\n<p data-start=\"524\" data-end=\"717\">Este ritual exclusivo come\u00e7a com um <strong data-start=\"560\" data-end=\"585\">escalda-p\u00e9s<\/strong>, seguido por uma <strong data-start=\"603\" data-end=\"627\">esfolia\u00e7\u00e3o nutritiva,<\/strong>\u00a0que promove suavidade e vitalidade \u00e0 pele.<\/p>\n<p data-start=\"719\" data-end=\"969\">Na sequ\u00eancia, dedicamos aten\u00e7\u00e3o especial \u00e0s extremidades: uma <strong data-start=\"781\" data-end=\"828\">massagem revigorante nos p\u00e9s, m\u00e3os e cabe\u00e7a<\/strong> antecede uma envolvente <strong data-start=\"853\" data-end=\"884\">massagem relaxante corporal<\/strong>, que alivia tens\u00f5es e proporciona uma profunda sensa\u00e7\u00e3o de equil\u00edbrio e bem-estar.<\/p>\n<p data-start=\"971\" data-end=\"1132\">Para concluir essa experi\u00eancia multissensorial, servimos um dos <strong data-start=\"1035\" data-end=\"1081\">blends de ch\u00e1 personalizados do Atiaia Spa<\/strong>, ideal para prolongar a sensa\u00e7\u00e3o de relaxamento.<\/p>\n<p data-start=\"1134\" data-end=\"1172\"><strong>O que inclui o Day Spa Conforto:<br \/>\n\u2022 <\/strong><strong data-start=\"1175\" data-end=\"1206\">Escalda-p\u00e9s<\/strong>\u00a0\u2013 10 min<br \/>\n<strong data-start=\"1220\" data-end=\"1277\">\u2022 Esfolia\u00e7\u00e3o corporal<\/strong>\u00a0\u2013 30 min<br \/>\n<strong data-start=\"1291\" data-end=\"1311\">\u2022 Massagem nos p\u00e9s<\/strong> \u2013 20 min<br \/>\n<strong data-start=\"1325\" data-end=\"1346\">\u2022 Ducha revigorante<\/strong> \u2013 10 min<br \/>\n<strong data-start=\"1360\" data-end=\"1391\">\u2022 Massagem relaxante completa<\/strong> \u2013 60 min<br \/>\n<strong data-start=\"1405\" data-end=\"1422\">\u2022 Ch\u00e1 \u00e0 escolha<\/strong> \u2013 10 min<\/p>\n<p data-start=\"1435\" data-end=\"1471\"><strong data-start=\"1435\" data-end=\"1469\">Dura\u00e7\u00e3o total aproximada: 2h20<\/strong><\/p>\n<p data-start=\"1473\" data-end=\"1607\">Viva essa experi\u00eancia de cuidado integral, em um espa\u00e7o que combina sofistica\u00e7\u00e3o, acolhimento e excel\u00eancia em terapias de bem-estar.<\/p>\n<hr \/>\n<p style=\"text-align: left\"><strong><span style=\"color: #bd2137\"><em><span class=\"ui-provider a b c d e f g h i j k l m n o p q r s t u v w x y z ab ac ae af ag ah ai aj ak\" dir=\"ltr\"><i>ESTE VOUCHER TEM VALIDADE DE 3 MESES, MEDIANTE AGENDAMENTO PR\u00c9VIO E DISPONIBILIDADE.<\/i><\/span><\/em><\/span><\/strong><\/p>\n<p style=\"text-align: left\"><span style=\"color: #bd2137\"><i>Ap\u00f3s a compra, \u00e9 necess\u00e1rio realizar o agendamento atrav\u00e9s do Whatsapp: (21) 3797-9566. Para essa experi\u00eancia, n\u00e3o atendemos gestantes. Consulte disponibilidade.<\/i><\/span><\/p>\n","protected":false},"excerpt":{"rendered":"<p>Permita-se vivenciar um momento de absoluto conforto e serenidade com o Day Spa Conforto, uma jornada completa de cuidados no Atiaia Spa. Este ritual exclusivo come\u00e7a com um escalda-p\u00e9s, seguido por uma esfolia\u00e7\u00e3o nutritiva,\u00a0que promove suavidade e vitalidade \u00e0 pele. Na sequ\u00eancia, dedicamos aten\u00e7\u00e3o especial \u00e0s extremidades: uma massagem revigorante nos p\u00e9s, m\u00e3os e cabe\u00e7a [&hellip;]<\/p>\n","protected":false},"featured_media":6006,"template":"","meta":{"_eb_attr":""},"product_cat":[19,22,68,71],"product_tag":[],"bundled_by":[],"bundle_stock_status":"instock","bundle_stock_quantity":null,"bundle_virtual":false,"bundle_layout":"","bundle_add_to_cart_form_location":"","bundle_editable_in_cart":false,"bundle_sold_individually_context":"","bundle_item_grouping":"","bundle_min_size":"","bundle_max_size":"","bundled_items":[],"yoast_head":"<!-- This site is optimized with the Yoast SEO plugin v18.4.1 - https:\/\/yoast.com\/wordpress\/plugins\/seo\/ -->\n<title>Day Spa Conforto - GRAND HYATT RIO DE JANEIRO<\/title>\n<meta name=\"description\" content=\"No Atiaia Spa, o spa do Grand Hyatt Rio de Janeiro, voc\u00ea encontra diversos tratamentos e massagens para o seu corpo e sua mente.\u00a0\" \/>\n<meta name=\"robots\" content=\"index, follow, max-snippet:-1, max-image-preview:large, max-video-preview:-1\" \/>\n<link rel=\"canonical\" href=\"https:\/\/www.pacoteshyatt.com.br\/rio-de-janeiro\/product\/day-spa-conforto\/\" \/>\n<meta property=\"og:locale\" content=\"pt_BR\" \/>\n<meta property=\"og:type\" content=\"article\" \/>\n<meta property=\"og:title\" content=\"Day Spa Conforto - GRAND HYATT RIO DE JANEIRO\" \/>\n<meta property=\"og:description\" content=\"No Atiaia Spa, o spa do Grand Hyatt Rio de Janeiro, voc\u00ea encontra diversos tratamentos e massagens para o seu corpo e sua mente.\u00a0\" \/>\n<meta property=\"og:url\" content=\"https:\/\/www.pacoteshyatt.com.br\/rio-de-janeiro\/product\/day-spa-conforto\/\" \/>\n<meta property=\"og:site_name\" content=\"GRAND HYATT RIO DE JANEIRO\" \/>\n<meta property=\"article:modified_time\" content=\"2026-05-04T17:50:18+00:00\" \/>\n<meta property=\"og:image\" content=\"https:\/\/www.pacoteshyatt.com.br\/rio-de-janeiro\/wp-content\/uploads\/sites\/2\/2022\/06\/oferta_spa-massagem-mascara-facial.jpg\" \/>\n\t<meta property=\"og:image:width\" content=\"308\" \/>\n\t<meta property=\"og:image:height\" content=\"200\" \/>\n\t<meta property=\"og:image:type\" content=\"image\/jpeg\" \/>\n<meta name=\"twitter:card\" content=\"summary_large_image\" \/>\n<meta name=\"twitter:label1\" content=\"Est. tempo de leitura\" \/>\n\t<meta name=\"twitter:data1\" content=\"2 minutos\" \/>\n<script type=\"application\/ld+json\" class=\"yoast-schema-graph\">{\"@context\":\"https:\/\/schema.org\",\"@graph\":[{\"@type\":\"WebSite\",\"@id\":\"https:\/\/www.pacoteshyatt.com.br\/rio-de-janeiro\/#website\",\"url\":\"https:\/\/www.pacoteshyatt.com.br\/rio-de-janeiro\/\",\"name\":\"GRAND HYATT RIO DE JANEIRO\",\"description\":\"Um verdadeiro resort urbano na Barra da Tijuca!\",\"potentialAction\":[{\"@type\":\"SearchAction\",\"target\":{\"@type\":\"EntryPoint\",\"urlTemplate\":\"https:\/\/www.pacoteshyatt.com.br\/rio-de-janeiro\/?s={search_term_string}\"},\"query-input\":\"required name=search_term_string\"}],\"inLanguage\":\"pt-BR\"},{\"@type\":\"ImageObject\",\"@id\":\"https:\/\/www.pacoteshyatt.com.br\/rio-de-janeiro\/product\/day-spa-conforto\/#primaryimage\",\"inLanguage\":\"pt-BR\",\"url\":\"https:\/\/www.pacoteshyatt.com.br\/rio-de-janeiro\/wp-content\/uploads\/sites\/2\/2022\/06\/oferta_spa-massagem-mascara-facial.jpg\",\"contentUrl\":\"https:\/\/www.pacoteshyatt.com.br\/rio-de-janeiro\/wp-content\/uploads\/sites\/2\/2022\/06\/oferta_spa-massagem-mascara-facial.jpg\",\"width\":308,\"height\":200,\"caption\":\"Sess\u00e3o de Day Spa Conforto\"},{\"@type\":\"WebPage\",\"@id\":\"https:\/\/www.pacoteshyatt.com.br\/rio-de-janeiro\/product\/day-spa-conforto\/#webpage\",\"url\":\"https:\/\/www.pacoteshyatt.com.br\/rio-de-janeiro\/product\/day-spa-conforto\/\",\"name\":\"Day Spa Conforto - GRAND HYATT RIO DE JANEIRO\",\"isPartOf\":{\"@id\":\"https:\/\/www.pacoteshyatt.com.br\/rio-de-janeiro\/#website\"},\"primaryImageOfPage\":{\"@id\":\"https:\/\/www.pacoteshyatt.com.br\/rio-de-janeiro\/product\/day-spa-conforto\/#primaryimage\"},\"datePublished\":\"2022-06-06T17:00:28+00:00\",\"dateModified\":\"2026-05-04T17:50:18+00:00\",\"description\":\"No Atiaia Spa, o spa do Grand Hyatt Rio de Janeiro, voc\u00ea encontra diversos tratamentos e massagens para o seu corpo e sua mente.\u00a0\",\"breadcrumb\":{\"@id\":\"https:\/\/www.pacoteshyatt.com.br\/rio-de-janeiro\/product\/day-spa-conforto\/#breadcrumb\"},\"inLanguage\":\"pt-BR\",\"potentialAction\":[{\"@type\":\"ReadAction\",\"target\":[\"https:\/\/www.pacoteshyatt.com.br\/rio-de-janeiro\/product\/day-spa-conforto\/\"]}]},{\"@type\":\"BreadcrumbList\",\"@id\":\"https:\/\/www.pacoteshyatt.com.br\/rio-de-janeiro\/product\/day-spa-conforto\/#breadcrumb\",\"itemListElement\":[{\"@type\":\"ListItem\",\"position\":1,\"name\":\"Home\",\"item\":\"https:\/\/www.pacoteshyatt.com.br\/rio-de-janeiro\/\"},{\"@type\":\"ListItem\",\"position\":2,\"name\":\"Cat\u00e1logo\",\"item\":\"https:\/\/www.pacoteshyatt.com.br\/rio-de-janeiro\/catalogo\/\"},{\"@type\":\"ListItem\",\"position\":3,\"name\":\"Day Spa Conforto\"}]}]}<\/script>\n<!-- \/ Yoast SEO plugin. -->","yoast_head_json":{"title":"Day Spa Conforto - GRAND HYATT RIO DE JANEIRO","description":"No Atiaia Spa, o spa do Grand Hyatt Rio de Janeiro, voc\u00ea encontra diversos tratamentos e massagens para o seu corpo e sua mente.\u00a0","robots":{"index":"index","follow":"follow","max-snippet":"max-snippet:-1","max-image-preview":"max-image-preview:large","max-video-preview":"max-video-preview:-1"},"canonical":"https:\/\/www.pacoteshyatt.com.br\/rio-de-janeiro\/product\/day-spa-conforto\/","og_locale":"pt_BR","og_type":"article","og_title":"Day Spa Conforto - GRAND HYATT RIO DE JANEIRO","og_description":"No Atiaia Spa, o spa do Grand Hyatt Rio de Janeiro, voc\u00ea encontra diversos tratamentos e massagens para o seu corpo e sua mente.\u00a0","og_url":"https:\/\/www.pacoteshyatt.com.br\/rio-de-janeiro\/product\/day-spa-conforto\/","og_site_name":"GRAND HYATT RIO DE JANEIRO","article_modified_time":"2026-05-04T17:50:18+00:00","og_image":[{"width":308,"height":200,"url":"https:\/\/www.pacoteshyatt.com.br\/rio-de-janeiro\/wp-content\/uploads\/sites\/2\/2022\/06\/oferta_spa-massagem-mascara-facial.jpg","type":"image\/jpeg"}],"twitter_card":"summary_large_image","twitter_misc":{"Est. tempo de leitura":"2 minutos"},"schema":{"@context":"https:\/\/schema.org","@graph":[{"@type":"WebSite","@id":"https:\/\/www.pacoteshyatt.com.br\/rio-de-janeiro\/#website","url":"https:\/\/www.pacoteshyatt.com.br\/rio-de-janeiro\/","name":"GRAND HYATT RIO DE JANEIRO","description":"Um verdadeiro resort urbano na Barra da Tijuca!","potentialAction":[{"@type":"SearchAction","target":{"@type":"EntryPoint","urlTemplate":"https:\/\/www.pacoteshyatt.com.br\/rio-de-janeiro\/?s={search_term_string}"},"query-input":"required name=search_term_string"}],"inLanguage":"pt-BR"},{"@type":"ImageObject","@id":"https:\/\/www.pacoteshyatt.com.br\/rio-de-janeiro\/product\/day-spa-conforto\/#primaryimage","inLanguage":"pt-BR","url":"https:\/\/www.pacoteshyatt.com.br\/rio-de-janeiro\/wp-content\/uploads\/sites\/2\/2022\/06\/oferta_spa-massagem-mascara-facial.jpg","contentUrl":"https:\/\/www.pacoteshyatt.com.br\/rio-de-janeiro\/wp-content\/uploads\/sites\/2\/2022\/06\/oferta_spa-massagem-mascara-facial.jpg","width":308,"height":200,"caption":"Sess\u00e3o de Day Spa Conforto"},{"@type":"WebPage","@id":"https:\/\/www.pacoteshyatt.com.br\/rio-de-janeiro\/product\/day-spa-conforto\/#webpage","url":"https:\/\/www.pacoteshyatt.com.br\/rio-de-janeiro\/product\/day-spa-conforto\/","name":"Day Spa Conforto - GRAND HYATT RIO DE JANEIRO","isPartOf":{"@id":"https:\/\/www.pacoteshyatt.com.br\/rio-de-janeiro\/#website"},"primaryImageOfPage":{"@id":"https:\/\/www.pacoteshyatt.com.br\/rio-de-janeiro\/product\/day-spa-conforto\/#primaryimage"},"datePublished":"2022-06-06T17:00:28+00:00","dateModified":"2026-05-04T17:50:18+00:00","description":"No Atiaia Spa, o spa do Grand Hyatt Rio de Janeiro, voc\u00ea encontra diversos tratamentos e massagens para o seu corpo e sua mente.\u00a0","breadcrumb":{"@id":"https:\/\/www.pacoteshyatt.com.br\/rio-de-janeiro\/product\/day-spa-conforto\/#breadcrumb"},"inLanguage":"pt-BR","potentialAction":[{"@type":"ReadAction","target":["https:\/\/www.pacoteshyatt.com.br\/rio-de-janeiro\/product\/day-spa-conforto\/"]}]},{"@type":"BreadcrumbList","@id":"https:\/\/www.pacoteshyatt.com.br\/rio-de-janeiro\/product\/day-spa-conforto\/#breadcrumb","itemListElement":[{"@type":"ListItem","position":1,"name":"Home","item":"https:\/\/www.pacoteshyatt.com.br\/rio-de-janeiro\/"},{"@type":"ListItem","position":2,"name":"Cat\u00e1logo","item":"https:\/\/www.pacoteshyatt.com.br\/rio-de-janeiro\/catalogo\/"},{"@type":"ListItem","position":3,"name":"Day Spa Conforto"}]}]}},"_links":{"self":[{"href":"https:\/\/www.pacoteshyatt.com.br\/rio-de-janeiro\/wp-json\/wp\/v2\/product\/6004"}],"collection":[{"href":"https:\/\/www.pacoteshyatt.com.br\/rio-de-janeiro\/wp-json\/wp\/v2\/product"}],"about":[{"href":"https:\/\/www.pacoteshyatt.com.br\/rio-de-janeiro\/wp-json\/wp\/v2\/types\/product"}],"wp:featuredmedia":[{"embeddable":true,"href":"https:\/\/www.pacoteshyatt.com.br\/rio-de-janeiro\/wp-json\/wp\/v2\/media\/6006"}],"wp:attachment":[{"href":"https:\/\/www.pacoteshyatt.com.br\/rio-de-janeiro\/wp-json\/wp\/v2\/media?parent=6004"}],"wp:term":[{"taxonomy":"product_cat","embeddable":true,"href":"https:\/\/www.pacoteshyatt.com.br\/rio-de-janeiro\/wp-json\/wp\/v2\/product_cat?post=6004"},{"taxonomy":"product_tag","embeddable":true,"href":"https:\/\/www.pacoteshyatt.com.br\/rio-de-janeiro\/wp-json\/wp\/v2\/product_tag?post=6004"}],"curies":[{"name":"wp","href":"https:\/\/api.w.org\/{rel}","templated":true}]}}