{"id":9019,"date":"2023-05-19T09:46:09","date_gmt":"2023-05-19T12:46:09","guid":{"rendered":"https:\/\/www.pacoteshyatt.com.br\/rio-de-janeiro\/?post_type=product&#038;p=9019"},"modified":"2025-06-30T10:14:33","modified_gmt":"2025-06-30T13:14:33","slug":"brunch-junino","status":"publish","type":"product","link":"https:\/\/www.pacoteshyatt.com.br\/rio-de-janeiro\/product\/brunch-junino\/","title":{"rendered":"29\/06 | Brunch Junino"},"content":{"rendered":"<div>\n<p><strong><span style=\"text-decoration: underline\">Vendas online encerradas.<\/span> Entre em contato atrav\u00e9s do email <span style=\"text-decoration: underline\">RIOGH-hostesses@hyatt.com<\/span> ou telefone\/Whatsapp <span style=\"text-decoration: underline\">(21) 3797-9524<\/span> para fazer a reserva.<\/strong><\/p>\n<p>&nbsp;<\/p>\n<p>Prepare-se para um <strong>Brunch Junino<\/strong> encantador!<br \/>\n<strong>No Grand Hyatt Rio de Janeiro<\/strong>, transformamos a experi\u00eancia t\u00edpica de Festa Junina em um evento sofisticado e repleto de alegria, unindo o melhor da gastronomia, m\u00fasica e divers\u00e3o para toda a fam\u00edlia.<\/p>\n<p>Delicie-se com um buffet repleto de <strong>comidas t\u00edpicas<\/strong> preparadas com toque especial dos Chefs da casa: de milho verde, salsich\u00e3o, pamonha, risoto de bai\u00e3o de dois a nossa deliciosa mesa de sobremesas com bolo de milho, canjica, ma\u00e7\u00e3 do amor e mais!<\/p>\n<p>Para completar teremos<strong> bebidas liberadas<\/strong> para os adultos: espumante, vinhos tinto e branco, cerveja, caipirinha e bebidas n\u00e3o alco\u00f3licas para todos.<\/p>\n<p>&nbsp;<\/p>\n<p>Como n\u00e3o podia faltar em uma Festa Junina teremos <strong>m\u00fasica ao vivo com o grupo Bai\u00e3o Lunar, quadrilha para toda a fam\u00edlia e barraquinhas de brincadeiras!<\/strong><\/p>\n<\/div>\n<div><strong><br \/>\nData: 29\/06<br data-start=\"1461\" data-end=\"1464\" \/>Hor\u00e1rio: das 13h \u00e0s 16h<\/strong><\/div>\n<div><strong>Endere\u00e7o: Avenida L\u00facio Costa, 9600, Rio de Janeiro, CEP 22795-007<\/strong><\/div>\n<p>&nbsp;<\/p>\n<p>Todos os pre\u00e7os acima j\u00e1 incluem taxa de servi\u00e7o.<\/p>\n<div>\n<p>&nbsp;<\/p>\n<\/div>\n<p>Cada voucher gerado para o <strong>Brunch Junino<\/strong><strong>\u00a0<\/strong>\u00e9 v\u00e1lido para 1 pessoa, e dever\u00e1 ser utilizado somente no domingo <strong>29\/06\/2025<\/strong>\u00a0(das 13h \u00e0s 16h).<\/p>\n","protected":false},"excerpt":{"rendered":"<p>Vendas online encerradas. Entre em contato atrav\u00e9s do email RIOGH-hostesses@hyatt.com ou telefone\/Whatsapp (21) 3797-9524 para fazer a reserva. &nbsp; Prepare-se para um Brunch Junino encantador! No Grand Hyatt Rio de Janeiro, transformamos a experi\u00eancia t\u00edpica de Festa Junina em um evento sofisticado e repleto de alegria, unindo o melhor da gastronomia, m\u00fasica e divers\u00e3o para [&hellip;]<\/p>\n","protected":false},"featured_media":18982,"template":"","meta":{"_eb_attr":""},"product_cat":[108,135,106,107,20,69,56,68,70],"product_tag":[],"bundled_by":[],"bundle_stock_status":"outofstock","bundle_stock_quantity":0,"bundle_virtual":false,"bundle_layout":"","bundle_add_to_cart_form_location":"","bundle_editable_in_cart":false,"bundle_sold_individually_context":"","bundle_item_grouping":"","bundle_min_size":"","bundle_max_size":"","bundled_items":[],"yoast_head":"<!-- This site is optimized with the Yoast SEO plugin v18.4.1 - https:\/\/yoast.com\/wordpress\/plugins\/seo\/ -->\n<title>Brunch Junino: Comidas t\u00edpicas e m\u00fasica \u2013 Hyatt RJ<\/title>\n<meta name=\"description\" content=\"Aproveite o Brunch Junino do Grand Hyatt Rio em 29\/06, das 13h \u00e0s 16h: buffet completo, comidas t\u00edpicas, bebidas liberadas e m\u00fasica ao vivo. Reserve j\u00e1!\" \/>\n<meta name=\"robots\" content=\"index, follow, max-snippet:-1, max-image-preview:large, max-video-preview:-1\" \/>\n<link rel=\"canonical\" href=\"https:\/\/www.pacoteshyatt.com.br\/rio-de-janeiro\/product\/brunch-junino\/\" \/>\n<meta property=\"og:locale\" content=\"pt_BR\" \/>\n<meta property=\"og:type\" content=\"article\" \/>\n<meta property=\"og:title\" content=\"Brunch Junino: Comidas t\u00edpicas e m\u00fasica \u2013 Hyatt RJ\" \/>\n<meta property=\"og:description\" content=\"Aproveite o Brunch Junino do Grand Hyatt Rio em 29\/06, das 13h \u00e0s 16h: buffet completo, comidas t\u00edpicas, bebidas liberadas e m\u00fasica ao vivo. Reserve j\u00e1!\" \/>\n<meta property=\"og:url\" content=\"https:\/\/www.pacoteshyatt.com.br\/rio-de-janeiro\/product\/brunch-junino\/\" \/>\n<meta property=\"og:site_name\" content=\"GRAND HYATT RIO DE JANEIRO\" \/>\n<meta property=\"article:modified_time\" content=\"2025-06-30T13:14:33+00:00\" \/>\n<meta property=\"og:image\" content=\"https:\/\/www.pacoteshyatt.com.br\/rio-de-janeiro\/wp-content\/uploads\/sites\/2\/2023\/05\/GHRJ_BannersPacotes_308x200px_BrunchJunino_2025_v1.png\" \/>\n\t<meta property=\"og:image:width\" content=\"308\" \/>\n\t<meta property=\"og:image:height\" content=\"200\" \/>\n\t<meta property=\"og:image:type\" content=\"image\/png\" \/>\n<meta name=\"twitter:card\" content=\"summary_large_image\" \/>\n<meta name=\"twitter:label1\" content=\"Est. tempo de leitura\" \/>\n\t<meta name=\"twitter:data1\" content=\"1 minuto\" \/>\n<script type=\"application\/ld+json\" class=\"yoast-schema-graph\">{\"@context\":\"https:\/\/schema.org\",\"@graph\":[{\"@type\":\"WebSite\",\"@id\":\"https:\/\/www.pacoteshyatt.com.br\/rio-de-janeiro\/#website\",\"url\":\"https:\/\/www.pacoteshyatt.com.br\/rio-de-janeiro\/\",\"name\":\"GRAND HYATT RIO DE JANEIRO\",\"description\":\"Um verdadeiro resort urbano na Barra da Tijuca!\",\"potentialAction\":[{\"@type\":\"SearchAction\",\"target\":{\"@type\":\"EntryPoint\",\"urlTemplate\":\"https:\/\/www.pacoteshyatt.com.br\/rio-de-janeiro\/?s={search_term_string}\"},\"query-input\":\"required name=search_term_string\"}],\"inLanguage\":\"pt-BR\"},{\"@type\":\"ImageObject\",\"@id\":\"https:\/\/www.pacoteshyatt.com.br\/rio-de-janeiro\/product\/brunch-junino\/#primaryimage\",\"inLanguage\":\"pt-BR\",\"url\":\"https:\/\/www.pacoteshyatt.com.br\/rio-de-janeiro\/wp-content\/uploads\/sites\/2\/2023\/05\/GHRJ_BannersPacotes_308x200px_BrunchJunino_2025_v1.png\",\"contentUrl\":\"https:\/\/www.pacoteshyatt.com.br\/rio-de-janeiro\/wp-content\/uploads\/sites\/2\/2023\/05\/GHRJ_BannersPacotes_308x200px_BrunchJunino_2025_v1.png\",\"width\":308,\"height\":200},{\"@type\":\"WebPage\",\"@id\":\"https:\/\/www.pacoteshyatt.com.br\/rio-de-janeiro\/product\/brunch-junino\/#webpage\",\"url\":\"https:\/\/www.pacoteshyatt.com.br\/rio-de-janeiro\/product\/brunch-junino\/\",\"name\":\"Brunch Junino: Comidas t\u00edpicas e m\u00fasica \u2013 Hyatt RJ\",\"isPartOf\":{\"@id\":\"https:\/\/www.pacoteshyatt.com.br\/rio-de-janeiro\/#website\"},\"primaryImageOfPage\":{\"@id\":\"https:\/\/www.pacoteshyatt.com.br\/rio-de-janeiro\/product\/brunch-junino\/#primaryimage\"},\"datePublished\":\"2023-05-19T12:46:09+00:00\",\"dateModified\":\"2025-06-30T13:14:33+00:00\",\"description\":\"Aproveite o Brunch Junino do Grand Hyatt Rio em 29\/06, das 13h \u00e0s 16h: buffet completo, comidas t\u00edpicas, bebidas liberadas e m\u00fasica ao vivo. Reserve j\u00e1!\",\"breadcrumb\":{\"@id\":\"https:\/\/www.pacoteshyatt.com.br\/rio-de-janeiro\/product\/brunch-junino\/#breadcrumb\"},\"inLanguage\":\"pt-BR\",\"potentialAction\":[{\"@type\":\"ReadAction\",\"target\":[\"https:\/\/www.pacoteshyatt.com.br\/rio-de-janeiro\/product\/brunch-junino\/\"]}]},{\"@type\":\"BreadcrumbList\",\"@id\":\"https:\/\/www.pacoteshyatt.com.br\/rio-de-janeiro\/product\/brunch-junino\/#breadcrumb\",\"itemListElement\":[{\"@type\":\"ListItem\",\"position\":1,\"name\":\"Home\",\"item\":\"https:\/\/www.pacoteshyatt.com.br\/rio-de-janeiro\/\"},{\"@type\":\"ListItem\",\"position\":2,\"name\":\"Cat\u00e1logo\",\"item\":\"https:\/\/www.pacoteshyatt.com.br\/rio-de-janeiro\/catalogo\/\"},{\"@type\":\"ListItem\",\"position\":3,\"name\":\"29\/06 | Brunch Junino\"}]}]}<\/script>\n<!-- \/ Yoast SEO plugin. -->","yoast_head_json":{"title":"Brunch Junino: Comidas t\u00edpicas e m\u00fasica \u2013 Hyatt RJ","description":"Aproveite o Brunch Junino do Grand Hyatt Rio em 29\/06, das 13h \u00e0s 16h: buffet completo, comidas t\u00edpicas, bebidas liberadas e m\u00fasica ao vivo. Reserve j\u00e1!","robots":{"index":"index","follow":"follow","max-snippet":"max-snippet:-1","max-image-preview":"max-image-preview:large","max-video-preview":"max-video-preview:-1"},"canonical":"https:\/\/www.pacoteshyatt.com.br\/rio-de-janeiro\/product\/brunch-junino\/","og_locale":"pt_BR","og_type":"article","og_title":"Brunch Junino: Comidas t\u00edpicas e m\u00fasica \u2013 Hyatt RJ","og_description":"Aproveite o Brunch Junino do Grand Hyatt Rio em 29\/06, das 13h \u00e0s 16h: buffet completo, comidas t\u00edpicas, bebidas liberadas e m\u00fasica ao vivo. Reserve j\u00e1!","og_url":"https:\/\/www.pacoteshyatt.com.br\/rio-de-janeiro\/product\/brunch-junino\/","og_site_name":"GRAND HYATT RIO DE JANEIRO","article_modified_time":"2025-06-30T13:14:33+00:00","og_image":[{"width":308,"height":200,"url":"https:\/\/www.pacoteshyatt.com.br\/rio-de-janeiro\/wp-content\/uploads\/sites\/2\/2023\/05\/GHRJ_BannersPacotes_308x200px_BrunchJunino_2025_v1.png","type":"image\/png"}],"twitter_card":"summary_large_image","twitter_misc":{"Est. tempo de leitura":"1 minuto"},"schema":{"@context":"https:\/\/schema.org","@graph":[{"@type":"WebSite","@id":"https:\/\/www.pacoteshyatt.com.br\/rio-de-janeiro\/#website","url":"https:\/\/www.pacoteshyatt.com.br\/rio-de-janeiro\/","name":"GRAND HYATT RIO DE JANEIRO","description":"Um verdadeiro resort urbano na Barra da Tijuca!","potentialAction":[{"@type":"SearchAction","target":{"@type":"EntryPoint","urlTemplate":"https:\/\/www.pacoteshyatt.com.br\/rio-de-janeiro\/?s={search_term_string}"},"query-input":"required name=search_term_string"}],"inLanguage":"pt-BR"},{"@type":"ImageObject","@id":"https:\/\/www.pacoteshyatt.com.br\/rio-de-janeiro\/product\/brunch-junino\/#primaryimage","inLanguage":"pt-BR","url":"https:\/\/www.pacoteshyatt.com.br\/rio-de-janeiro\/wp-content\/uploads\/sites\/2\/2023\/05\/GHRJ_BannersPacotes_308x200px_BrunchJunino_2025_v1.png","contentUrl":"https:\/\/www.pacoteshyatt.com.br\/rio-de-janeiro\/wp-content\/uploads\/sites\/2\/2023\/05\/GHRJ_BannersPacotes_308x200px_BrunchJunino_2025_v1.png","width":308,"height":200},{"@type":"WebPage","@id":"https:\/\/www.pacoteshyatt.com.br\/rio-de-janeiro\/product\/brunch-junino\/#webpage","url":"https:\/\/www.pacoteshyatt.com.br\/rio-de-janeiro\/product\/brunch-junino\/","name":"Brunch Junino: Comidas t\u00edpicas e m\u00fasica \u2013 Hyatt RJ","isPartOf":{"@id":"https:\/\/www.pacoteshyatt.com.br\/rio-de-janeiro\/#website"},"primaryImageOfPage":{"@id":"https:\/\/www.pacoteshyatt.com.br\/rio-de-janeiro\/product\/brunch-junino\/#primaryimage"},"datePublished":"2023-05-19T12:46:09+00:00","dateModified":"2025-06-30T13:14:33+00:00","description":"Aproveite o Brunch Junino do Grand Hyatt Rio em 29\/06, das 13h \u00e0s 16h: buffet completo, comidas t\u00edpicas, bebidas liberadas e m\u00fasica ao vivo. Reserve j\u00e1!","breadcrumb":{"@id":"https:\/\/www.pacoteshyatt.com.br\/rio-de-janeiro\/product\/brunch-junino\/#breadcrumb"},"inLanguage":"pt-BR","potentialAction":[{"@type":"ReadAction","target":["https:\/\/www.pacoteshyatt.com.br\/rio-de-janeiro\/product\/brunch-junino\/"]}]},{"@type":"BreadcrumbList","@id":"https:\/\/www.pacoteshyatt.com.br\/rio-de-janeiro\/product\/brunch-junino\/#breadcrumb","itemListElement":[{"@type":"ListItem","position":1,"name":"Home","item":"https:\/\/www.pacoteshyatt.com.br\/rio-de-janeiro\/"},{"@type":"ListItem","position":2,"name":"Cat\u00e1logo","item":"https:\/\/www.pacoteshyatt.com.br\/rio-de-janeiro\/catalogo\/"},{"@type":"ListItem","position":3,"name":"29\/06 | Brunch Junino"}]}]}},"_links":{"self":[{"href":"https:\/\/www.pacoteshyatt.com.br\/rio-de-janeiro\/wp-json\/wp\/v2\/product\/9019"}],"collection":[{"href":"https:\/\/www.pacoteshyatt.com.br\/rio-de-janeiro\/wp-json\/wp\/v2\/product"}],"about":[{"href":"https:\/\/www.pacoteshyatt.com.br\/rio-de-janeiro\/wp-json\/wp\/v2\/types\/product"}],"wp:featuredmedia":[{"embeddable":true,"href":"https:\/\/www.pacoteshyatt.com.br\/rio-de-janeiro\/wp-json\/wp\/v2\/media\/18982"}],"wp:attachment":[{"href":"https:\/\/www.pacoteshyatt.com.br\/rio-de-janeiro\/wp-json\/wp\/v2\/media?parent=9019"}],"wp:term":[{"taxonomy":"product_cat","embeddable":true,"href":"https:\/\/www.pacoteshyatt.com.br\/rio-de-janeiro\/wp-json\/wp\/v2\/product_cat?post=9019"},{"taxonomy":"product_tag","embeddable":true,"href":"https:\/\/www.pacoteshyatt.com.br\/rio-de-janeiro\/wp-json\/wp\/v2\/product_tag?post=9019"}],"curies":[{"name":"wp","href":"https:\/\/api.w.org\/{rel}","templated":true}]}}