{"id":9499,"date":"2023-06-12T16:23:49","date_gmt":"2023-06-12T19:23:49","guid":{"rendered":"https:\/\/www.pacoteshyatt.com.br\/rio-de-janeiro\/?post_type=product&#038;p=9499"},"modified":"2026-02-09T11:54:13","modified_gmt":"2026-02-09T14:54:13","slug":"brunch-infantil","status":"publish","type":"product","link":"https:\/\/www.pacoteshyatt.com.br\/rio-de-janeiro\/product\/brunch-infantil\/","title":{"rendered":"08\/02 | Brunch Infantil: Bailinho de Carnaval"},"content":{"rendered":"<p>Traga sua melhor fantasia e venha curtir nosso <strong>Brunch Infantil: <\/strong><strong>Bailinho de Carnaval<\/strong>! Com divers\u00e3o pensada para toda a fam\u00edlia, teremos uma banda tocando as melhores marchinhas infantis de Carnaval, al\u00e9m de atividades infantis tem\u00e1ticas para animar o evento e uma sele\u00e7\u00e3o de pratos especiais.<\/p>\n<div>\n<p>O nosso Brunch Infantil inclui:<\/p>\n<p><strong>\u2022 Buffet completo<\/strong> com op\u00e7\u00f5es de caf\u00e9 da manh\u00e3, queijos, frios, saladas e pratos grelhados, al\u00e9m de esta\u00e7\u00f5es ao vivo, receitas exclusivas criadas pelos chefs e esta\u00e7\u00e3o infantil com pizza e mini-hamb\u00fargueres. Conte tamb\u00e9m com mesa tem\u00e1tica com sobremesas irresist\u00edveis para deixar a experi\u00eancia ainda mais especial!<br \/>\n<strong>\u2022 Bebidas liberadas<\/strong>, incluindo espumante, vinho, cerveja e op\u00e7\u00f5es n\u00e3o alco\u00f3licas.<br \/>\n<strong>\u2022 Banda ao vivo<\/strong> com as melhores marchinhas infantils e os cl\u00e1ssicos do Carnaval;<br \/>\n<strong>\u2022 Recrea\u00e7\u00e3o infantil<\/strong> com atividades tem\u00e1ticas para todas as idades.<\/p>\n<p>Venha para o brunch e <strong>bailinho de carnaval infantil<\/strong> mais divertido do Grand Hyatt Rio de Janeiro!<\/p>\n<\/div>\n<p>&nbsp;<\/p>\n<p><strong>Primeiro lote dispon\u00edvel!<br \/>\n<\/strong>Adulto: R$385<br \/>\nAdolescente: R$288,75<br \/>\nCrian\u00e7a &#8211; 6 a 12 anos: R$192,50<br \/>\nCrian\u00e7a &#8211; 0 a 5 anos: R$50<\/p>\n<div>\n<p>&nbsp;<\/p>\n<hr \/>\n<p>&nbsp;<\/p>\n<p><strong>Informa\u00e7\u00f5es do Brunch Infantil: Bailinho de Carnaval<\/strong><br \/>\n<strong>Data:<\/strong> Domingo, 08\/02\/2026<br \/>\n<strong>Hor\u00e1rio:<\/strong> 13h \u00e0s 16h<br \/>\n<strong>Local:<\/strong> Grand Hyatt Rio de Janeiro<\/p>\n<\/div>\n","protected":false},"excerpt":{"rendered":"<p>Traga sua melhor fantasia e venha curtir nosso Brunch Infantil: Bailinho de Carnaval! Com divers\u00e3o pensada para toda a fam\u00edlia, teremos uma banda tocando as melhores marchinhas infantis de Carnaval, al\u00e9m de atividades infantis tem\u00e1ticas para animar o evento e uma sele\u00e7\u00e3o de pratos especiais. O nosso Brunch Infantil inclui: \u2022 Buffet completo com op\u00e7\u00f5es [&hellip;]<\/p>\n","protected":false},"featured_media":22300,"template":"","meta":{"_eb_attr":""},"product_cat":[108,135,20,56,68],"product_tag":[],"bundled_by":[],"bundle_stock_status":"outofstock","bundle_stock_quantity":null,"bundle_virtual":false,"bundle_layout":"","bundle_add_to_cart_form_location":"","bundle_editable_in_cart":false,"bundle_sold_individually_context":"","bundle_item_grouping":"","bundle_min_size":"","bundle_max_size":"","bundled_items":[],"yoast_head":"<!-- This site is optimized with the Yoast SEO plugin v18.4.1 - https:\/\/yoast.com\/wordpress\/plugins\/seo\/ -->\n<title>Brunch Infantil: Bailinho de Carnaval - Grand Hyatt RJ<\/title>\n<meta name=\"description\" content=\"Aproveite o brunch infantil especial de Carnaval no Grand Hyatt Rio com momentos \u00fanicos em fam\u00edlia. Saiba mais e garanta sua reserva!\" \/>\n<meta name=\"robots\" content=\"index, follow, max-snippet:-1, max-image-preview:large, max-video-preview:-1\" \/>\n<link rel=\"canonical\" href=\"https:\/\/www.pacoteshyatt.com.br\/rio-de-janeiro\/product\/brunch-infantil\/\" \/>\n<meta property=\"og:locale\" content=\"pt_BR\" \/>\n<meta property=\"og:type\" content=\"article\" \/>\n<meta property=\"og:title\" content=\"Brunch Infantil: Bailinho de Carnaval - Grand Hyatt RJ\" \/>\n<meta property=\"og:description\" content=\"Aproveite o brunch infantil especial de Carnaval no Grand Hyatt Rio com momentos \u00fanicos em fam\u00edlia. Saiba mais e garanta sua reserva!\" \/>\n<meta property=\"og:url\" content=\"https:\/\/www.pacoteshyatt.com.br\/rio-de-janeiro\/product\/brunch-infantil\/\" \/>\n<meta property=\"og:site_name\" content=\"GRAND HYATT RIO DE JANEIRO\" \/>\n<meta property=\"article:modified_time\" content=\"2026-02-09T14:54:13+00:00\" \/>\n<meta property=\"og:image\" content=\"https:\/\/www.pacoteshyatt.com.br\/rio-de-janeiro\/wp-content\/uploads\/sites\/2\/2023\/06\/GHRJ_Carnaval2026_BailinhoCarnaval_ImagensOferta_308x200px_V02.png\" \/>\n\t<meta property=\"og:image:width\" content=\"308\" \/>\n\t<meta property=\"og:image:height\" content=\"200\" \/>\n\t<meta property=\"og:image:type\" content=\"image\/png\" \/>\n<meta name=\"twitter:card\" content=\"summary_large_image\" \/>\n<meta name=\"twitter:label1\" content=\"Est. tempo de leitura\" \/>\n\t<meta name=\"twitter:data1\" content=\"1 minuto\" \/>\n<script type=\"application\/ld+json\" class=\"yoast-schema-graph\">{\"@context\":\"https:\/\/schema.org\",\"@graph\":[{\"@type\":\"WebSite\",\"@id\":\"https:\/\/www.pacoteshyatt.com.br\/rio-de-janeiro\/#website\",\"url\":\"https:\/\/www.pacoteshyatt.com.br\/rio-de-janeiro\/\",\"name\":\"GRAND HYATT RIO DE JANEIRO\",\"description\":\"Um verdadeiro resort urbano na Barra da Tijuca!\",\"potentialAction\":[{\"@type\":\"SearchAction\",\"target\":{\"@type\":\"EntryPoint\",\"urlTemplate\":\"https:\/\/www.pacoteshyatt.com.br\/rio-de-janeiro\/?s={search_term_string}\"},\"query-input\":\"required name=search_term_string\"}],\"inLanguage\":\"pt-BR\"},{\"@type\":\"ImageObject\",\"@id\":\"https:\/\/www.pacoteshyatt.com.br\/rio-de-janeiro\/product\/brunch-infantil\/#primaryimage\",\"inLanguage\":\"pt-BR\",\"url\":\"https:\/\/www.pacoteshyatt.com.br\/rio-de-janeiro\/wp-content\/uploads\/sites\/2\/2023\/06\/GHRJ_Carnaval2026_BailinhoCarnaval_ImagensOferta_308x200px_V02.png\",\"contentUrl\":\"https:\/\/www.pacoteshyatt.com.br\/rio-de-janeiro\/wp-content\/uploads\/sites\/2\/2023\/06\/GHRJ_Carnaval2026_BailinhoCarnaval_ImagensOferta_308x200px_V02.png\",\"width\":308,\"height\":200,\"caption\":\"Brunch Infatil bailinho de carnaval do Grand Hyatt Rio de Janeiro\"},{\"@type\":\"WebPage\",\"@id\":\"https:\/\/www.pacoteshyatt.com.br\/rio-de-janeiro\/product\/brunch-infantil\/#webpage\",\"url\":\"https:\/\/www.pacoteshyatt.com.br\/rio-de-janeiro\/product\/brunch-infantil\/\",\"name\":\"Brunch Infantil: Bailinho de Carnaval - Grand Hyatt RJ\",\"isPartOf\":{\"@id\":\"https:\/\/www.pacoteshyatt.com.br\/rio-de-janeiro\/#website\"},\"primaryImageOfPage\":{\"@id\":\"https:\/\/www.pacoteshyatt.com.br\/rio-de-janeiro\/product\/brunch-infantil\/#primaryimage\"},\"datePublished\":\"2023-06-12T19:23:49+00:00\",\"dateModified\":\"2026-02-09T14:54:13+00:00\",\"description\":\"Aproveite o brunch infantil especial de Carnaval no Grand Hyatt Rio com momentos \u00fanicos em fam\u00edlia. Saiba mais e garanta sua reserva!\",\"breadcrumb\":{\"@id\":\"https:\/\/www.pacoteshyatt.com.br\/rio-de-janeiro\/product\/brunch-infantil\/#breadcrumb\"},\"inLanguage\":\"pt-BR\",\"potentialAction\":[{\"@type\":\"ReadAction\",\"target\":[\"https:\/\/www.pacoteshyatt.com.br\/rio-de-janeiro\/product\/brunch-infantil\/\"]}]},{\"@type\":\"BreadcrumbList\",\"@id\":\"https:\/\/www.pacoteshyatt.com.br\/rio-de-janeiro\/product\/brunch-infantil\/#breadcrumb\",\"itemListElement\":[{\"@type\":\"ListItem\",\"position\":1,\"name\":\"Home\",\"item\":\"https:\/\/www.pacoteshyatt.com.br\/rio-de-janeiro\/\"},{\"@type\":\"ListItem\",\"position\":2,\"name\":\"Cat\u00e1logo\",\"item\":\"https:\/\/www.pacoteshyatt.com.br\/rio-de-janeiro\/catalogo\/\"},{\"@type\":\"ListItem\",\"position\":3,\"name\":\"08\/02 | Brunch Infantil: Bailinho de Carnaval\"}]}]}<\/script>\n<!-- \/ Yoast SEO plugin. -->","yoast_head_json":{"title":"Brunch Infantil: Bailinho de Carnaval - Grand Hyatt RJ","description":"Aproveite o brunch infantil especial de Carnaval no Grand Hyatt Rio com momentos \u00fanicos em fam\u00edlia. Saiba mais e garanta sua reserva!","robots":{"index":"index","follow":"follow","max-snippet":"max-snippet:-1","max-image-preview":"max-image-preview:large","max-video-preview":"max-video-preview:-1"},"canonical":"https:\/\/www.pacoteshyatt.com.br\/rio-de-janeiro\/product\/brunch-infantil\/","og_locale":"pt_BR","og_type":"article","og_title":"Brunch Infantil: Bailinho de Carnaval - Grand Hyatt RJ","og_description":"Aproveite o brunch infantil especial de Carnaval no Grand Hyatt Rio com momentos \u00fanicos em fam\u00edlia. Saiba mais e garanta sua reserva!","og_url":"https:\/\/www.pacoteshyatt.com.br\/rio-de-janeiro\/product\/brunch-infantil\/","og_site_name":"GRAND HYATT RIO DE JANEIRO","article_modified_time":"2026-02-09T14:54:13+00:00","og_image":[{"width":308,"height":200,"url":"https:\/\/www.pacoteshyatt.com.br\/rio-de-janeiro\/wp-content\/uploads\/sites\/2\/2023\/06\/GHRJ_Carnaval2026_BailinhoCarnaval_ImagensOferta_308x200px_V02.png","type":"image\/png"}],"twitter_card":"summary_large_image","twitter_misc":{"Est. tempo de leitura":"1 minuto"},"schema":{"@context":"https:\/\/schema.org","@graph":[{"@type":"WebSite","@id":"https:\/\/www.pacoteshyatt.com.br\/rio-de-janeiro\/#website","url":"https:\/\/www.pacoteshyatt.com.br\/rio-de-janeiro\/","name":"GRAND HYATT RIO DE JANEIRO","description":"Um verdadeiro resort urbano na Barra da Tijuca!","potentialAction":[{"@type":"SearchAction","target":{"@type":"EntryPoint","urlTemplate":"https:\/\/www.pacoteshyatt.com.br\/rio-de-janeiro\/?s={search_term_string}"},"query-input":"required name=search_term_string"}],"inLanguage":"pt-BR"},{"@type":"ImageObject","@id":"https:\/\/www.pacoteshyatt.com.br\/rio-de-janeiro\/product\/brunch-infantil\/#primaryimage","inLanguage":"pt-BR","url":"https:\/\/www.pacoteshyatt.com.br\/rio-de-janeiro\/wp-content\/uploads\/sites\/2\/2023\/06\/GHRJ_Carnaval2026_BailinhoCarnaval_ImagensOferta_308x200px_V02.png","contentUrl":"https:\/\/www.pacoteshyatt.com.br\/rio-de-janeiro\/wp-content\/uploads\/sites\/2\/2023\/06\/GHRJ_Carnaval2026_BailinhoCarnaval_ImagensOferta_308x200px_V02.png","width":308,"height":200,"caption":"Brunch Infatil bailinho de carnaval do Grand Hyatt Rio de Janeiro"},{"@type":"WebPage","@id":"https:\/\/www.pacoteshyatt.com.br\/rio-de-janeiro\/product\/brunch-infantil\/#webpage","url":"https:\/\/www.pacoteshyatt.com.br\/rio-de-janeiro\/product\/brunch-infantil\/","name":"Brunch Infantil: Bailinho de Carnaval - Grand Hyatt RJ","isPartOf":{"@id":"https:\/\/www.pacoteshyatt.com.br\/rio-de-janeiro\/#website"},"primaryImageOfPage":{"@id":"https:\/\/www.pacoteshyatt.com.br\/rio-de-janeiro\/product\/brunch-infantil\/#primaryimage"},"datePublished":"2023-06-12T19:23:49+00:00","dateModified":"2026-02-09T14:54:13+00:00","description":"Aproveite o brunch infantil especial de Carnaval no Grand Hyatt Rio com momentos \u00fanicos em fam\u00edlia. Saiba mais e garanta sua reserva!","breadcrumb":{"@id":"https:\/\/www.pacoteshyatt.com.br\/rio-de-janeiro\/product\/brunch-infantil\/#breadcrumb"},"inLanguage":"pt-BR","potentialAction":[{"@type":"ReadAction","target":["https:\/\/www.pacoteshyatt.com.br\/rio-de-janeiro\/product\/brunch-infantil\/"]}]},{"@type":"BreadcrumbList","@id":"https:\/\/www.pacoteshyatt.com.br\/rio-de-janeiro\/product\/brunch-infantil\/#breadcrumb","itemListElement":[{"@type":"ListItem","position":1,"name":"Home","item":"https:\/\/www.pacoteshyatt.com.br\/rio-de-janeiro\/"},{"@type":"ListItem","position":2,"name":"Cat\u00e1logo","item":"https:\/\/www.pacoteshyatt.com.br\/rio-de-janeiro\/catalogo\/"},{"@type":"ListItem","position":3,"name":"08\/02 | Brunch Infantil: Bailinho de Carnaval"}]}]}},"_links":{"self":[{"href":"https:\/\/www.pacoteshyatt.com.br\/rio-de-janeiro\/wp-json\/wp\/v2\/product\/9499"}],"collection":[{"href":"https:\/\/www.pacoteshyatt.com.br\/rio-de-janeiro\/wp-json\/wp\/v2\/product"}],"about":[{"href":"https:\/\/www.pacoteshyatt.com.br\/rio-de-janeiro\/wp-json\/wp\/v2\/types\/product"}],"wp:featuredmedia":[{"embeddable":true,"href":"https:\/\/www.pacoteshyatt.com.br\/rio-de-janeiro\/wp-json\/wp\/v2\/media\/22300"}],"wp:attachment":[{"href":"https:\/\/www.pacoteshyatt.com.br\/rio-de-janeiro\/wp-json\/wp\/v2\/media?parent=9499"}],"wp:term":[{"taxonomy":"product_cat","embeddable":true,"href":"https:\/\/www.pacoteshyatt.com.br\/rio-de-janeiro\/wp-json\/wp\/v2\/product_cat?post=9499"},{"taxonomy":"product_tag","embeddable":true,"href":"https:\/\/www.pacoteshyatt.com.br\/rio-de-janeiro\/wp-json\/wp\/v2\/product_tag?post=9499"}],"curies":[{"name":"wp","href":"https:\/\/api.w.org\/{rel}","templated":true}]}}