{"id":11514,"date":"2024-01-10T12:24:11","date_gmt":"2024-01-10T15:24:11","guid":{"rendered":"https:\/\/www.pacoteshyatt.com.br\/sao-paulo\/?page_id=11514"},"modified":"2025-01-27T11:13:41","modified_gmt":"2025-01-27T14:13:41","slug":"verao","status":"publish","type":"page","link":"https:\/\/www.pacoteshyatt.com.br\/sao-paulo\/verao\/","title":{"rendered":"VER\u00c3O"},"content":{"rendered":"\n<div class=\"wp-container-69fa11ee756c3 wp-block-group intro-content-home text-center\"><div class=\"wp-block-group__inner-container\"><div class=\"wp-bootstrap-blocks-row row\">\n\t\n\n<div class=\"col-12 col-md-12 inner-intro-content\">\n\t\t\t\n\n<div class=\"wp-container-69fa11ee75174 wp-block-group inner-content\"><div class=\"wp-block-group__inner-container\">\n<h1><strong>VER\u00c3O EM S\u00c3O PAULO<\/strong><\/h1>\n\n\n\n<p><em>Aproveite o melhor da esta\u00e7\u00e3o mais alegre com a programa\u00e7\u00e3o especial que preparamos para voc\u00ea neste Ver\u00e3o em S\u00e3o Paulo! <\/em><\/p>\n\n\n\n<p>Bem-vindo a um o\u00e1sis de sofistica\u00e7\u00e3o e lazer, onde cada momento \u00e9 uma celebra\u00e7\u00e3o do melhor do <strong>ver\u00e3o em S\u00e3o Paulo<\/strong>. No cora\u00e7\u00e3o de S\u00e3o Paulo, o Grand Hyatt se transforma em um ref\u00fagio de eleg\u00e2ncia e descontra\u00e7\u00e3o, oferecendo uma experi\u00eancia \u00fanica para aqueles que buscam viver a esta\u00e7\u00e3o mais quente do ano com estilo e conforto.<\/p>\n\n\n\n<p>Retiro Urbano no cora\u00e7\u00e3o da cidade<\/p>\n\n\n\n<p>Em meio ao calor vibrante da esta\u00e7\u00e3o, nosso hotel se destaca como um retiro urbano que transcende as expectativas, proporcionando uma experi\u00eancia que vai al\u00e9m da estadia convencional.<\/p>\n\n\n\n<h2>Piscinas com \u00e1guas cristalinas e drinks<\/h2>\n\n\n\n<p>Imagine-se mergulhando nas \u00e1guas cristalinas da piscina, cercado por um ambiente exuberante e o servi\u00e7o impec\u00e1vel que s\u00f3 o Grand Hyatt pode oferecer. O cen\u00e1rio perfeito para relaxar, seja aproveitando o sol em uma espregui\u00e7adeira luxuosa ou desfrutando dos drinques refrescantes de nosso bar, \u00e0 beira da piscina.<\/p>\n\n\n\n<h2>Quartos luxuosos<\/h2>\n\n\n\n<p>Os quartos espa\u00e7osos e elegantemente decorados convidam a momentos de puro descanso e contempla\u00e7\u00e3o. Com vistas deslumbrantes da cidade, cada acomoda\u00e7\u00e3o \u00e9 um santu\u00e1rio de conforto, onde voc\u00ea pode recarregar as energias para explorar tudo o que S\u00e3o Paulo tem a oferecer.<\/p>\n\n\n\n<h2>Gastronomia de ponta<\/h2>\n\n\n\n<p>Para os amantes da gastronomia, nosso exclusivo Restaurante C apresenta uma variedade de sabores que refletem a riqueza da culin\u00e1ria brasileira e internacional. Desde brunches at\u00e9 feijoadas, al\u00e9m de um sushi bar de tirar o fol\u00eago comandado pelo chef Nelson Tanaka. Cada refei\u00e7\u00e3o \u00e9 uma experi\u00eancia gastron\u00f4mica extraordin\u00e1ria.<\/p>\n\n\n\n<h2>Nossos Pacotes de Ver\u00e3o<\/h2>\n\n\n\n<p>Al\u00e9m disso, durante este ver\u00e3o, voc\u00ea pode aproveitar nossos pacotes especiais, como o Day Spa Ver\u00e3o, proporcionando uma experi\u00eancia \u00fanica de relaxamento e rejuvenescimento e o Hyatt Wine Club &#8211; Edi\u00e7\u00e3o vinhos de ver\u00e3o que promete disponiblizar o melhor dos mais refrescantes e perfeitos r\u00f3tulos para a esta\u00e7\u00e3o.<\/p>\n\n\n\n<p>Este ver\u00e3o, o Grand Hyatt S\u00e3o Paulo \u00e9 mais do que um destino; \u00e9 uma experi\u00eancia de vida. Reserve agora e descubra como cada momento pode ser grandioso em nosso hotel, onde o calor do ver\u00e3o encontra a hospitalidade excepcional em um casamento perfeito. Transforme seus dias ensolarados em lembran\u00e7as extraordin\u00e1rias no Grand Hyatt S\u00e3o Paulo.<\/p>\n<\/div><\/div>\n\n\t<\/div>\n\n<\/div>\n<\/div><\/div>\n\n\n        <div class=\"destaques-section d-md-block\">\n            <div class=\"container\">\n                <div class=\"row\">\n                    <div class=\"inner-destaques-col col-12\">\n                        <div class=\"all-section-title\">\n                            <h2>CONFIRA<\/h2>\n                        <\/div>\n                                                    <div class=\"products row\">\n                                                                      <div class=\"col-lg-3 col-12\">\n                                           <div>\n                                               <a href=\"https:\/\/www.pacoteshyatt.com.br\/sao-paulo\/product\/day-spa-detox\/\" class=\"woocommerce-LoopProduct-link woocommerce-loop-product__link\"><img class=\"catalog-image\" src=\"https:\/\/www.pacoteshyatt.com.br\/sao-paulo\/wp-content\/uploads\/sites\/3\/2026\/01\/GHSP_DaySpaDetox_Banner_308x200px_v01.png\"\/><\/a>                                               <div class=\"product-details\">\n                                                   <a href=\"https:\/\/www.pacoteshyatt.com.br\/sao-paulo\/product\/day-spa-detox\/\" class=\"woocommerce-LoopProduct-link woocommerce-loop-product__link\"><h2 class=\"woocommerce-loop-product__title\">DAY SPA DETOX<\/h2><\/a>                                               <\/div>\n                                           <\/div>\n                                           <div>\n                                               <div class=\"product-details mb-4\">\n                                                   \n<div class=\"price\"><span class=\"part\">&nbsp;<\/span><strong class=\"price\">&#82;&#36; 980,00<\/strong><\/div>\n<div class=\"d-flex justify-content-between align-items-center mb-2 mr-3\">\n<a href=\"https:\/\/www.pacoteshyatt.com.br\/sao-paulo\/product\/day-spa-detox\/\" class=\"btn button product_type_simple add_to_cart_button ajax_add_to_cart\" >Saiba Mais<\/a><span class=\"cart-icon pr-2\"><a href=\"?add-to-cart=20843\" data-quantity=\"1\" class=\"button product_type_simple add_to_cart_button ajax_add_to_cart\" data-product_id=\"20843\" data-product_sku=\"\" aria-label=\"Adicionar &ldquo;DAY SPA DETOX&rdquo; no seu carrinho\" rel=\"nofollow\"><\/a><\/span><\/div>\n                                               <\/div>\n                                           <\/div>\n                                       <\/div>\n                                                          <\/div>\n                                            <\/div>\n                <\/div>\n            <\/div>\n        <\/div>\n                       \n        ","protected":false},"excerpt":{"rendered":"","protected":false},"author":99975,"featured_media":11494,"parent":0,"menu_order":0,"comment_status":"closed","ping_status":"closed","template":"","meta":{"_eb_attr":""},"yoast_head":"<!-- This site is optimized with the Yoast SEO plugin v18.4.1 - https:\/\/yoast.com\/wordpress\/plugins\/seo\/ -->\n<title>Ver\u00e3o em S\u00e3o Paulo: Nossa Programa\u00e7\u00e3o - Pacotes Hyatt SP<\/title>\n<meta name=\"description\" content=\"Viva o ver\u00e3o no Hyatt SP, um o\u00e1sis de sofistica\u00e7\u00e3o. Desfrute de nossas piscinas cristalinas, da gastronomia no Restaurante C e de nossa hospedagem 5 estrelas\" \/>\n<meta name=\"robots\" content=\"index, follow, max-snippet:-1, max-image-preview:large, max-video-preview:-1\" \/>\n<link rel=\"canonical\" href=\"https:\/\/www.pacoteshyatt.com.br\/sao-paulo\/verao\/\" \/>\n<meta property=\"og:locale\" content=\"pt_BR\" \/>\n<meta property=\"og:type\" content=\"article\" \/>\n<meta property=\"og:title\" content=\"Ver\u00e3o em S\u00e3o Paulo: Nossa Programa\u00e7\u00e3o - Pacotes Hyatt SP\" \/>\n<meta property=\"og:description\" content=\"Viva o ver\u00e3o no Hyatt SP, um o\u00e1sis de sofistica\u00e7\u00e3o. Desfrute de nossas piscinas cristalinas, da gastronomia no Restaurante C e de nossa hospedagem 5 estrelas\" \/>\n<meta property=\"og:url\" content=\"https:\/\/www.pacoteshyatt.com.br\/sao-paulo\/verao\/\" \/>\n<meta property=\"og:site_name\" content=\"GRAND HYATT S\u00c3O PAULO\" \/>\n<meta property=\"article:modified_time\" content=\"2025-01-27T14:13:41+00:00\" \/>\n<meta property=\"og:image\" content=\"https:\/\/www.pacoteshyatt.com.br\/sao-paulo\/wp-content\/uploads\/sites\/3\/2024\/01\/Summer-Weekend.png\" \/>\n\t<meta property=\"og:image:width\" content=\"500\" \/>\n\t<meta property=\"og:image:height\" content=\"250\" \/>\n\t<meta property=\"og:image:type\" content=\"image\/png\" \/>\n<meta name=\"twitter:card\" content=\"summary_large_image\" \/>\n<meta name=\"twitter:label1\" content=\"Est. tempo de leitura\" \/>\n\t<meta name=\"twitter:data1\" content=\"3 minutos\" \/>\n<script type=\"application\/ld+json\" class=\"yoast-schema-graph\">{\"@context\":\"https:\/\/schema.org\",\"@graph\":[{\"@type\":\"WebSite\",\"@id\":\"https:\/\/www.pacoteshyatt.com.br\/sao-paulo\/#website\",\"url\":\"https:\/\/www.pacoteshyatt.com.br\/sao-paulo\/\",\"name\":\"GRAND HYATT S\u00c3O PAULO\",\"description\":\"S\u00f3 mais um site Hot\u00e9is Grand Hyatt Rio de Janeiro e S\u00e3o Paulo sites\",\"potentialAction\":[{\"@type\":\"SearchAction\",\"target\":{\"@type\":\"EntryPoint\",\"urlTemplate\":\"https:\/\/www.pacoteshyatt.com.br\/sao-paulo\/?s={search_term_string}\"},\"query-input\":\"required name=search_term_string\"}],\"inLanguage\":\"pt-BR\"},{\"@type\":\"ImageObject\",\"@id\":\"https:\/\/www.pacoteshyatt.com.br\/sao-paulo\/verao\/#primaryimage\",\"inLanguage\":\"pt-BR\",\"url\":\"https:\/\/www.pacoteshyatt.com.br\/sao-paulo\/wp-content\/uploads\/sites\/3\/2024\/01\/Summer-Weekend.png\",\"contentUrl\":\"https:\/\/www.pacoteshyatt.com.br\/sao-paulo\/wp-content\/uploads\/sites\/3\/2024\/01\/Summer-Weekend.png\",\"width\":500,\"height\":250,\"caption\":\"Hotel em S\u00e3o Paulo 5 estrelas atividades ver\u00e3o hospedagem\"},{\"@type\":\"WebPage\",\"@id\":\"https:\/\/www.pacoteshyatt.com.br\/sao-paulo\/verao\/#webpage\",\"url\":\"https:\/\/www.pacoteshyatt.com.br\/sao-paulo\/verao\/\",\"name\":\"Ver\u00e3o em S\u00e3o Paulo: Nossa Programa\u00e7\u00e3o - Pacotes Hyatt SP\",\"isPartOf\":{\"@id\":\"https:\/\/www.pacoteshyatt.com.br\/sao-paulo\/#website\"},\"primaryImageOfPage\":{\"@id\":\"https:\/\/www.pacoteshyatt.com.br\/sao-paulo\/verao\/#primaryimage\"},\"datePublished\":\"2024-01-10T15:24:11+00:00\",\"dateModified\":\"2025-01-27T14:13:41+00:00\",\"description\":\"Viva o ver\u00e3o no Hyatt SP, um o\u00e1sis de sofistica\u00e7\u00e3o. Desfrute de nossas piscinas cristalinas, da gastronomia no Restaurante C e de nossa hospedagem 5 estrelas\",\"breadcrumb\":{\"@id\":\"https:\/\/www.pacoteshyatt.com.br\/sao-paulo\/verao\/#breadcrumb\"},\"inLanguage\":\"pt-BR\",\"potentialAction\":[{\"@type\":\"ReadAction\",\"target\":[\"https:\/\/www.pacoteshyatt.com.br\/sao-paulo\/verao\/\"]}]},{\"@type\":\"BreadcrumbList\",\"@id\":\"https:\/\/www.pacoteshyatt.com.br\/sao-paulo\/verao\/#breadcrumb\",\"itemListElement\":[{\"@type\":\"ListItem\",\"position\":1,\"name\":\"Home\",\"item\":\"https:\/\/www.pacoteshyatt.com.br\/sao-paulo\/\"},{\"@type\":\"ListItem\",\"position\":2,\"name\":\"VER\u00c3O\"}]}]}<\/script>\n<!-- \/ Yoast SEO plugin. -->","yoast_head_json":{"title":"Ver\u00e3o em S\u00e3o Paulo: Nossa Programa\u00e7\u00e3o - Pacotes Hyatt SP","description":"Viva o ver\u00e3o no Hyatt SP, um o\u00e1sis de sofistica\u00e7\u00e3o. Desfrute de nossas piscinas cristalinas, da gastronomia no Restaurante C e de nossa hospedagem 5 estrelas","robots":{"index":"index","follow":"follow","max-snippet":"max-snippet:-1","max-image-preview":"max-image-preview:large","max-video-preview":"max-video-preview:-1"},"canonical":"https:\/\/www.pacoteshyatt.com.br\/sao-paulo\/verao\/","og_locale":"pt_BR","og_type":"article","og_title":"Ver\u00e3o em S\u00e3o Paulo: Nossa Programa\u00e7\u00e3o - Pacotes Hyatt SP","og_description":"Viva o ver\u00e3o no Hyatt SP, um o\u00e1sis de sofistica\u00e7\u00e3o. Desfrute de nossas piscinas cristalinas, da gastronomia no Restaurante C e de nossa hospedagem 5 estrelas","og_url":"https:\/\/www.pacoteshyatt.com.br\/sao-paulo\/verao\/","og_site_name":"GRAND HYATT S\u00c3O PAULO","article_modified_time":"2025-01-27T14:13:41+00:00","og_image":[{"width":500,"height":250,"url":"https:\/\/www.pacoteshyatt.com.br\/sao-paulo\/wp-content\/uploads\/sites\/3\/2024\/01\/Summer-Weekend.png","type":"image\/png"}],"twitter_card":"summary_large_image","twitter_misc":{"Est. tempo de leitura":"3 minutos"},"schema":{"@context":"https:\/\/schema.org","@graph":[{"@type":"WebSite","@id":"https:\/\/www.pacoteshyatt.com.br\/sao-paulo\/#website","url":"https:\/\/www.pacoteshyatt.com.br\/sao-paulo\/","name":"GRAND HYATT S\u00c3O PAULO","description":"S\u00f3 mais um site Hot\u00e9is Grand Hyatt Rio de Janeiro e S\u00e3o Paulo sites","potentialAction":[{"@type":"SearchAction","target":{"@type":"EntryPoint","urlTemplate":"https:\/\/www.pacoteshyatt.com.br\/sao-paulo\/?s={search_term_string}"},"query-input":"required name=search_term_string"}],"inLanguage":"pt-BR"},{"@type":"ImageObject","@id":"https:\/\/www.pacoteshyatt.com.br\/sao-paulo\/verao\/#primaryimage","inLanguage":"pt-BR","url":"https:\/\/www.pacoteshyatt.com.br\/sao-paulo\/wp-content\/uploads\/sites\/3\/2024\/01\/Summer-Weekend.png","contentUrl":"https:\/\/www.pacoteshyatt.com.br\/sao-paulo\/wp-content\/uploads\/sites\/3\/2024\/01\/Summer-Weekend.png","width":500,"height":250,"caption":"Hotel em S\u00e3o Paulo 5 estrelas atividades ver\u00e3o hospedagem"},{"@type":"WebPage","@id":"https:\/\/www.pacoteshyatt.com.br\/sao-paulo\/verao\/#webpage","url":"https:\/\/www.pacoteshyatt.com.br\/sao-paulo\/verao\/","name":"Ver\u00e3o em S\u00e3o Paulo: Nossa Programa\u00e7\u00e3o - Pacotes Hyatt SP","isPartOf":{"@id":"https:\/\/www.pacoteshyatt.com.br\/sao-paulo\/#website"},"primaryImageOfPage":{"@id":"https:\/\/www.pacoteshyatt.com.br\/sao-paulo\/verao\/#primaryimage"},"datePublished":"2024-01-10T15:24:11+00:00","dateModified":"2025-01-27T14:13:41+00:00","description":"Viva o ver\u00e3o no Hyatt SP, um o\u00e1sis de sofistica\u00e7\u00e3o. Desfrute de nossas piscinas cristalinas, da gastronomia no Restaurante C e de nossa hospedagem 5 estrelas","breadcrumb":{"@id":"https:\/\/www.pacoteshyatt.com.br\/sao-paulo\/verao\/#breadcrumb"},"inLanguage":"pt-BR","potentialAction":[{"@type":"ReadAction","target":["https:\/\/www.pacoteshyatt.com.br\/sao-paulo\/verao\/"]}]},{"@type":"BreadcrumbList","@id":"https:\/\/www.pacoteshyatt.com.br\/sao-paulo\/verao\/#breadcrumb","itemListElement":[{"@type":"ListItem","position":1,"name":"Home","item":"https:\/\/www.pacoteshyatt.com.br\/sao-paulo\/"},{"@type":"ListItem","position":2,"name":"VER\u00c3O"}]}]}},"_links":{"self":[{"href":"https:\/\/www.pacoteshyatt.com.br\/sao-paulo\/wp-json\/wp\/v2\/pages\/11514"}],"collection":[{"href":"https:\/\/www.pacoteshyatt.com.br\/sao-paulo\/wp-json\/wp\/v2\/pages"}],"about":[{"href":"https:\/\/www.pacoteshyatt.com.br\/sao-paulo\/wp-json\/wp\/v2\/types\/page"}],"author":[{"embeddable":true,"href":"https:\/\/www.pacoteshyatt.com.br\/sao-paulo\/wp-json\/wp\/v2\/users\/99975"}],"replies":[{"embeddable":true,"href":"https:\/\/www.pacoteshyatt.com.br\/sao-paulo\/wp-json\/wp\/v2\/comments?post=11514"}],"version-history":[{"count":21,"href":"https:\/\/www.pacoteshyatt.com.br\/sao-paulo\/wp-json\/wp\/v2\/pages\/11514\/revisions"}],"predecessor-version":[{"id":16737,"href":"https:\/\/www.pacoteshyatt.com.br\/sao-paulo\/wp-json\/wp\/v2\/pages\/11514\/revisions\/16737"}],"wp:featuredmedia":[{"embeddable":true,"href":"https:\/\/www.pacoteshyatt.com.br\/sao-paulo\/wp-json\/wp\/v2\/media\/11494"}],"wp:attachment":[{"href":"https:\/\/www.pacoteshyatt.com.br\/sao-paulo\/wp-json\/wp\/v2\/media?parent=11514"}],"curies":[{"name":"wp","href":"https:\/\/api.w.org\/{rel}","templated":true}]}}