{"id":4226,"date":"2021-11-19T15:04:35","date_gmt":"2021-11-19T18:04:35","guid":{"rendered":"https:\/\/www.pacoteshyatt.com.br\/sao-paulo\/?page_id=4226"},"modified":"2022-04-22T16:31:18","modified_gmt":"2022-04-22T19:31:18","slug":"eventos","status":"publish","type":"page","link":"https:\/\/www.pacoteshyatt.com.br\/sao-paulo\/casamentos\/eventos\/","title":{"rendered":"Eventos"},"content":{"rendered":"\n<div class=\"wp-container-69f0dee693e50 wp-block-group intro-content-home text-center\"><div class=\"wp-block-group__inner-container\"><div class=\"wp-bootstrap-blocks-container container mb-2\">\n\t\n<div class=\"wp-bootstrap-blocks-row row\">\n\t\n\n<div class=\"col-12 col-md-12 inner-intro-content\">\n\t\t\t\n\n<div class=\"wp-container-69f0dee693963 wp-block-group inner-content\"><div class=\"wp-block-group__inner-container\">\n<h1>Espa\u00e7os de Eventos<\/h1>\n\n\n\n<p> Todos os&nbsp;ambientes do Grand Hyatt S\u00e3o Paulo contam com espa\u00e7os amplamente iluminados do ch\u00e3o ao teto proporcionando a harmonia perfeita entre o requinte e a informalidade. S\u00e3o mais de 3.000m\u00b2 de espa\u00e7os de eventos, mais de 17 \u00e1reas, al\u00e9m de servi\u00e7o e infraestrutura 5 estrelas no cora\u00e7\u00e3o de S\u00e3o Paulo. <\/p>\n<\/div><\/div>\n\n\t<\/div>\n\n<\/div>\n\n<\/div>\n<\/div><\/div>\n\n\n\n<div class=\"wp-container-69f0dee6957fa wp-block-group grand-taste-top-section\"><div class=\"wp-block-group__inner-container\"><div class=\"wp-bootstrap-blocks-container container mb-2 product-descrip-section\">\n\t\n<div class=\"wp-bootstrap-blocks-row row inner-taste-col\">\n\t\n\n<div class=\"col-12 col-md-6\">\n\t\t\t\n\n<figure class=\"wp-block-image size-full\"><img loading=\"lazy\" width=\"506\" height=\"313\" src=\"https:\/\/www.pacoteshyatt.com.br\/sao-paulo\/wp-content\/uploads\/sites\/3\/2021\/11\/banner-pagina-eventos-corporativos.jpg\" alt=\"\" class=\"wp-image-4266\" srcset=\"https:\/\/www.pacoteshyatt.com.br\/sao-paulo\/wp-content\/uploads\/sites\/3\/2021\/11\/banner-pagina-eventos-corporativos.jpg 506w, https:\/\/www.pacoteshyatt.com.br\/sao-paulo\/wp-content\/uploads\/sites\/3\/2021\/11\/banner-pagina-eventos-corporativos-300x186.jpg 300w, https:\/\/www.pacoteshyatt.com.br\/sao-paulo\/wp-content\/uploads\/sites\/3\/2021\/11\/banner-pagina-eventos-corporativos-308x191.jpg 308w, https:\/\/www.pacoteshyatt.com.br\/sao-paulo\/wp-content\/uploads\/sites\/3\/2021\/11\/banner-pagina-eventos-corporativos-348x215.jpg 348w\" sizes=\"(max-width: 506px) 100vw, 506px\" \/><\/figure>\n\n\t<\/div>\n\n\n\n<div class=\"col-12 col-md-6 description-content\">\n\t\t\t\n\n<h2>Eventos Corporativos<\/h2>\n\n\n\n<p>Espa\u00e7os divididos em salas de reuni\u00f5es, centro de neg\u00f3cios, grandes sal\u00f5es, equipamentos audiovisuais, entrada e check-in exclusivos, menus personalizados, gerente de eventos no local e estacionamento com manobrista. <\/p>\n\n\n\n<p><\/p>\n\n\t<\/div>\n\n<\/div>\n\n<\/div>\n\n\n<div class=\"wp-bootstrap-blocks-container container mb-2 product-descrip-section\">\n\t\n<div class=\"wp-bootstrap-blocks-row row inner-taste-col\">\n\t\n\n<div class=\"col-12 col-md-6 description-content\">\n\t\t\t\n\n<h2>Eventos Sociais<\/h2>\n\n\n\n<div class=\"wp-container-69f0dee69444e wp-block-group\"><div class=\"wp-block-group__inner-container\">\n<p>O espa\u00e7o perfeito para sua comemora\u00e7\u00e3o. S\u00e3o \u00e1reas que integram a natureza e tamb\u00e9m valorizam decora\u00e7\u00f5es arrojadas. A combina\u00e7\u00e3o perfeita para todos os tipos de comemora\u00e7\u00e3o e tipos de celebra\u00e7\u00e3o. <br><\/p>\n<\/div><\/div>\n\n\n\n<p><\/p>\n\n\t<\/div>\n\n\n\n<div class=\"col-12 col-md-6 p-relative\">\n\t\t\t\n\n<figure class=\"wp-block-image size-full is-style-default\"><img loading=\"lazy\" width=\"506\" height=\"313\" src=\"https:\/\/www.pacoteshyatt.com.br\/sao-paulo\/wp-content\/uploads\/sites\/3\/2021\/11\/banner-pagina-eventos-sociais-1-1.jpg\" alt=\"\" class=\"wp-image-4272\" srcset=\"https:\/\/www.pacoteshyatt.com.br\/sao-paulo\/wp-content\/uploads\/sites\/3\/2021\/11\/banner-pagina-eventos-sociais-1-1.jpg 506w, https:\/\/www.pacoteshyatt.com.br\/sao-paulo\/wp-content\/uploads\/sites\/3\/2021\/11\/banner-pagina-eventos-sociais-1-1-300x186.jpg 300w, https:\/\/www.pacoteshyatt.com.br\/sao-paulo\/wp-content\/uploads\/sites\/3\/2021\/11\/banner-pagina-eventos-sociais-1-1-308x191.jpg 308w, https:\/\/www.pacoteshyatt.com.br\/sao-paulo\/wp-content\/uploads\/sites\/3\/2021\/11\/banner-pagina-eventos-sociais-1-1-348x215.jpg 348w\" sizes=\"(max-width: 506px) 100vw, 506px\" \/><\/figure>\n\n\t<\/div>\n\n<\/div>\n\n\n\n<\/div>\n<\/div><\/div>\n","protected":false},"excerpt":{"rendered":"","protected":false},"author":5,"featured_media":0,"parent":426,"menu_order":0,"comment_status":"closed","ping_status":"closed","template":"","meta":{"_eb_attr":""},"yoast_head":"<!-- This site is optimized with the Yoast SEO plugin v18.4.1 - https:\/\/yoast.com\/wordpress\/plugins\/seo\/ -->\n<title>Eventos - GRAND HYATT S\u00c3O PAULO<\/title>\n<meta name=\"robots\" content=\"index, follow, max-snippet:-1, max-image-preview:large, max-video-preview:-1\" \/>\n<link rel=\"canonical\" href=\"https:\/\/www.pacoteshyatt.com.br\/sao-paulo\/casamentos\/eventos\/\" \/>\n<meta property=\"og:locale\" content=\"pt_BR\" \/>\n<meta property=\"og:type\" content=\"article\" \/>\n<meta property=\"og:title\" content=\"Eventos - GRAND HYATT S\u00c3O PAULO\" \/>\n<meta property=\"og:url\" content=\"https:\/\/www.pacoteshyatt.com.br\/sao-paulo\/casamentos\/eventos\/\" \/>\n<meta property=\"og:site_name\" content=\"GRAND HYATT S\u00c3O PAULO\" \/>\n<meta property=\"article:modified_time\" content=\"2022-04-22T19:31:18+00:00\" \/>\n<meta property=\"og:image\" content=\"https:\/\/www.pacoteshyatt.com.br\/sao-paulo\/wp-content\/uploads\/sites\/3\/2021\/11\/banner-pagina-eventos-corporativos.jpg\" \/>\n<meta name=\"twitter:card\" content=\"summary_large_image\" \/>\n<meta name=\"twitter:label1\" content=\"Est. tempo de leitura\" \/>\n\t<meta name=\"twitter:data1\" content=\"2 minutos\" \/>\n<script type=\"application\/ld+json\" class=\"yoast-schema-graph\">{\"@context\":\"https:\/\/schema.org\",\"@graph\":[{\"@type\":\"WebSite\",\"@id\":\"https:\/\/www.pacoteshyatt.com.br\/sao-paulo\/#website\",\"url\":\"https:\/\/www.pacoteshyatt.com.br\/sao-paulo\/\",\"name\":\"GRAND HYATT S\u00c3O PAULO\",\"description\":\"S\u00f3 mais um site Hot\u00e9is Grand Hyatt Rio de Janeiro e S\u00e3o Paulo sites\",\"potentialAction\":[{\"@type\":\"SearchAction\",\"target\":{\"@type\":\"EntryPoint\",\"urlTemplate\":\"https:\/\/www.pacoteshyatt.com.br\/sao-paulo\/?s={search_term_string}\"},\"query-input\":\"required name=search_term_string\"}],\"inLanguage\":\"pt-BR\"},{\"@type\":\"ImageObject\",\"@id\":\"https:\/\/www.pacoteshyatt.com.br\/sao-paulo\/casamentos\/eventos\/#primaryimage\",\"inLanguage\":\"pt-BR\",\"url\":\"https:\/\/www.pacoteshyatt.com.br\/sao-paulo\/wp-content\/uploads\/sites\/3\/2021\/11\/banner-pagina-eventos-corporativos.jpg\",\"contentUrl\":\"https:\/\/www.pacoteshyatt.com.br\/sao-paulo\/wp-content\/uploads\/sites\/3\/2021\/11\/banner-pagina-eventos-corporativos.jpg\",\"width\":506,\"height\":313},{\"@type\":\"WebPage\",\"@id\":\"https:\/\/www.pacoteshyatt.com.br\/sao-paulo\/casamentos\/eventos\/#webpage\",\"url\":\"https:\/\/www.pacoteshyatt.com.br\/sao-paulo\/casamentos\/eventos\/\",\"name\":\"Eventos - GRAND HYATT S\u00c3O PAULO\",\"isPartOf\":{\"@id\":\"https:\/\/www.pacoteshyatt.com.br\/sao-paulo\/#website\"},\"primaryImageOfPage\":{\"@id\":\"https:\/\/www.pacoteshyatt.com.br\/sao-paulo\/casamentos\/eventos\/#primaryimage\"},\"datePublished\":\"2021-11-19T18:04:35+00:00\",\"dateModified\":\"2022-04-22T19:31:18+00:00\",\"breadcrumb\":{\"@id\":\"https:\/\/www.pacoteshyatt.com.br\/sao-paulo\/casamentos\/eventos\/#breadcrumb\"},\"inLanguage\":\"pt-BR\",\"potentialAction\":[{\"@type\":\"ReadAction\",\"target\":[\"https:\/\/www.pacoteshyatt.com.br\/sao-paulo\/casamentos\/eventos\/\"]}]},{\"@type\":\"BreadcrumbList\",\"@id\":\"https:\/\/www.pacoteshyatt.com.br\/sao-paulo\/casamentos\/eventos\/#breadcrumb\",\"itemListElement\":[{\"@type\":\"ListItem\",\"position\":1,\"name\":\"Home\",\"item\":\"https:\/\/www.pacoteshyatt.com.br\/sao-paulo\/\"},{\"@type\":\"ListItem\",\"position\":2,\"name\":\"Casamentos\",\"item\":\"https:\/\/www.pacoteshyatt.com.br\/sao-paulo\/casamentos\/\"},{\"@type\":\"ListItem\",\"position\":3,\"name\":\"Eventos\"}]}]}<\/script>\n<!-- \/ Yoast SEO plugin. -->","yoast_head_json":{"title":"Eventos - GRAND HYATT S\u00c3O PAULO","robots":{"index":"index","follow":"follow","max-snippet":"max-snippet:-1","max-image-preview":"max-image-preview:large","max-video-preview":"max-video-preview:-1"},"canonical":"https:\/\/www.pacoteshyatt.com.br\/sao-paulo\/casamentos\/eventos\/","og_locale":"pt_BR","og_type":"article","og_title":"Eventos - GRAND HYATT S\u00c3O PAULO","og_url":"https:\/\/www.pacoteshyatt.com.br\/sao-paulo\/casamentos\/eventos\/","og_site_name":"GRAND HYATT S\u00c3O PAULO","article_modified_time":"2022-04-22T19:31:18+00:00","og_image":[{"url":"https:\/\/www.pacoteshyatt.com.br\/sao-paulo\/wp-content\/uploads\/sites\/3\/2021\/11\/banner-pagina-eventos-corporativos.jpg"}],"twitter_card":"summary_large_image","twitter_misc":{"Est. tempo de leitura":"2 minutos"},"schema":{"@context":"https:\/\/schema.org","@graph":[{"@type":"WebSite","@id":"https:\/\/www.pacoteshyatt.com.br\/sao-paulo\/#website","url":"https:\/\/www.pacoteshyatt.com.br\/sao-paulo\/","name":"GRAND HYATT S\u00c3O PAULO","description":"S\u00f3 mais um site Hot\u00e9is Grand Hyatt Rio de Janeiro e S\u00e3o Paulo sites","potentialAction":[{"@type":"SearchAction","target":{"@type":"EntryPoint","urlTemplate":"https:\/\/www.pacoteshyatt.com.br\/sao-paulo\/?s={search_term_string}"},"query-input":"required name=search_term_string"}],"inLanguage":"pt-BR"},{"@type":"ImageObject","@id":"https:\/\/www.pacoteshyatt.com.br\/sao-paulo\/casamentos\/eventos\/#primaryimage","inLanguage":"pt-BR","url":"https:\/\/www.pacoteshyatt.com.br\/sao-paulo\/wp-content\/uploads\/sites\/3\/2021\/11\/banner-pagina-eventos-corporativos.jpg","contentUrl":"https:\/\/www.pacoteshyatt.com.br\/sao-paulo\/wp-content\/uploads\/sites\/3\/2021\/11\/banner-pagina-eventos-corporativos.jpg","width":506,"height":313},{"@type":"WebPage","@id":"https:\/\/www.pacoteshyatt.com.br\/sao-paulo\/casamentos\/eventos\/#webpage","url":"https:\/\/www.pacoteshyatt.com.br\/sao-paulo\/casamentos\/eventos\/","name":"Eventos - GRAND HYATT S\u00c3O PAULO","isPartOf":{"@id":"https:\/\/www.pacoteshyatt.com.br\/sao-paulo\/#website"},"primaryImageOfPage":{"@id":"https:\/\/www.pacoteshyatt.com.br\/sao-paulo\/casamentos\/eventos\/#primaryimage"},"datePublished":"2021-11-19T18:04:35+00:00","dateModified":"2022-04-22T19:31:18+00:00","breadcrumb":{"@id":"https:\/\/www.pacoteshyatt.com.br\/sao-paulo\/casamentos\/eventos\/#breadcrumb"},"inLanguage":"pt-BR","potentialAction":[{"@type":"ReadAction","target":["https:\/\/www.pacoteshyatt.com.br\/sao-paulo\/casamentos\/eventos\/"]}]},{"@type":"BreadcrumbList","@id":"https:\/\/www.pacoteshyatt.com.br\/sao-paulo\/casamentos\/eventos\/#breadcrumb","itemListElement":[{"@type":"ListItem","position":1,"name":"Home","item":"https:\/\/www.pacoteshyatt.com.br\/sao-paulo\/"},{"@type":"ListItem","position":2,"name":"Casamentos","item":"https:\/\/www.pacoteshyatt.com.br\/sao-paulo\/casamentos\/"},{"@type":"ListItem","position":3,"name":"Eventos"}]}]}},"_links":{"self":[{"href":"https:\/\/www.pacoteshyatt.com.br\/sao-paulo\/wp-json\/wp\/v2\/pages\/4226"}],"collection":[{"href":"https:\/\/www.pacoteshyatt.com.br\/sao-paulo\/wp-json\/wp\/v2\/pages"}],"about":[{"href":"https:\/\/www.pacoteshyatt.com.br\/sao-paulo\/wp-json\/wp\/v2\/types\/page"}],"author":[{"embeddable":true,"href":"https:\/\/www.pacoteshyatt.com.br\/sao-paulo\/wp-json\/wp\/v2\/users\/5"}],"replies":[{"embeddable":true,"href":"https:\/\/www.pacoteshyatt.com.br\/sao-paulo\/wp-json\/wp\/v2\/comments?post=4226"}],"version-history":[{"count":12,"href":"https:\/\/www.pacoteshyatt.com.br\/sao-paulo\/wp-json\/wp\/v2\/pages\/4226\/revisions"}],"predecessor-version":[{"id":5931,"href":"https:\/\/www.pacoteshyatt.com.br\/sao-paulo\/wp-json\/wp\/v2\/pages\/4226\/revisions\/5931"}],"up":[{"embeddable":true,"href":"https:\/\/www.pacoteshyatt.com.br\/sao-paulo\/wp-json\/wp\/v2\/pages\/426"}],"wp:attachment":[{"href":"https:\/\/www.pacoteshyatt.com.br\/sao-paulo\/wp-json\/wp\/v2\/media?parent=4226"}],"curies":[{"name":"wp","href":"https:\/\/api.w.org\/{rel}","templated":true}]}}

<div class="wp-container-69f0dee693e50 wp-block-group intro-content-home text-center"><div class="wp-block-group__inner-container"><div class="wp-bootstrap-blocks-container container mb-2">
	
<div class="wp-bootstrap-blocks-row row">
	

<div class="col-12 col-md-12 inner-intro-content">
			

<div class="wp-container-69f0dee693963 wp-block-group inner-content"><div class="wp-block-group__inner-container">
<h1>Espaços de Eventos</h1>



<p> Todos os&nbsp;ambientes do Grand Hyatt São Paulo contam com espaços amplamente iluminados do chão ao teto proporcionando a harmonia perfeita entre o requinte e a informalidade. São mais de 3.000m² de espaços de eventos, mais de 17 áreas, além de serviço e infraestrutura 5 estrelas no coração de São Paulo. </p>
</div></div>

	</div>

</div>

</div>
</div></div>



<div class="wp-container-69f0dee6957fa wp-block-group grand-taste-top-section"><div class="wp-block-group__inner-container"><div class="wp-bootstrap-blocks-container container mb-2 product-descrip-section">
	
<div class="wp-bootstrap-blocks-row row inner-taste-col">
	

<div class="col-12 col-md-6">
			

<figure class="wp-block-image size-full"><img loading="lazy" width="506" height="313" src="https://www.pacoteshyatt.com.br/sao-paulo/wp-content/uploads/sites/3/2021/11/banner-pagina-eventos-corporativos.jpg" alt="" class="wp-image-4266" srcset="https://www.pacoteshyatt.com.br/sao-paulo/wp-content/uploads/sites/3/2021/11/banner-pagina-eventos-corporativos.jpg 506w, https://www.pacoteshyatt.com.br/sao-paulo/wp-content/uploads/sites/3/2021/11/banner-pagina-eventos-corporativos-300x186.jpg 300w, https://www.pacoteshyatt.com.br/sao-paulo/wp-content/uploads/sites/3/2021/11/banner-pagina-eventos-corporativos-308x191.jpg 308w, https://www.pacoteshyatt.com.br/sao-paulo/wp-content/uploads/sites/3/2021/11/banner-pagina-eventos-corporativos-348x215.jpg 348w" sizes="(max-width: 506px) 100vw, 506px" /></figure>

	</div>



<div class="col-12 col-md-6 description-content">
			

<h2>Eventos Corporativos</h2>



<p>Espaços divididos em salas de reuniões, centro de negócios, grandes salões, equipamentos audiovisuais, entrada e check-in exclusivos, menus personalizados, gerente de eventos no local e estacionamento com manobrista. </p>



<p></p>

	</div>

</div>

</div>


<div class="wp-bootstrap-blocks-container container mb-2 product-descrip-section">
	
<div class="wp-bootstrap-blocks-row row inner-taste-col">
	

<div class="col-12 col-md-6 description-content">
			

<h2>Eventos Sociais</h2>



<div class="wp-container-69f0dee69444e wp-block-group"><div class="wp-block-group__inner-container">
<p>O espaço perfeito para sua comemoração. São áreas que integram a natureza e também valorizam decorações arrojadas. A combinação perfeita para todos os tipos de comemoração e tipos de celebração. <br></p>
</div></div>



<p></p>

	</div>



<div class="col-12 col-md-6 p-relative">
			

<figure class="wp-block-image size-full is-style-default"><img loading="lazy" width="506" height="313" src="https://www.pacoteshyatt.com.br/sao-paulo/wp-content/uploads/sites/3/2021/11/banner-pagina-eventos-sociais-1-1.jpg" alt="" class="wp-image-4272" srcset="https://www.pacoteshyatt.com.br/sao-paulo/wp-content/uploads/sites/3/2021/11/banner-pagina-eventos-sociais-1-1.jpg 506w, https://www.pacoteshyatt.com.br/sao-paulo/wp-content/uploads/sites/3/2021/11/banner-pagina-eventos-sociais-1-1-300x186.jpg 300w, https://www.pacoteshyatt.com.br/sao-paulo/wp-content/uploads/sites/3/2021/11/banner-pagina-eventos-sociais-1-1-308x191.jpg 308w, https://www.pacoteshyatt.com.br/sao-paulo/wp-content/uploads/sites/3/2021/11/banner-pagina-eventos-sociais-1-1-348x215.jpg 348w" sizes="(max-width: 506px) 100vw, 506px" /></figure>

	</div>

</div>



</div>
</div></div>

<!-- This site is optimized with the Yoast SEO plugin v18.4.1 - https://yoast.com/wordpress/plugins/seo/ -->
<title>Eventos - GRAND HYATT SÃO PAULO</title>
<meta name="robots" content="index, follow, max-snippet:-1, max-image-preview:large, max-video-preview:-1" />
<link rel="canonical" href="https://www.pacoteshyatt.com.br/sao-paulo/casamentos/eventos/" />
<meta property="og:locale" content="pt_BR" />
<meta property="og:type" content="article" />
<meta property="og:title" content="Eventos - GRAND HYATT SÃO PAULO" />
<meta property="og:url" content="https://www.pacoteshyatt.com.br/sao-paulo/casamentos/eventos/" />
<meta property="og:site_name" content="GRAND HYATT SÃO PAULO" />
<meta property="article:modified_time" content="2022-04-22T19:31:18+00:00" />
<meta property="og:image" content="https://www.pacoteshyatt.com.br/sao-paulo/wp-content/uploads/sites/3/2021/11/banner-pagina-eventos-corporativos.jpg" />
<meta name="twitter:card" content="summary_large_image" />
<meta name="twitter:label1" content="Est. tempo de leitura" />
	<meta name="twitter:data1" content="2 minutos" />
<script type="application/ld+json" class="yoast-schema-graph">{"@context":"https://schema.org","@graph":[{"@type":"WebSite","@id":"https://www.pacoteshyatt.com.br/sao-paulo/#website","url":"https://www.pacoteshyatt.com.br/sao-paulo/","name":"GRAND HYATT SÃO PAULO","description":"Só mais um site Hotéis Grand Hyatt Rio de Janeiro e São Paulo sites","potentialAction":[{"@type":"SearchAction","target":{"@type":"EntryPoint","urlTemplate":"https://www.pacoteshyatt.com.br/sao-paulo/?s={search_term_string}"},"query-input":"required name=search_term_string"}],"inLanguage":"pt-BR"},{"@type":"ImageObject","@id":"https://www.pacoteshyatt.com.br/sao-paulo/casamentos/eventos/#primaryimage","inLanguage":"pt-BR","url":"https://www.pacoteshyatt.com.br/sao-paulo/wp-content/uploads/sites/3/2021/11/banner-pagina-eventos-corporativos.jpg","contentUrl":"https://www.pacoteshyatt.com.br/sao-paulo/wp-content/uploads/sites/3/2021/11/banner-pagina-eventos-corporativos.jpg","width":506,"height":313},{"@type":"WebPage","@id":"https://www.pacoteshyatt.com.br/sao-paulo/casamentos/eventos/#webpage","url":"https://www.pacoteshyatt.com.br/sao-paulo/casamentos/eventos/","name":"Eventos - GRAND HYATT SÃO PAULO","isPartOf":{"@id":"https://www.pacoteshyatt.com.br/sao-paulo/#website"},"primaryImageOfPage":{"@id":"https://www.pacoteshyatt.com.br/sao-paulo/casamentos/eventos/#primaryimage"},"datePublished":"2021-11-19T18:04:35+00:00","dateModified":"2022-04-22T19:31:18+00:00","breadcrumb":{"@id":"https://www.pacoteshyatt.com.br/sao-paulo/casamentos/eventos/#breadcrumb"},"inLanguage":"pt-BR","potentialAction":[{"@type":"ReadAction","target":["https://www.pacoteshyatt.com.br/sao-paulo/casamentos/eventos/"]}]},{"@type":"BreadcrumbList","@id":"https://www.pacoteshyatt.com.br/sao-paulo/casamentos/eventos/#breadcrumb","itemListElement":[{"@type":"ListItem","position":1,"name":"Home","item":"https://www.pacoteshyatt.com.br/sao-paulo/"},{"@type":"ListItem","position":2,"name":"Casamentos","item":"https://www.pacoteshyatt.com.br/sao-paulo/casamentos/"},{"@type":"ListItem","position":3,"name":"Eventos"}]}]}</script>
<!-- / Yoast SEO plugin. -->

Eventos - GRAND HYATT SÃO PAULO

GRAND HYATT SÃO PAULO

Só mais um site Hotéis Grand Hyatt Rio de Janeiro e São Paulo sites
