{"id":2426,"date":"2021-05-25T12:44:38","date_gmt":"2021-05-25T15:44:38","guid":{"rendered":"https:\/\/www.pacoteshyatt.com.br\/sao-paulo\/?post_type=product&#038;p=2426"},"modified":"2025-06-13T09:54:46","modified_gmt":"2025-06-13T12:54:46","slug":"grand-valentines","status":"publish","type":"product","link":"https:\/\/www.pacoteshyatt.com.br\/sao-paulo\/product\/grand-valentines\/","title":{"rendered":"PACOTE VALENTINES SEM JANTAR"},"content":{"rendered":"<p class=\"\" data-start=\"246\" data-end=\"456\">Celebre o Dia dos Namorados com uma experi\u00eancia exclusiva no Grand Hyatt S\u00e3o Paulo. Mais do que uma hospedagem, este pacote foi criado para quem deseja viver a data com eleg\u00e2ncia, conforto e conex\u00e3o verdadeira.<\/p>\n<p>As amenidades no quarto variam de acordo com a categoria escolhida e incluem itens como buqu\u00ea de flores, uma garrafa de Champagne Mo\u00ebt &amp; Chandon e chocolate na acomoda\u00e7\u00e3o. Tamb\u00e9m est\u00e1 incluso um presente da <strong>feito brasil<\/strong>, pensado para tornar o momento ainda mais especial.<\/p>\n<p>O pacote oferece ainda caf\u00e9 da manh\u00e3 no restaurante do hotel e estacionamento para um ve\u00edculo.<\/p>\n<p>\u00c9 o cen\u00e1rio ideal para celebrar o amor e criar novas mem\u00f3rias.<\/p>\n<p>Reserve agora e torne o Dia dos Namorados inesquec\u00edvel no Grand Hyatt S\u00e3o Paulo.<\/p>\n<p data-start=\"1164\" data-end=\"1244\"><img loading=\"lazy\" class=\"wp-image-17903 aligncenter\" src=\"https:\/\/www.pacoteshyatt.com.br\/sao-paulo\/wp-content\/uploads\/sites\/3\/2021\/05\/3-Part-Journey-Your-Story-300x119.png\" alt=\"\" width=\"787\" height=\"312\" srcset=\"https:\/\/www.pacoteshyatt.com.br\/sao-paulo\/wp-content\/uploads\/sites\/3\/2021\/05\/3-Part-Journey-Your-Story-300x119.png 300w, https:\/\/www.pacoteshyatt.com.br\/sao-paulo\/wp-content\/uploads\/sites\/3\/2021\/05\/3-Part-Journey-Your-Story-1024x405.png 1024w, https:\/\/www.pacoteshyatt.com.br\/sao-paulo\/wp-content\/uploads\/sites\/3\/2021\/05\/3-Part-Journey-Your-Story-768x304.png 768w, https:\/\/www.pacoteshyatt.com.br\/sao-paulo\/wp-content\/uploads\/sites\/3\/2021\/05\/3-Part-Journey-Your-Story-1536x608.png 1536w, https:\/\/www.pacoteshyatt.com.br\/sao-paulo\/wp-content\/uploads\/sites\/3\/2021\/05\/3-Part-Journey-Your-Story-308x122.png 308w, https:\/\/www.pacoteshyatt.com.br\/sao-paulo\/wp-content\/uploads\/sites\/3\/2021\/05\/3-Part-Journey-Your-Story-348x138.png 348w, https:\/\/www.pacoteshyatt.com.br\/sao-paulo\/wp-content\/uploads\/sites\/3\/2021\/05\/3-Part-Journey-Your-Story.png 1920w\" sizes=\"(max-width: 787px) 100vw, 787px\" \/><\/p>\n<p>&nbsp;<\/p>\n","protected":false},"excerpt":{"rendered":"<p>Celebre o Dia dos Namorados com uma experi\u00eancia exclusiva no Grand Hyatt S\u00e3o Paulo. Mais do que uma hospedagem, este pacote foi criado para quem deseja viver a data com eleg\u00e2ncia, conforto e conex\u00e3o verdadeira. As amenidades no quarto variam de acordo com a categoria escolhida e incluem itens como buqu\u00ea de flores, uma garrafa [&hellip;]<\/p>\n","protected":false},"featured_media":17892,"comment_status":"open","ping_status":"closed","template":"","meta":{"_eb_attr":""},"product_cat":[57,70,19],"product_tag":[],"yoast_head":"<!-- This site is optimized with the Yoast SEO plugin v18.4.1 - https:\/\/yoast.com\/wordpress\/plugins\/seo\/ -->\n<title>Hospedagem Rom\u00e2ntica de Dia dos Namorados - Hyatt SP<\/title>\n<meta name=\"description\" content=\"Desfrute de jantar rom\u00e2ntico, hospedagem de luxo, caf\u00e9 da manh\u00e3 e mimos exclusivos no Grand Valentine&#039;s do Grand Hyatt S\u00e3o Paulo. Reserve j\u00e1 e encante-se!\" \/>\n<meta name=\"robots\" content=\"index, follow, max-snippet:-1, max-image-preview:large, max-video-preview:-1\" \/>\n<link rel=\"canonical\" href=\"https:\/\/www.pacoteshyatt.com.br\/sao-paulo\/product\/grand-valentines\/\" \/>\n<meta property=\"og:locale\" content=\"pt_BR\" \/>\n<meta property=\"og:type\" content=\"article\" \/>\n<meta property=\"og:title\" content=\"Hospedagem Rom\u00e2ntica de Dia dos Namorados - Hyatt SP\" \/>\n<meta property=\"og:description\" content=\"Desfrute de jantar rom\u00e2ntico, hospedagem de luxo, caf\u00e9 da manh\u00e3 e mimos exclusivos no Grand Valentine&#039;s do Grand Hyatt S\u00e3o Paulo. Reserve j\u00e1 e encante-se!\" \/>\n<meta property=\"og:url\" content=\"https:\/\/www.pacoteshyatt.com.br\/sao-paulo\/product\/grand-valentines\/\" \/>\n<meta property=\"og:site_name\" content=\"GRAND HYATT S\u00c3O PAULO\" \/>\n<meta property=\"article:modified_time\" content=\"2025-06-13T12:54:46+00:00\" \/>\n<meta property=\"og:image\" content=\"https:\/\/www.pacoteshyatt.com.br\/sao-paulo\/wp-content\/uploads\/sites\/3\/2025\/05\/GHSP_DiaDosNamorados_PacoteHospedagem_Banner_308x200px_v1.png\" \/>\n\t<meta property=\"og:image:width\" content=\"308\" \/>\n\t<meta property=\"og:image:height\" content=\"200\" \/>\n\t<meta property=\"og:image:type\" content=\"image\/png\" \/>\n<meta name=\"twitter:card\" content=\"summary_large_image\" \/>\n<meta name=\"twitter:label1\" content=\"Est. tempo de leitura\" \/>\n\t<meta name=\"twitter:data1\" content=\"2 minutos\" \/>\n<script type=\"application\/ld+json\" class=\"yoast-schema-graph\">{\"@context\":\"https:\/\/schema.org\",\"@graph\":[{\"@type\":\"WebSite\",\"@id\":\"https:\/\/www.pacoteshyatt.com.br\/sao-paulo\/#website\",\"url\":\"https:\/\/www.pacoteshyatt.com.br\/sao-paulo\/\",\"name\":\"GRAND HYATT S\u00c3O PAULO\",\"description\":\"S\u00f3 mais um site Hot\u00e9is Grand Hyatt Rio de Janeiro e S\u00e3o Paulo sites\",\"potentialAction\":[{\"@type\":\"SearchAction\",\"target\":{\"@type\":\"EntryPoint\",\"urlTemplate\":\"https:\/\/www.pacoteshyatt.com.br\/sao-paulo\/?s={search_term_string}\"},\"query-input\":\"required name=search_term_string\"}],\"inLanguage\":\"pt-BR\"},{\"@type\":\"ImageObject\",\"@id\":\"https:\/\/www.pacoteshyatt.com.br\/sao-paulo\/product\/grand-valentines\/#primaryimage\",\"inLanguage\":\"pt-BR\",\"url\":\"https:\/\/www.pacoteshyatt.com.br\/sao-paulo\/wp-content\/uploads\/sites\/3\/2025\/05\/GHSP_DiaDosNamorados_PacoteHospedagem_Banner_308x200px_v1.png\",\"contentUrl\":\"https:\/\/www.pacoteshyatt.com.br\/sao-paulo\/wp-content\/uploads\/sites\/3\/2025\/05\/GHSP_DiaDosNamorados_PacoteHospedagem_Banner_308x200px_v1.png\",\"width\":308,\"height\":200},{\"@type\":\"WebPage\",\"@id\":\"https:\/\/www.pacoteshyatt.com.br\/sao-paulo\/product\/grand-valentines\/#webpage\",\"url\":\"https:\/\/www.pacoteshyatt.com.br\/sao-paulo\/product\/grand-valentines\/\",\"name\":\"Hospedagem Rom\u00e2ntica de Dia dos Namorados - Hyatt SP\",\"isPartOf\":{\"@id\":\"https:\/\/www.pacoteshyatt.com.br\/sao-paulo\/#website\"},\"primaryImageOfPage\":{\"@id\":\"https:\/\/www.pacoteshyatt.com.br\/sao-paulo\/product\/grand-valentines\/#primaryimage\"},\"datePublished\":\"2021-05-25T15:44:38+00:00\",\"dateModified\":\"2025-06-13T12:54:46+00:00\",\"description\":\"Desfrute de jantar rom\u00e2ntico, hospedagem de luxo, caf\u00e9 da manh\u00e3 e mimos exclusivos no Grand Valentine's do Grand Hyatt S\u00e3o Paulo. Reserve j\u00e1 e encante-se!\",\"breadcrumb\":{\"@id\":\"https:\/\/www.pacoteshyatt.com.br\/sao-paulo\/product\/grand-valentines\/#breadcrumb\"},\"inLanguage\":\"pt-BR\",\"potentialAction\":[{\"@type\":\"ReadAction\",\"target\":[\"https:\/\/www.pacoteshyatt.com.br\/sao-paulo\/product\/grand-valentines\/\"]}]},{\"@type\":\"BreadcrumbList\",\"@id\":\"https:\/\/www.pacoteshyatt.com.br\/sao-paulo\/product\/grand-valentines\/#breadcrumb\",\"itemListElement\":[{\"@type\":\"ListItem\",\"position\":1,\"name\":\"Home\",\"item\":\"https:\/\/www.pacoteshyatt.com.br\/sao-paulo\/\"},{\"@type\":\"ListItem\",\"position\":2,\"name\":\"Shop\",\"item\":\"https:\/\/www.pacoteshyatt.com.br\/sao-paulo\/shop\/\"},{\"@type\":\"ListItem\",\"position\":3,\"name\":\"PACOTE VALENTINES SEM JANTAR\"}]}]}<\/script>\n<!-- \/ Yoast SEO plugin. -->","yoast_head_json":{"title":"Hospedagem Rom\u00e2ntica de Dia dos Namorados - Hyatt SP","description":"Desfrute de jantar rom\u00e2ntico, hospedagem de luxo, caf\u00e9 da manh\u00e3 e mimos exclusivos no Grand Valentine's do Grand Hyatt S\u00e3o Paulo. Reserve j\u00e1 e encante-se!","robots":{"index":"index","follow":"follow","max-snippet":"max-snippet:-1","max-image-preview":"max-image-preview:large","max-video-preview":"max-video-preview:-1"},"canonical":"https:\/\/www.pacoteshyatt.com.br\/sao-paulo\/product\/grand-valentines\/","og_locale":"pt_BR","og_type":"article","og_title":"Hospedagem Rom\u00e2ntica de Dia dos Namorados - Hyatt SP","og_description":"Desfrute de jantar rom\u00e2ntico, hospedagem de luxo, caf\u00e9 da manh\u00e3 e mimos exclusivos no Grand Valentine's do Grand Hyatt S\u00e3o Paulo. Reserve j\u00e1 e encante-se!","og_url":"https:\/\/www.pacoteshyatt.com.br\/sao-paulo\/product\/grand-valentines\/","og_site_name":"GRAND HYATT S\u00c3O PAULO","article_modified_time":"2025-06-13T12:54:46+00:00","og_image":[{"width":308,"height":200,"url":"https:\/\/www.pacoteshyatt.com.br\/sao-paulo\/wp-content\/uploads\/sites\/3\/2025\/05\/GHSP_DiaDosNamorados_PacoteHospedagem_Banner_308x200px_v1.png","type":"image\/png"}],"twitter_card":"summary_large_image","twitter_misc":{"Est. tempo de leitura":"2 minutos"},"schema":{"@context":"https:\/\/schema.org","@graph":[{"@type":"WebSite","@id":"https:\/\/www.pacoteshyatt.com.br\/sao-paulo\/#website","url":"https:\/\/www.pacoteshyatt.com.br\/sao-paulo\/","name":"GRAND HYATT S\u00c3O PAULO","description":"S\u00f3 mais um site Hot\u00e9is Grand Hyatt Rio de Janeiro e S\u00e3o Paulo sites","potentialAction":[{"@type":"SearchAction","target":{"@type":"EntryPoint","urlTemplate":"https:\/\/www.pacoteshyatt.com.br\/sao-paulo\/?s={search_term_string}"},"query-input":"required name=search_term_string"}],"inLanguage":"pt-BR"},{"@type":"ImageObject","@id":"https:\/\/www.pacoteshyatt.com.br\/sao-paulo\/product\/grand-valentines\/#primaryimage","inLanguage":"pt-BR","url":"https:\/\/www.pacoteshyatt.com.br\/sao-paulo\/wp-content\/uploads\/sites\/3\/2025\/05\/GHSP_DiaDosNamorados_PacoteHospedagem_Banner_308x200px_v1.png","contentUrl":"https:\/\/www.pacoteshyatt.com.br\/sao-paulo\/wp-content\/uploads\/sites\/3\/2025\/05\/GHSP_DiaDosNamorados_PacoteHospedagem_Banner_308x200px_v1.png","width":308,"height":200},{"@type":"WebPage","@id":"https:\/\/www.pacoteshyatt.com.br\/sao-paulo\/product\/grand-valentines\/#webpage","url":"https:\/\/www.pacoteshyatt.com.br\/sao-paulo\/product\/grand-valentines\/","name":"Hospedagem Rom\u00e2ntica de Dia dos Namorados - Hyatt SP","isPartOf":{"@id":"https:\/\/www.pacoteshyatt.com.br\/sao-paulo\/#website"},"primaryImageOfPage":{"@id":"https:\/\/www.pacoteshyatt.com.br\/sao-paulo\/product\/grand-valentines\/#primaryimage"},"datePublished":"2021-05-25T15:44:38+00:00","dateModified":"2025-06-13T12:54:46+00:00","description":"Desfrute de jantar rom\u00e2ntico, hospedagem de luxo, caf\u00e9 da manh\u00e3 e mimos exclusivos no Grand Valentine's do Grand Hyatt S\u00e3o Paulo. Reserve j\u00e1 e encante-se!","breadcrumb":{"@id":"https:\/\/www.pacoteshyatt.com.br\/sao-paulo\/product\/grand-valentines\/#breadcrumb"},"inLanguage":"pt-BR","potentialAction":[{"@type":"ReadAction","target":["https:\/\/www.pacoteshyatt.com.br\/sao-paulo\/product\/grand-valentines\/"]}]},{"@type":"BreadcrumbList","@id":"https:\/\/www.pacoteshyatt.com.br\/sao-paulo\/product\/grand-valentines\/#breadcrumb","itemListElement":[{"@type":"ListItem","position":1,"name":"Home","item":"https:\/\/www.pacoteshyatt.com.br\/sao-paulo\/"},{"@type":"ListItem","position":2,"name":"Shop","item":"https:\/\/www.pacoteshyatt.com.br\/sao-paulo\/shop\/"},{"@type":"ListItem","position":3,"name":"PACOTE VALENTINES SEM JANTAR"}]}]}},"_links":{"self":[{"href":"https:\/\/www.pacoteshyatt.com.br\/sao-paulo\/wp-json\/wp\/v2\/product\/2426"}],"collection":[{"href":"https:\/\/www.pacoteshyatt.com.br\/sao-paulo\/wp-json\/wp\/v2\/product"}],"about":[{"href":"https:\/\/www.pacoteshyatt.com.br\/sao-paulo\/wp-json\/wp\/v2\/types\/product"}],"replies":[{"embeddable":true,"href":"https:\/\/www.pacoteshyatt.com.br\/sao-paulo\/wp-json\/wp\/v2\/comments?post=2426"}],"wp:featuredmedia":[{"embeddable":true,"href":"https:\/\/www.pacoteshyatt.com.br\/sao-paulo\/wp-json\/wp\/v2\/media\/17892"}],"wp:attachment":[{"href":"https:\/\/www.pacoteshyatt.com.br\/sao-paulo\/wp-json\/wp\/v2\/media?parent=2426"}],"wp:term":[{"taxonomy":"product_cat","embeddable":true,"href":"https:\/\/www.pacoteshyatt.com.br\/sao-paulo\/wp-json\/wp\/v2\/product_cat?post=2426"},{"taxonomy":"product_tag","embeddable":true,"href":"https:\/\/www.pacoteshyatt.com.br\/sao-paulo\/wp-json\/wp\/v2\/product_tag?post=2426"}],"curies":[{"name":"wp","href":"https:\/\/api.w.org\/{rel}","templated":true}]}}