{"id":5189,"date":"2022-02-01T12:28:38","date_gmt":"2022-02-01T15:28:38","guid":{"rendered":"https:\/\/www.pacoteshyatt.com.br\/sao-paulo\/?post_type=product&#038;p=5189"},"modified":"2026-05-09T18:25:08","modified_gmt":"2026-05-09T21:25:08","slug":"feijoada-carnaval","status":"publish","type":"product","link":"https:\/\/www.pacoteshyatt.com.br\/sao-paulo\/product\/feijoada-carnaval\/","title":{"rendered":"14\/02 | FEIJOADA DE CARNAVAL"},"content":{"rendered":"<p>Celebre o Carnaval com uma experi\u00eancia \u00fanica no Restaurante Cittadino do Grand Hyatt S\u00e3o Paulo.<\/p>\n<p>Nossa tradicional <strong>Feijoada de Carnaval<\/strong> \u00e9 a combina\u00e7\u00e3o perfeita de gastronomia, m\u00fasica e descontra\u00e7\u00e3o, em um ambiente sofisticado e acolhedor.<\/p>\n<p>Enquanto voc\u00ea aprecia uma feijoada saborosa, desfrute de bebidas inclu\u00eddas, como a cl\u00e1ssica caipirinha, Chopp e op\u00e7\u00f5es n\u00e3o alco\u00f3licas.<\/p>\n<p>Para tornar a ocasi\u00e3o ainda mais especial, a banda<strong><a href=\"https:\/\/www.instagram.com\/bandaacores\/\" target=\"_blank\" rel=\"noopener\"> &#8220;A Cores&#8221;<\/a><\/strong> comanda a roda de samba ao vivo que embalar\u00e1 a sua tarde com o melhor da m\u00fasica brasileira.<\/p>\n<p>Este \u00e9 o convite perfeito para reunir amigos e familiares em uma celebra\u00e7\u00e3o repleta de tradi\u00e7\u00e3o e alegria.<\/p>\n<p>Reserve j\u00e1 o sua <strong>feijoada de carnaval no Grand Hyatt S\u00e3o Paulo<\/strong> viva uma experi\u00eancia inesquec\u00edvel!<\/p>\n<p><strong>*A Feijoada de Carnaval ser\u00e1 servida no Restaurante Cittadino. Temos disponibilidade de mesas somente na \u00e1rea externa &#8211; Terra\u00e7o do Cittadino.<\/strong><\/p>\n","protected":false},"excerpt":{"rendered":"<p>Celebre o Carnaval com uma experi\u00eancia \u00fanica no Restaurante Cittadino do Grand Hyatt S\u00e3o Paulo. Nossa tradicional Feijoada de Carnaval \u00e9 a combina\u00e7\u00e3o perfeita de gastronomia, m\u00fasica e descontra\u00e7\u00e3o, em um ambiente sofisticado e acolhedor. Enquanto voc\u00ea aprecia uma feijoada saborosa, desfrute de bebidas inclu\u00eddas, como a cl\u00e1ssica caipirinha, Chopp e op\u00e7\u00f5es n\u00e3o alco\u00f3licas. Para [&hellip;]<\/p>\n","protected":false},"featured_media":20861,"comment_status":"open","ping_status":"closed","template":"","meta":{"_eb_attr":""},"product_cat":[75,57,27,28],"product_tag":[],"yoast_head":"<!-- This site is optimized with the Yoast SEO plugin v18.4.1 - https:\/\/yoast.com\/wordpress\/plugins\/seo\/ -->\n<title>Feijoada de Carnaval c\/ Roda de Samba- Grand Hyatt SP<\/title>\n<meta name=\"description\" content=\"Feijoada de carnaval \u00e9 no Grand Hyatt S\u00e3o Paulo! Gastronomia brasileira, roda de samba ao vivo, bebidas inclu\u00eddas e um ambiente de alto n\u00edvel. Reserve agora!\" \/>\n<meta name=\"robots\" content=\"index, follow, max-snippet:-1, max-image-preview:large, max-video-preview:-1\" \/>\n<link rel=\"canonical\" href=\"https:\/\/www.pacoteshyatt.com.br\/sao-paulo\/product\/feijoada-carnaval\/\" \/>\n<meta property=\"og:locale\" content=\"pt_BR\" \/>\n<meta property=\"og:type\" content=\"article\" \/>\n<meta property=\"og:title\" content=\"Feijoada de Carnaval c\/ Roda de Samba- Grand Hyatt SP\" \/>\n<meta property=\"og:description\" content=\"Feijoada de carnaval \u00e9 no Grand Hyatt S\u00e3o Paulo! Gastronomia brasileira, roda de samba ao vivo, bebidas inclu\u00eddas e um ambiente de alto n\u00edvel. Reserve agora!\" \/>\n<meta property=\"og:url\" content=\"https:\/\/www.pacoteshyatt.com.br\/sao-paulo\/product\/feijoada-carnaval\/\" \/>\n<meta property=\"og:site_name\" content=\"GRAND HYATT S\u00c3O PAULO\" \/>\n<meta property=\"article:modified_time\" content=\"2026-05-09T21:25:08+00:00\" \/>\n<meta property=\"og:image\" content=\"https:\/\/www.pacoteshyatt.com.br\/sao-paulo\/wp-content\/uploads\/sites\/3\/2022\/02\/GHSP_FeijoadaDeCarnaval_Banner_308x200px_v01.png\" \/>\n\t<meta property=\"og:image:width\" content=\"308\" \/>\n\t<meta property=\"og:image:height\" content=\"200\" \/>\n\t<meta property=\"og:image:type\" content=\"image\/png\" \/>\n<meta name=\"twitter:card\" content=\"summary_large_image\" \/>\n<meta name=\"twitter:label1\" content=\"Est. tempo de leitura\" \/>\n\t<meta name=\"twitter:data1\" content=\"1 minuto\" \/>\n<script type=\"application\/ld+json\" class=\"yoast-schema-graph\">{\"@context\":\"https:\/\/schema.org\",\"@graph\":[{\"@type\":\"WebSite\",\"@id\":\"https:\/\/www.pacoteshyatt.com.br\/sao-paulo\/#website\",\"url\":\"https:\/\/www.pacoteshyatt.com.br\/sao-paulo\/\",\"name\":\"GRAND HYATT S\u00c3O PAULO\",\"description\":\"S\u00f3 mais um site Hot\u00e9is Grand Hyatt Rio de Janeiro e S\u00e3o Paulo sites\",\"potentialAction\":[{\"@type\":\"SearchAction\",\"target\":{\"@type\":\"EntryPoint\",\"urlTemplate\":\"https:\/\/www.pacoteshyatt.com.br\/sao-paulo\/?s={search_term_string}\"},\"query-input\":\"required name=search_term_string\"}],\"inLanguage\":\"pt-BR\"},{\"@type\":\"ImageObject\",\"@id\":\"https:\/\/www.pacoteshyatt.com.br\/sao-paulo\/product\/feijoada-carnaval\/#primaryimage\",\"inLanguage\":\"pt-BR\",\"url\":\"https:\/\/www.pacoteshyatt.com.br\/sao-paulo\/wp-content\/uploads\/sites\/3\/2022\/02\/GHSP_FeijoadaDeCarnaval_Banner_308x200px_v01.png\",\"contentUrl\":\"https:\/\/www.pacoteshyatt.com.br\/sao-paulo\/wp-content\/uploads\/sites\/3\/2022\/02\/GHSP_FeijoadaDeCarnaval_Banner_308x200px_v01.png\",\"width\":308,\"height\":200,\"caption\":\"Feijoada de natal com roda de samba\"},{\"@type\":\"WebPage\",\"@id\":\"https:\/\/www.pacoteshyatt.com.br\/sao-paulo\/product\/feijoada-carnaval\/#webpage\",\"url\":\"https:\/\/www.pacoteshyatt.com.br\/sao-paulo\/product\/feijoada-carnaval\/\",\"name\":\"Feijoada de Carnaval c\/ Roda de Samba- Grand Hyatt SP\",\"isPartOf\":{\"@id\":\"https:\/\/www.pacoteshyatt.com.br\/sao-paulo\/#website\"},\"primaryImageOfPage\":{\"@id\":\"https:\/\/www.pacoteshyatt.com.br\/sao-paulo\/product\/feijoada-carnaval\/#primaryimage\"},\"datePublished\":\"2022-02-01T15:28:38+00:00\",\"dateModified\":\"2026-05-09T21:25:08+00:00\",\"description\":\"Feijoada de carnaval \u00e9 no Grand Hyatt S\u00e3o Paulo! Gastronomia brasileira, roda de samba ao vivo, bebidas inclu\u00eddas e um ambiente de alto n\u00edvel. Reserve agora!\",\"breadcrumb\":{\"@id\":\"https:\/\/www.pacoteshyatt.com.br\/sao-paulo\/product\/feijoada-carnaval\/#breadcrumb\"},\"inLanguage\":\"pt-BR\",\"potentialAction\":[{\"@type\":\"ReadAction\",\"target\":[\"https:\/\/www.pacoteshyatt.com.br\/sao-paulo\/product\/feijoada-carnaval\/\"]}]},{\"@type\":\"BreadcrumbList\",\"@id\":\"https:\/\/www.pacoteshyatt.com.br\/sao-paulo\/product\/feijoada-carnaval\/#breadcrumb\",\"itemListElement\":[{\"@type\":\"ListItem\",\"position\":1,\"name\":\"Home\",\"item\":\"https:\/\/www.pacoteshyatt.com.br\/sao-paulo\/\"},{\"@type\":\"ListItem\",\"position\":2,\"name\":\"Shop\",\"item\":\"https:\/\/www.pacoteshyatt.com.br\/sao-paulo\/shop\/\"},{\"@type\":\"ListItem\",\"position\":3,\"name\":\"14\/02 | FEIJOADA DE CARNAVAL\"}]}]}<\/script>\n<!-- \/ Yoast SEO plugin. -->","yoast_head_json":{"title":"Feijoada de Carnaval c\/ Roda de Samba- Grand Hyatt SP","description":"Feijoada de carnaval \u00e9 no Grand Hyatt S\u00e3o Paulo! Gastronomia brasileira, roda de samba ao vivo, bebidas inclu\u00eddas e um ambiente de alto n\u00edvel. Reserve agora!","robots":{"index":"index","follow":"follow","max-snippet":"max-snippet:-1","max-image-preview":"max-image-preview:large","max-video-preview":"max-video-preview:-1"},"canonical":"https:\/\/www.pacoteshyatt.com.br\/sao-paulo\/product\/feijoada-carnaval\/","og_locale":"pt_BR","og_type":"article","og_title":"Feijoada de Carnaval c\/ Roda de Samba- Grand Hyatt SP","og_description":"Feijoada de carnaval \u00e9 no Grand Hyatt S\u00e3o Paulo! Gastronomia brasileira, roda de samba ao vivo, bebidas inclu\u00eddas e um ambiente de alto n\u00edvel. Reserve agora!","og_url":"https:\/\/www.pacoteshyatt.com.br\/sao-paulo\/product\/feijoada-carnaval\/","og_site_name":"GRAND HYATT S\u00c3O PAULO","article_modified_time":"2026-05-09T21:25:08+00:00","og_image":[{"width":308,"height":200,"url":"https:\/\/www.pacoteshyatt.com.br\/sao-paulo\/wp-content\/uploads\/sites\/3\/2022\/02\/GHSP_FeijoadaDeCarnaval_Banner_308x200px_v01.png","type":"image\/png"}],"twitter_card":"summary_large_image","twitter_misc":{"Est. tempo de leitura":"1 minuto"},"schema":{"@context":"https:\/\/schema.org","@graph":[{"@type":"WebSite","@id":"https:\/\/www.pacoteshyatt.com.br\/sao-paulo\/#website","url":"https:\/\/www.pacoteshyatt.com.br\/sao-paulo\/","name":"GRAND HYATT S\u00c3O PAULO","description":"S\u00f3 mais um site Hot\u00e9is Grand Hyatt Rio de Janeiro e S\u00e3o Paulo sites","potentialAction":[{"@type":"SearchAction","target":{"@type":"EntryPoint","urlTemplate":"https:\/\/www.pacoteshyatt.com.br\/sao-paulo\/?s={search_term_string}"},"query-input":"required name=search_term_string"}],"inLanguage":"pt-BR"},{"@type":"ImageObject","@id":"https:\/\/www.pacoteshyatt.com.br\/sao-paulo\/product\/feijoada-carnaval\/#primaryimage","inLanguage":"pt-BR","url":"https:\/\/www.pacoteshyatt.com.br\/sao-paulo\/wp-content\/uploads\/sites\/3\/2022\/02\/GHSP_FeijoadaDeCarnaval_Banner_308x200px_v01.png","contentUrl":"https:\/\/www.pacoteshyatt.com.br\/sao-paulo\/wp-content\/uploads\/sites\/3\/2022\/02\/GHSP_FeijoadaDeCarnaval_Banner_308x200px_v01.png","width":308,"height":200,"caption":"Feijoada de natal com roda de samba"},{"@type":"WebPage","@id":"https:\/\/www.pacoteshyatt.com.br\/sao-paulo\/product\/feijoada-carnaval\/#webpage","url":"https:\/\/www.pacoteshyatt.com.br\/sao-paulo\/product\/feijoada-carnaval\/","name":"Feijoada de Carnaval c\/ Roda de Samba- Grand Hyatt SP","isPartOf":{"@id":"https:\/\/www.pacoteshyatt.com.br\/sao-paulo\/#website"},"primaryImageOfPage":{"@id":"https:\/\/www.pacoteshyatt.com.br\/sao-paulo\/product\/feijoada-carnaval\/#primaryimage"},"datePublished":"2022-02-01T15:28:38+00:00","dateModified":"2026-05-09T21:25:08+00:00","description":"Feijoada de carnaval \u00e9 no Grand Hyatt S\u00e3o Paulo! Gastronomia brasileira, roda de samba ao vivo, bebidas inclu\u00eddas e um ambiente de alto n\u00edvel. Reserve agora!","breadcrumb":{"@id":"https:\/\/www.pacoteshyatt.com.br\/sao-paulo\/product\/feijoada-carnaval\/#breadcrumb"},"inLanguage":"pt-BR","potentialAction":[{"@type":"ReadAction","target":["https:\/\/www.pacoteshyatt.com.br\/sao-paulo\/product\/feijoada-carnaval\/"]}]},{"@type":"BreadcrumbList","@id":"https:\/\/www.pacoteshyatt.com.br\/sao-paulo\/product\/feijoada-carnaval\/#breadcrumb","itemListElement":[{"@type":"ListItem","position":1,"name":"Home","item":"https:\/\/www.pacoteshyatt.com.br\/sao-paulo\/"},{"@type":"ListItem","position":2,"name":"Shop","item":"https:\/\/www.pacoteshyatt.com.br\/sao-paulo\/shop\/"},{"@type":"ListItem","position":3,"name":"14\/02 | FEIJOADA DE CARNAVAL"}]}]}},"_links":{"self":[{"href":"https:\/\/www.pacoteshyatt.com.br\/sao-paulo\/wp-json\/wp\/v2\/product\/5189"}],"collection":[{"href":"https:\/\/www.pacoteshyatt.com.br\/sao-paulo\/wp-json\/wp\/v2\/product"}],"about":[{"href":"https:\/\/www.pacoteshyatt.com.br\/sao-paulo\/wp-json\/wp\/v2\/types\/product"}],"replies":[{"embeddable":true,"href":"https:\/\/www.pacoteshyatt.com.br\/sao-paulo\/wp-json\/wp\/v2\/comments?post=5189"}],"wp:featuredmedia":[{"embeddable":true,"href":"https:\/\/www.pacoteshyatt.com.br\/sao-paulo\/wp-json\/wp\/v2\/media\/20861"}],"wp:attachment":[{"href":"https:\/\/www.pacoteshyatt.com.br\/sao-paulo\/wp-json\/wp\/v2\/media?parent=5189"}],"wp:term":[{"taxonomy":"product_cat","embeddable":true,"href":"https:\/\/www.pacoteshyatt.com.br\/sao-paulo\/wp-json\/wp\/v2\/product_cat?post=5189"},{"taxonomy":"product_tag","embeddable":true,"href":"https:\/\/www.pacoteshyatt.com.br\/sao-paulo\/wp-json\/wp\/v2\/product_tag?post=5189"}],"curies":[{"name":"wp","href":"https:\/\/api.w.org\/{rel}","templated":true}]}}