{"id":79,"date":"2020-10-05T12:28:48","date_gmt":"2020-10-05T15:28:48","guid":{"rendered":"https:\/\/www.pacoteshyatt.com.br\/sao-paulo\/?post_type=product&#038;p=79"},"modified":"2025-07-17T15:54:03","modified_gmt":"2025-07-17T18:54:03","slug":"pacote-romance-premium","status":"publish","type":"product","link":"https:\/\/www.pacoteshyatt.com.br\/sao-paulo\/product\/pacote-romance-premium\/","title":{"rendered":"PACOTE ROMANCE PREMIUM"},"content":{"rendered":"<p>Celebre o amor de uma maneira verdadeiramente especial no Grand Hyatt S\u00e3o Paulo, com nosso pacote exclusivo de hospedagem, cuidadosamente projetado para proporcionar uma experi\u00eancia rom\u00e2ntica e memor\u00e1vel para voc\u00ea e seu parceiro(a).<\/p>\n<p>Ao entrar em sua acomoda\u00e7\u00e3o de luxo, seja uma Grand Su\u00edte, Su\u00edte Diplomata ou Su\u00edte Presidencial, voc\u00ea ser\u00e1 envolvido por um aconchegante e exclusivo ambiente. Buqu\u00ea de flores, uma garrafa de Veuve Clicquot, chocolates finos artesanais e morangos frescos os aguardam, prometendo prazeres sensoriais, enquanto a vista espetacular de S\u00e3o Paulo se desdobra \u00e0 sua frente.<\/p>\n<p>A experi\u00eancia se intensifica com um relaxante banho em nossa banheira de imers\u00e3o, complementado por sais de banho cuidadosamente escolhidos, al\u00e9m de um spray arom\u00e1tico e \u00f3leo de banho.<\/p>\n<p>Pela manh\u00e3, desperte para um exclusivo caf\u00e9 da manh\u00e3 continental no Grand Club Lounge, onde uma variedade de iguarias os aguarda para come\u00e7arem o dia da melhor forma.<\/p>\n<p>Al\u00e9m disso, desfrutem tamb\u00e9m de um desconto especial de 20% em tratamentos em nosso Amanary SPA, perfeito para casais em busca de relaxamento e renova\u00e7\u00e3o.<\/p>\n<p>O Pacote Romance Premium \u00e9 mais do que uma estadia, \u00e9 uma experi\u00eancia de descobertas e prazeres compartilhados, um convite para viver o amor com eleg\u00e2ncia e mem\u00f3rias que ressoam al\u00e9m do tempo.<\/p>\n<p>&nbsp;<\/p>\n<p><img loading=\"lazy\" class=\"alignnone wp-image-12935\" src=\"https:\/\/www.pacoteshyatt.com.br\/sao-paulo\/wp-content\/uploads\/sites\/3\/2021\/05\/Grand-Valentines-Premium-300x138.png\" alt=\"\" width=\"743\" height=\"342\" srcset=\"https:\/\/www.pacoteshyatt.com.br\/sao-paulo\/wp-content\/uploads\/sites\/3\/2021\/05\/Grand-Valentines-Premium-300x138.png 300w, https:\/\/www.pacoteshyatt.com.br\/sao-paulo\/wp-content\/uploads\/sites\/3\/2021\/05\/Grand-Valentines-Premium-768x353.png 768w, https:\/\/www.pacoteshyatt.com.br\/sao-paulo\/wp-content\/uploads\/sites\/3\/2021\/05\/Grand-Valentines-Premium-308x142.png 308w, https:\/\/www.pacoteshyatt.com.br\/sao-paulo\/wp-content\/uploads\/sites\/3\/2021\/05\/Grand-Valentines-Premium-348x160.png 348w, https:\/\/www.pacoteshyatt.com.br\/sao-paulo\/wp-content\/uploads\/sites\/3\/2021\/05\/Grand-Valentines-Premium.png 975w\" sizes=\"(max-width: 743px) 100vw, 743px\" \/><\/p>\n","protected":false},"excerpt":{"rendered":"<p>Celebre o amor de uma maneira verdadeiramente especial no Grand Hyatt S\u00e3o Paulo, com nosso pacote exclusivo de hospedagem, cuidadosamente projetado para proporcionar uma experi\u00eancia rom\u00e2ntica e memor\u00e1vel para voc\u00ea e seu parceiro(a). Ao entrar em sua acomoda\u00e7\u00e3o de luxo, seja uma Grand Su\u00edte, Su\u00edte Diplomata ou Su\u00edte Presidencial, voc\u00ea ser\u00e1 envolvido por um aconchegante [&hellip;]<\/p>\n","protected":false},"featured_media":1377,"comment_status":"open","ping_status":"closed","template":"","meta":{"_eb_attr":""},"product_cat":[19],"product_tag":[],"yoast_head":"<!-- This site is optimized with the Yoast SEO plugin v18.4.1 - https:\/\/yoast.com\/wordpress\/plugins\/seo\/ -->\n<title>Pacote Noite Rom\u00e2ntica Premium - Hotel Grand Hyatt SP<\/title>\n<meta name=\"description\" content=\"Viva uma noite de amor e sofistica\u00e7\u00e3o com nosso Pacote Romance Premium. Delicie-se com uma luxuosa acomoda\u00e7\u00e3o repleta de experi\u00eancias. Conhe\u00e7a e reserve:\" \/>\n<meta name=\"robots\" content=\"index, follow, max-snippet:-1, max-image-preview:large, max-video-preview:-1\" \/>\n<link rel=\"canonical\" href=\"https:\/\/www.pacoteshyatt.com.br\/sao-paulo\/product\/pacote-romance-premium\/\" \/>\n<meta property=\"og:locale\" content=\"pt_BR\" \/>\n<meta property=\"og:type\" content=\"article\" \/>\n<meta property=\"og:title\" content=\"Pacote Noite Rom\u00e2ntica Premium - Hotel Grand Hyatt SP\" \/>\n<meta property=\"og:description\" content=\"Viva uma noite de amor e sofistica\u00e7\u00e3o com nosso Pacote Romance Premium. Delicie-se com uma luxuosa acomoda\u00e7\u00e3o repleta de experi\u00eancias. Conhe\u00e7a e reserve:\" \/>\n<meta property=\"og:url\" content=\"https:\/\/www.pacoteshyatt.com.br\/sao-paulo\/product\/pacote-romance-premium\/\" \/>\n<meta property=\"og:site_name\" content=\"GRAND HYATT S\u00c3O PAULO\" \/>\n<meta property=\"article:modified_time\" content=\"2025-07-17T18:54:03+00:00\" \/>\n<meta property=\"og:image\" content=\"https:\/\/www.pacoteshyatt.com.br\/sao-paulo\/wp-content\/uploads\/sites\/3\/2020\/10\/pacote-romanceP.jpg\" \/>\n\t<meta property=\"og:image:width\" content=\"308\" \/>\n\t<meta property=\"og:image:height\" content=\"200\" \/>\n\t<meta property=\"og:image:type\" content=\"image\/jpeg\" \/>\n<meta name=\"twitter:card\" content=\"summary_large_image\" \/>\n<meta name=\"twitter:label1\" content=\"Est. tempo de leitura\" \/>\n\t<meta name=\"twitter:data1\" content=\"2 minutos\" \/>\n<script type=\"application\/ld+json\" class=\"yoast-schema-graph\">{\"@context\":\"https:\/\/schema.org\",\"@graph\":[{\"@type\":\"WebSite\",\"@id\":\"https:\/\/www.pacoteshyatt.com.br\/sao-paulo\/#website\",\"url\":\"https:\/\/www.pacoteshyatt.com.br\/sao-paulo\/\",\"name\":\"GRAND HYATT S\u00c3O PAULO\",\"description\":\"S\u00f3 mais um site Hot\u00e9is Grand Hyatt Rio de Janeiro e S\u00e3o Paulo sites\",\"potentialAction\":[{\"@type\":\"SearchAction\",\"target\":{\"@type\":\"EntryPoint\",\"urlTemplate\":\"https:\/\/www.pacoteshyatt.com.br\/sao-paulo\/?s={search_term_string}\"},\"query-input\":\"required name=search_term_string\"}],\"inLanguage\":\"pt-BR\"},{\"@type\":\"ImageObject\",\"@id\":\"https:\/\/www.pacoteshyatt.com.br\/sao-paulo\/product\/pacote-romance-premium\/#primaryimage\",\"inLanguage\":\"pt-BR\",\"url\":\"https:\/\/www.pacoteshyatt.com.br\/sao-paulo\/wp-content\/uploads\/sites\/3\/2020\/10\/pacote-romanceP.jpg\",\"contentUrl\":\"https:\/\/www.pacoteshyatt.com.br\/sao-paulo\/wp-content\/uploads\/sites\/3\/2020\/10\/pacote-romanceP.jpg\",\"width\":308,\"height\":200,\"caption\":\"Pacote noite rom\u00e2ntica Premium hotel sp\"},{\"@type\":\"WebPage\",\"@id\":\"https:\/\/www.pacoteshyatt.com.br\/sao-paulo\/product\/pacote-romance-premium\/#webpage\",\"url\":\"https:\/\/www.pacoteshyatt.com.br\/sao-paulo\/product\/pacote-romance-premium\/\",\"name\":\"Pacote Noite Rom\u00e2ntica Premium - Hotel Grand Hyatt SP\",\"isPartOf\":{\"@id\":\"https:\/\/www.pacoteshyatt.com.br\/sao-paulo\/#website\"},\"primaryImageOfPage\":{\"@id\":\"https:\/\/www.pacoteshyatt.com.br\/sao-paulo\/product\/pacote-romance-premium\/#primaryimage\"},\"datePublished\":\"2020-10-05T15:28:48+00:00\",\"dateModified\":\"2025-07-17T18:54:03+00:00\",\"description\":\"Viva uma noite de amor e sofistica\u00e7\u00e3o com nosso Pacote Romance Premium. Delicie-se com uma luxuosa acomoda\u00e7\u00e3o repleta de experi\u00eancias. Conhe\u00e7a e reserve:\",\"breadcrumb\":{\"@id\":\"https:\/\/www.pacoteshyatt.com.br\/sao-paulo\/product\/pacote-romance-premium\/#breadcrumb\"},\"inLanguage\":\"pt-BR\",\"potentialAction\":[{\"@type\":\"ReadAction\",\"target\":[\"https:\/\/www.pacoteshyatt.com.br\/sao-paulo\/product\/pacote-romance-premium\/\"]}]},{\"@type\":\"BreadcrumbList\",\"@id\":\"https:\/\/www.pacoteshyatt.com.br\/sao-paulo\/product\/pacote-romance-premium\/#breadcrumb\",\"itemListElement\":[{\"@type\":\"ListItem\",\"position\":1,\"name\":\"Home\",\"item\":\"https:\/\/www.pacoteshyatt.com.br\/sao-paulo\/\"},{\"@type\":\"ListItem\",\"position\":2,\"name\":\"Shop\",\"item\":\"https:\/\/www.pacoteshyatt.com.br\/sao-paulo\/shop\/\"},{\"@type\":\"ListItem\",\"position\":3,\"name\":\"PACOTE ROMANCE PREMIUM\"}]}]}<\/script>\n<!-- \/ Yoast SEO plugin. -->","yoast_head_json":{"title":"Pacote Noite Rom\u00e2ntica Premium - Hotel Grand Hyatt SP","description":"Viva uma noite de amor e sofistica\u00e7\u00e3o com nosso Pacote Romance Premium. Delicie-se com uma luxuosa acomoda\u00e7\u00e3o repleta de experi\u00eancias. Conhe\u00e7a e reserve:","robots":{"index":"index","follow":"follow","max-snippet":"max-snippet:-1","max-image-preview":"max-image-preview:large","max-video-preview":"max-video-preview:-1"},"canonical":"https:\/\/www.pacoteshyatt.com.br\/sao-paulo\/product\/pacote-romance-premium\/","og_locale":"pt_BR","og_type":"article","og_title":"Pacote Noite Rom\u00e2ntica Premium - Hotel Grand Hyatt SP","og_description":"Viva uma noite de amor e sofistica\u00e7\u00e3o com nosso Pacote Romance Premium. Delicie-se com uma luxuosa acomoda\u00e7\u00e3o repleta de experi\u00eancias. Conhe\u00e7a e reserve:","og_url":"https:\/\/www.pacoteshyatt.com.br\/sao-paulo\/product\/pacote-romance-premium\/","og_site_name":"GRAND HYATT S\u00c3O PAULO","article_modified_time":"2025-07-17T18:54:03+00:00","og_image":[{"width":308,"height":200,"url":"https:\/\/www.pacoteshyatt.com.br\/sao-paulo\/wp-content\/uploads\/sites\/3\/2020\/10\/pacote-romanceP.jpg","type":"image\/jpeg"}],"twitter_card":"summary_large_image","twitter_misc":{"Est. tempo de leitura":"2 minutos"},"schema":{"@context":"https:\/\/schema.org","@graph":[{"@type":"WebSite","@id":"https:\/\/www.pacoteshyatt.com.br\/sao-paulo\/#website","url":"https:\/\/www.pacoteshyatt.com.br\/sao-paulo\/","name":"GRAND HYATT S\u00c3O PAULO","description":"S\u00f3 mais um site Hot\u00e9is Grand Hyatt Rio de Janeiro e S\u00e3o Paulo sites","potentialAction":[{"@type":"SearchAction","target":{"@type":"EntryPoint","urlTemplate":"https:\/\/www.pacoteshyatt.com.br\/sao-paulo\/?s={search_term_string}"},"query-input":"required name=search_term_string"}],"inLanguage":"pt-BR"},{"@type":"ImageObject","@id":"https:\/\/www.pacoteshyatt.com.br\/sao-paulo\/product\/pacote-romance-premium\/#primaryimage","inLanguage":"pt-BR","url":"https:\/\/www.pacoteshyatt.com.br\/sao-paulo\/wp-content\/uploads\/sites\/3\/2020\/10\/pacote-romanceP.jpg","contentUrl":"https:\/\/www.pacoteshyatt.com.br\/sao-paulo\/wp-content\/uploads\/sites\/3\/2020\/10\/pacote-romanceP.jpg","width":308,"height":200,"caption":"Pacote noite rom\u00e2ntica Premium hotel sp"},{"@type":"WebPage","@id":"https:\/\/www.pacoteshyatt.com.br\/sao-paulo\/product\/pacote-romance-premium\/#webpage","url":"https:\/\/www.pacoteshyatt.com.br\/sao-paulo\/product\/pacote-romance-premium\/","name":"Pacote Noite Rom\u00e2ntica Premium - Hotel Grand Hyatt SP","isPartOf":{"@id":"https:\/\/www.pacoteshyatt.com.br\/sao-paulo\/#website"},"primaryImageOfPage":{"@id":"https:\/\/www.pacoteshyatt.com.br\/sao-paulo\/product\/pacote-romance-premium\/#primaryimage"},"datePublished":"2020-10-05T15:28:48+00:00","dateModified":"2025-07-17T18:54:03+00:00","description":"Viva uma noite de amor e sofistica\u00e7\u00e3o com nosso Pacote Romance Premium. Delicie-se com uma luxuosa acomoda\u00e7\u00e3o repleta de experi\u00eancias. Conhe\u00e7a e reserve:","breadcrumb":{"@id":"https:\/\/www.pacoteshyatt.com.br\/sao-paulo\/product\/pacote-romance-premium\/#breadcrumb"},"inLanguage":"pt-BR","potentialAction":[{"@type":"ReadAction","target":["https:\/\/www.pacoteshyatt.com.br\/sao-paulo\/product\/pacote-romance-premium\/"]}]},{"@type":"BreadcrumbList","@id":"https:\/\/www.pacoteshyatt.com.br\/sao-paulo\/product\/pacote-romance-premium\/#breadcrumb","itemListElement":[{"@type":"ListItem","position":1,"name":"Home","item":"https:\/\/www.pacoteshyatt.com.br\/sao-paulo\/"},{"@type":"ListItem","position":2,"name":"Shop","item":"https:\/\/www.pacoteshyatt.com.br\/sao-paulo\/shop\/"},{"@type":"ListItem","position":3,"name":"PACOTE ROMANCE PREMIUM"}]}]}},"_links":{"self":[{"href":"https:\/\/www.pacoteshyatt.com.br\/sao-paulo\/wp-json\/wp\/v2\/product\/79"}],"collection":[{"href":"https:\/\/www.pacoteshyatt.com.br\/sao-paulo\/wp-json\/wp\/v2\/product"}],"about":[{"href":"https:\/\/www.pacoteshyatt.com.br\/sao-paulo\/wp-json\/wp\/v2\/types\/product"}],"replies":[{"embeddable":true,"href":"https:\/\/www.pacoteshyatt.com.br\/sao-paulo\/wp-json\/wp\/v2\/comments?post=79"}],"wp:featuredmedia":[{"embeddable":true,"href":"https:\/\/www.pacoteshyatt.com.br\/sao-paulo\/wp-json\/wp\/v2\/media\/1377"}],"wp:attachment":[{"href":"https:\/\/www.pacoteshyatt.com.br\/sao-paulo\/wp-json\/wp\/v2\/media?parent=79"}],"wp:term":[{"taxonomy":"product_cat","embeddable":true,"href":"https:\/\/www.pacoteshyatt.com.br\/sao-paulo\/wp-json\/wp\/v2\/product_cat?post=79"},{"taxonomy":"product_tag","embeddable":true,"href":"https:\/\/www.pacoteshyatt.com.br\/sao-paulo\/wp-json\/wp\/v2\/product_tag?post=79"}],"curies":[{"name":"wp","href":"https:\/\/api.w.org\/{rel}","templated":true}]}}