{"id":9405,"date":"2023-06-06T18:20:06","date_gmt":"2023-06-06T21:20:06","guid":{"rendered":"https:\/\/www.pacoteshyatt.com.br\/sao-paulo\/?post_type=product&#038;p=9405"},"modified":"2025-07-31T18:03:02","modified_gmt":"2025-07-31T21:03:02","slug":"jantar-namorados","status":"publish","type":"product","link":"https:\/\/www.pacoteshyatt.com.br\/sao-paulo\/product\/jantar-namorados\/","title":{"rendered":"12\/06 | JANTAR DIA DOS NAMORADOS"},"content":{"rendered":"<p>&nbsp;<\/p>\n<h3><strong>Vendas esgotadas! Para entrar na lista de espera, por favor, entrar em contato pelo telefone: (11) 2838-3203 ou email: hosts.ghsaopaulo@hyatt.com<\/strong><\/h3>\n","protected":false},"excerpt":{"rendered":"<p>&nbsp; Vendas esgotadas! Para entrar na lista de espera, por favor, entrar em contato pelo telefone: (11) 2838-3203 ou email: hosts.ghsaopaulo@hyatt.com<\/p>\n","protected":false},"featured_media":17801,"comment_status":"open","ping_status":"closed","template":"","meta":{"_eb_attr":""},"product_cat":[57,70,15,27,28],"product_tag":[],"yoast_head":"<!-- This site is optimized with the Yoast SEO plugin v18.4.1 - https:\/\/yoast.com\/wordpress\/plugins\/seo\/ -->\n<title>Jantar Rom\u00e2ntico em SP - Grand Hyatt S\u00e3o Paulo<\/title>\n<meta name=\"description\" content=\"O pacote rom\u00e2ntico foi feito para celebrar com seu amor uma experi\u00eancia \u00fanica no jantar rom\u00e2ntico em Sampa do Grand Hyatt. Garanta seu voucher aqui!\" \/>\n<meta name=\"robots\" content=\"index, follow, max-snippet:-1, max-image-preview:large, max-video-preview:-1\" \/>\n<link rel=\"canonical\" href=\"https:\/\/www.pacoteshyatt.com.br\/sao-paulo\/product\/jantar-namorados\/\" \/>\n<meta property=\"og:locale\" content=\"pt_BR\" \/>\n<meta property=\"og:type\" content=\"article\" \/>\n<meta property=\"og:title\" content=\"Jantar Rom\u00e2ntico em SP - Grand Hyatt S\u00e3o Paulo\" \/>\n<meta property=\"og:description\" content=\"O pacote rom\u00e2ntico foi feito para celebrar com seu amor uma experi\u00eancia \u00fanica no jantar rom\u00e2ntico em Sampa do Grand Hyatt. Garanta seu voucher aqui!\" \/>\n<meta property=\"og:url\" content=\"https:\/\/www.pacoteshyatt.com.br\/sao-paulo\/product\/jantar-namorados\/\" \/>\n<meta property=\"og:site_name\" content=\"GRAND HYATT S\u00c3O PAULO\" \/>\n<meta property=\"article:modified_time\" content=\"2025-07-31T21:03:02+00:00\" \/>\n<meta property=\"og:image\" content=\"https:\/\/www.pacoteshyatt.com.br\/sao-paulo\/wp-content\/uploads\/sites\/3\/2023\/06\/GHSP_DiaDosNamorados_Jantar_Banner_308x200px_v2.png\" \/>\n\t<meta property=\"og:image:width\" content=\"308\" \/>\n\t<meta property=\"og:image:height\" content=\"200\" \/>\n\t<meta property=\"og:image:type\" content=\"image\/png\" \/>\n<meta name=\"twitter:card\" content=\"summary_large_image\" \/>\n<meta name=\"twitter:label1\" content=\"Est. tempo de leitura\" \/>\n\t<meta name=\"twitter:data1\" content=\"2 minutos\" \/>\n<script type=\"application\/ld+json\" class=\"yoast-schema-graph\">{\"@context\":\"https:\/\/schema.org\",\"@graph\":[{\"@type\":\"WebSite\",\"@id\":\"https:\/\/www.pacoteshyatt.com.br\/sao-paulo\/#website\",\"url\":\"https:\/\/www.pacoteshyatt.com.br\/sao-paulo\/\",\"name\":\"GRAND HYATT S\u00c3O PAULO\",\"description\":\"S\u00f3 mais um site Hot\u00e9is Grand Hyatt Rio de Janeiro e S\u00e3o Paulo sites\",\"potentialAction\":[{\"@type\":\"SearchAction\",\"target\":{\"@type\":\"EntryPoint\",\"urlTemplate\":\"https:\/\/www.pacoteshyatt.com.br\/sao-paulo\/?s={search_term_string}\"},\"query-input\":\"required name=search_term_string\"}],\"inLanguage\":\"pt-BR\"},{\"@type\":\"ImageObject\",\"@id\":\"https:\/\/www.pacoteshyatt.com.br\/sao-paulo\/product\/jantar-namorados\/#primaryimage\",\"inLanguage\":\"pt-BR\",\"url\":\"https:\/\/www.pacoteshyatt.com.br\/sao-paulo\/wp-content\/uploads\/sites\/3\/2023\/06\/GHSP_DiaDosNamorados_Jantar_Banner_308x200px_v2.png\",\"contentUrl\":\"https:\/\/www.pacoteshyatt.com.br\/sao-paulo\/wp-content\/uploads\/sites\/3\/2023\/06\/GHSP_DiaDosNamorados_Jantar_Banner_308x200px_v2.png\",\"width\":308,\"height\":200},{\"@type\":\"WebPage\",\"@id\":\"https:\/\/www.pacoteshyatt.com.br\/sao-paulo\/product\/jantar-namorados\/#webpage\",\"url\":\"https:\/\/www.pacoteshyatt.com.br\/sao-paulo\/product\/jantar-namorados\/\",\"name\":\"Jantar Rom\u00e2ntico em SP - Grand Hyatt S\u00e3o Paulo\",\"isPartOf\":{\"@id\":\"https:\/\/www.pacoteshyatt.com.br\/sao-paulo\/#website\"},\"primaryImageOfPage\":{\"@id\":\"https:\/\/www.pacoteshyatt.com.br\/sao-paulo\/product\/jantar-namorados\/#primaryimage\"},\"datePublished\":\"2023-06-06T21:20:06+00:00\",\"dateModified\":\"2025-07-31T21:03:02+00:00\",\"description\":\"O pacote rom\u00e2ntico foi feito para celebrar com seu amor uma experi\u00eancia \u00fanica no jantar rom\u00e2ntico em Sampa do Grand Hyatt. Garanta seu voucher aqui!\",\"breadcrumb\":{\"@id\":\"https:\/\/www.pacoteshyatt.com.br\/sao-paulo\/product\/jantar-namorados\/#breadcrumb\"},\"inLanguage\":\"pt-BR\",\"potentialAction\":[{\"@type\":\"ReadAction\",\"target\":[\"https:\/\/www.pacoteshyatt.com.br\/sao-paulo\/product\/jantar-namorados\/\"]}]},{\"@type\":\"BreadcrumbList\",\"@id\":\"https:\/\/www.pacoteshyatt.com.br\/sao-paulo\/product\/jantar-namorados\/#breadcrumb\",\"itemListElement\":[{\"@type\":\"ListItem\",\"position\":1,\"name\":\"Home\",\"item\":\"https:\/\/www.pacoteshyatt.com.br\/sao-paulo\/\"},{\"@type\":\"ListItem\",\"position\":2,\"name\":\"Shop\",\"item\":\"https:\/\/www.pacoteshyatt.com.br\/sao-paulo\/shop\/\"},{\"@type\":\"ListItem\",\"position\":3,\"name\":\"12\/06 | JANTAR DIA DOS NAMORADOS\"}]}]}<\/script>\n<!-- \/ Yoast SEO plugin. -->","yoast_head_json":{"title":"Jantar Rom\u00e2ntico em SP - Grand Hyatt S\u00e3o Paulo","description":"O pacote rom\u00e2ntico foi feito para celebrar com seu amor uma experi\u00eancia \u00fanica no jantar rom\u00e2ntico em Sampa do Grand Hyatt. Garanta seu voucher aqui!","robots":{"index":"index","follow":"follow","max-snippet":"max-snippet:-1","max-image-preview":"max-image-preview:large","max-video-preview":"max-video-preview:-1"},"canonical":"https:\/\/www.pacoteshyatt.com.br\/sao-paulo\/product\/jantar-namorados\/","og_locale":"pt_BR","og_type":"article","og_title":"Jantar Rom\u00e2ntico em SP - Grand Hyatt S\u00e3o Paulo","og_description":"O pacote rom\u00e2ntico foi feito para celebrar com seu amor uma experi\u00eancia \u00fanica no jantar rom\u00e2ntico em Sampa do Grand Hyatt. Garanta seu voucher aqui!","og_url":"https:\/\/www.pacoteshyatt.com.br\/sao-paulo\/product\/jantar-namorados\/","og_site_name":"GRAND HYATT S\u00c3O PAULO","article_modified_time":"2025-07-31T21:03:02+00:00","og_image":[{"width":308,"height":200,"url":"https:\/\/www.pacoteshyatt.com.br\/sao-paulo\/wp-content\/uploads\/sites\/3\/2023\/06\/GHSP_DiaDosNamorados_Jantar_Banner_308x200px_v2.png","type":"image\/png"}],"twitter_card":"summary_large_image","twitter_misc":{"Est. tempo de leitura":"2 minutos"},"schema":{"@context":"https:\/\/schema.org","@graph":[{"@type":"WebSite","@id":"https:\/\/www.pacoteshyatt.com.br\/sao-paulo\/#website","url":"https:\/\/www.pacoteshyatt.com.br\/sao-paulo\/","name":"GRAND HYATT S\u00c3O PAULO","description":"S\u00f3 mais um site Hot\u00e9is Grand Hyatt Rio de Janeiro e S\u00e3o Paulo sites","potentialAction":[{"@type":"SearchAction","target":{"@type":"EntryPoint","urlTemplate":"https:\/\/www.pacoteshyatt.com.br\/sao-paulo\/?s={search_term_string}"},"query-input":"required name=search_term_string"}],"inLanguage":"pt-BR"},{"@type":"ImageObject","@id":"https:\/\/www.pacoteshyatt.com.br\/sao-paulo\/product\/jantar-namorados\/#primaryimage","inLanguage":"pt-BR","url":"https:\/\/www.pacoteshyatt.com.br\/sao-paulo\/wp-content\/uploads\/sites\/3\/2023\/06\/GHSP_DiaDosNamorados_Jantar_Banner_308x200px_v2.png","contentUrl":"https:\/\/www.pacoteshyatt.com.br\/sao-paulo\/wp-content\/uploads\/sites\/3\/2023\/06\/GHSP_DiaDosNamorados_Jantar_Banner_308x200px_v2.png","width":308,"height":200},{"@type":"WebPage","@id":"https:\/\/www.pacoteshyatt.com.br\/sao-paulo\/product\/jantar-namorados\/#webpage","url":"https:\/\/www.pacoteshyatt.com.br\/sao-paulo\/product\/jantar-namorados\/","name":"Jantar Rom\u00e2ntico em SP - Grand Hyatt S\u00e3o Paulo","isPartOf":{"@id":"https:\/\/www.pacoteshyatt.com.br\/sao-paulo\/#website"},"primaryImageOfPage":{"@id":"https:\/\/www.pacoteshyatt.com.br\/sao-paulo\/product\/jantar-namorados\/#primaryimage"},"datePublished":"2023-06-06T21:20:06+00:00","dateModified":"2025-07-31T21:03:02+00:00","description":"O pacote rom\u00e2ntico foi feito para celebrar com seu amor uma experi\u00eancia \u00fanica no jantar rom\u00e2ntico em Sampa do Grand Hyatt. Garanta seu voucher aqui!","breadcrumb":{"@id":"https:\/\/www.pacoteshyatt.com.br\/sao-paulo\/product\/jantar-namorados\/#breadcrumb"},"inLanguage":"pt-BR","potentialAction":[{"@type":"ReadAction","target":["https:\/\/www.pacoteshyatt.com.br\/sao-paulo\/product\/jantar-namorados\/"]}]},{"@type":"BreadcrumbList","@id":"https:\/\/www.pacoteshyatt.com.br\/sao-paulo\/product\/jantar-namorados\/#breadcrumb","itemListElement":[{"@type":"ListItem","position":1,"name":"Home","item":"https:\/\/www.pacoteshyatt.com.br\/sao-paulo\/"},{"@type":"ListItem","position":2,"name":"Shop","item":"https:\/\/www.pacoteshyatt.com.br\/sao-paulo\/shop\/"},{"@type":"ListItem","position":3,"name":"12\/06 | JANTAR DIA DOS NAMORADOS"}]}]}},"_links":{"self":[{"href":"https:\/\/www.pacoteshyatt.com.br\/sao-paulo\/wp-json\/wp\/v2\/product\/9405"}],"collection":[{"href":"https:\/\/www.pacoteshyatt.com.br\/sao-paulo\/wp-json\/wp\/v2\/product"}],"about":[{"href":"https:\/\/www.pacoteshyatt.com.br\/sao-paulo\/wp-json\/wp\/v2\/types\/product"}],"replies":[{"embeddable":true,"href":"https:\/\/www.pacoteshyatt.com.br\/sao-paulo\/wp-json\/wp\/v2\/comments?post=9405"}],"wp:featuredmedia":[{"embeddable":true,"href":"https:\/\/www.pacoteshyatt.com.br\/sao-paulo\/wp-json\/wp\/v2\/media\/17801"}],"wp:attachment":[{"href":"https:\/\/www.pacoteshyatt.com.br\/sao-paulo\/wp-json\/wp\/v2\/media?parent=9405"}],"wp:term":[{"taxonomy":"product_cat","embeddable":true,"href":"https:\/\/www.pacoteshyatt.com.br\/sao-paulo\/wp-json\/wp\/v2\/product_cat?post=9405"},{"taxonomy":"product_tag","embeddable":true,"href":"https:\/\/www.pacoteshyatt.com.br\/sao-paulo\/wp-json\/wp\/v2\/product_tag?post=9405"}],"curies":[{"name":"wp","href":"https:\/\/api.w.org\/{rel}","templated":true}]}}