{"id":9628,"date":"2023-06-30T11:16:44","date_gmt":"2023-06-30T14:16:44","guid":{"rendered":"https:\/\/www.pacoteshyatt.com.br\/sao-paulo\/?post_type=product&#038;p=9628"},"modified":"2025-09-01T09:33:17","modified_gmt":"2025-09-01T12:33:17","slug":"day-spa-equilibrio","status":"publish","type":"product","link":"https:\/\/www.pacoteshyatt.com.br\/sao-paulo\/product\/day-spa-equilibrio\/","title":{"rendered":"DAY SPA EQUIL\u00cdBRIO | M\u00caS DOS PAIS"},"content":{"rendered":"<p data-start=\"280\" data-end=\"534\">Imagine proporcionar ao seu pai uma pausa poderosa para o corpo e a mente, um momento s\u00f3 dele para relaxar, se cuidar e recarregar as energias. Esse ritual do <strong>Day Spa Equil\u00edbrio<\/strong> foi pensado especialmente para homens que levam uma rotina intensa e merecem um cuidado \u00e0 altura.<\/p>\n<p data-start=\"536\" data-end=\"585\"><strong data-start=\"536\" data-end=\"585\">Este Day Spa Equil\u00edbrio inclui:<\/strong><\/p>\n<ul data-start=\"587\" data-end=\"1127\">\n<li data-start=\"587\" data-end=\"775\">\n<p data-start=\"589\" data-end=\"775\"><strong data-start=\"592\" data-end=\"615\">Sauna Revitalizante<\/strong><br data-start=\"615\" data-end=\"618\" \/>Um momento inicial para purificar corpo e mente. O calor suave da sauna promove a elimina\u00e7\u00e3o de toxinas e prepara o organismo para um relaxamento profundo.<\/p>\n<\/li>\n<li data-start=\"777\" data-end=\"966\">\n<p data-start=\"779\" data-end=\"966\"><strong data-start=\"785\" data-end=\"828\">Massagem Deep Tissue com Pedras Quentes<\/strong><br data-start=\"828\" data-end=\"831\" \/>Uma combina\u00e7\u00e3o de t\u00e9cnicas intensas e calor terap\u00eautico que dissolve tens\u00f5es musculares, alivia dores e restaura o equil\u00edbrio f\u00edsico.<\/p>\n<\/li>\n<li data-start=\"968\" data-end=\"1127\">\n<p data-start=\"970\" data-end=\"1127\"><strong data-start=\"972\" data-end=\"1002\">Facial Express Energizante<\/strong><br data-start=\"1002\" data-end=\"1005\" \/>Cuidado com a pele. Promove limpeza profunda, hidrata\u00e7\u00e3o e devolve o frescor instant\u00e2neo ao rosto.<\/p>\n<\/li>\n<\/ul>\n<p data-start=\"1129\" data-end=\"1242\">\u00c9 o tipo de presente que mostra cuidado, aten\u00e7\u00e3o e carinho, que vai fazer ele se sentir valorizado de verdade.<\/p>\n<p data-start=\"1244\" data-end=\"1419\">Se seu pai anda precisando de um tempo para ele, esse ritual pode ser o que faltava. Que tal dar isso de presente neste Dia dos Pais?<\/p>\n<p><strong>Este voucher inclui o Day Spa Equil\u00edbrio para uma pessoa: acesso \u00e0 sauna seca, Fitness Center, piscinas interna climatizada e externa, e 3h de estacionamento com manobrista.<\/strong><\/p>\n","protected":false},"excerpt":{"rendered":"<p>Imagine proporcionar ao seu pai uma pausa poderosa para o corpo e a mente, um momento s\u00f3 dele para relaxar, se cuidar e recarregar as energias. Esse ritual do Day Spa Equil\u00edbrio foi pensado especialmente para homens que levam uma rotina intensa e merecem um cuidado \u00e0 altura. Este Day Spa Equil\u00edbrio inclui: Sauna RevitalizanteUm [&hellip;]<\/p>\n","protected":false},"featured_media":18450,"comment_status":"open","ping_status":"closed","template":"","meta":{"_eb_attr":""},"product_cat":[57,86,20,21],"product_tag":[],"yoast_head":"<!-- This site is optimized with the Yoast SEO plugin v18.4.1 - https:\/\/yoast.com\/wordpress\/plugins\/seo\/ -->\n<title>Day Spa Equil\u00edbrio Masculino (M\u00caS DOS PAIS) - Grand Hyatt<\/title>\n<meta name=\"description\" content=\"O day spa equilibrio \u00e9 um ritual relaxante masculino com sauna, massagem Deep Tissue com pedras quentes e facial express. Revitalize corpo nessa experi\u00eancia!\" \/>\n<meta name=\"robots\" content=\"index, follow, max-snippet:-1, max-image-preview:large, max-video-preview:-1\" \/>\n<link rel=\"canonical\" href=\"https:\/\/www.pacoteshyatt.com.br\/sao-paulo\/product\/day-spa-equilibrio\/\" \/>\n<meta property=\"og:locale\" content=\"pt_BR\" \/>\n<meta property=\"og:type\" content=\"article\" \/>\n<meta property=\"og:title\" content=\"Day Spa Equil\u00edbrio Masculino (M\u00caS DOS PAIS) - Grand Hyatt\" \/>\n<meta property=\"og:description\" content=\"O day spa equilibrio \u00e9 um ritual relaxante masculino com sauna, massagem Deep Tissue com pedras quentes e facial express. Revitalize corpo nessa experi\u00eancia!\" \/>\n<meta property=\"og:url\" content=\"https:\/\/www.pacoteshyatt.com.br\/sao-paulo\/product\/day-spa-equilibrio\/\" \/>\n<meta property=\"og:site_name\" content=\"GRAND HYATT S\u00c3O PAULO\" \/>\n<meta property=\"article:modified_time\" content=\"2025-09-01T12:33:17+00:00\" \/>\n<meta property=\"og:image\" content=\"https:\/\/www.pacoteshyatt.com.br\/sao-paulo\/wp-content\/uploads\/sites\/3\/2023\/06\/GHSP_DaySpaEquilibrio_DiaDosPais2025_Banner_308x200px_v2.png\" \/>\n\t<meta property=\"og:image:width\" content=\"308\" \/>\n\t<meta property=\"og:image:height\" content=\"200\" \/>\n\t<meta property=\"og:image:type\" content=\"image\/png\" \/>\n<meta name=\"twitter:card\" content=\"summary_large_image\" \/>\n<meta name=\"twitter:label1\" content=\"Est. tempo de leitura\" \/>\n\t<meta name=\"twitter:data1\" content=\"2 minutos\" \/>\n<script type=\"application\/ld+json\" class=\"yoast-schema-graph\">{\"@context\":\"https:\/\/schema.org\",\"@graph\":[{\"@type\":\"WebSite\",\"@id\":\"https:\/\/www.pacoteshyatt.com.br\/sao-paulo\/#website\",\"url\":\"https:\/\/www.pacoteshyatt.com.br\/sao-paulo\/\",\"name\":\"GRAND HYATT S\u00c3O PAULO\",\"description\":\"S\u00f3 mais um site Hot\u00e9is Grand Hyatt Rio de Janeiro e S\u00e3o Paulo sites\",\"potentialAction\":[{\"@type\":\"SearchAction\",\"target\":{\"@type\":\"EntryPoint\",\"urlTemplate\":\"https:\/\/www.pacoteshyatt.com.br\/sao-paulo\/?s={search_term_string}\"},\"query-input\":\"required name=search_term_string\"}],\"inLanguage\":\"pt-BR\"},{\"@type\":\"ImageObject\",\"@id\":\"https:\/\/www.pacoteshyatt.com.br\/sao-paulo\/product\/day-spa-equilibrio\/#primaryimage\",\"inLanguage\":\"pt-BR\",\"url\":\"https:\/\/www.pacoteshyatt.com.br\/sao-paulo\/wp-content\/uploads\/sites\/3\/2023\/06\/GHSP_DaySpaEquilibrio_DiaDosPais2025_Banner_308x200px_v2.png\",\"contentUrl\":\"https:\/\/www.pacoteshyatt.com.br\/sao-paulo\/wp-content\/uploads\/sites\/3\/2023\/06\/GHSP_DaySpaEquilibrio_DiaDosPais2025_Banner_308x200px_v2.png\",\"width\":308,\"height\":200,\"caption\":\"Day spa equil\u00edbrio masculino de Grand Hyatt\"},{\"@type\":\"WebPage\",\"@id\":\"https:\/\/www.pacoteshyatt.com.br\/sao-paulo\/product\/day-spa-equilibrio\/#webpage\",\"url\":\"https:\/\/www.pacoteshyatt.com.br\/sao-paulo\/product\/day-spa-equilibrio\/\",\"name\":\"Day Spa Equil\u00edbrio Masculino (M\u00caS DOS PAIS) - Grand Hyatt\",\"isPartOf\":{\"@id\":\"https:\/\/www.pacoteshyatt.com.br\/sao-paulo\/#website\"},\"primaryImageOfPage\":{\"@id\":\"https:\/\/www.pacoteshyatt.com.br\/sao-paulo\/product\/day-spa-equilibrio\/#primaryimage\"},\"datePublished\":\"2023-06-30T14:16:44+00:00\",\"dateModified\":\"2025-09-01T12:33:17+00:00\",\"description\":\"O day spa equilibrio \u00e9 um ritual relaxante masculino com sauna, massagem Deep Tissue com pedras quentes e facial express. Revitalize corpo nessa experi\u00eancia!\",\"breadcrumb\":{\"@id\":\"https:\/\/www.pacoteshyatt.com.br\/sao-paulo\/product\/day-spa-equilibrio\/#breadcrumb\"},\"inLanguage\":\"pt-BR\",\"potentialAction\":[{\"@type\":\"ReadAction\",\"target\":[\"https:\/\/www.pacoteshyatt.com.br\/sao-paulo\/product\/day-spa-equilibrio\/\"]}]},{\"@type\":\"BreadcrumbList\",\"@id\":\"https:\/\/www.pacoteshyatt.com.br\/sao-paulo\/product\/day-spa-equilibrio\/#breadcrumb\",\"itemListElement\":[{\"@type\":\"ListItem\",\"position\":1,\"name\":\"Home\",\"item\":\"https:\/\/www.pacoteshyatt.com.br\/sao-paulo\/\"},{\"@type\":\"ListItem\",\"position\":2,\"name\":\"Shop\",\"item\":\"https:\/\/www.pacoteshyatt.com.br\/sao-paulo\/shop\/\"},{\"@type\":\"ListItem\",\"position\":3,\"name\":\"DAY SPA EQUIL\u00cdBRIO | M\u00caS DOS PAIS\"}]}]}<\/script>\n<!-- \/ Yoast SEO plugin. -->","yoast_head_json":{"title":"Day Spa Equil\u00edbrio Masculino (M\u00caS DOS PAIS) - Grand Hyatt","description":"O day spa equilibrio \u00e9 um ritual relaxante masculino com sauna, massagem Deep Tissue com pedras quentes e facial express. Revitalize corpo nessa experi\u00eancia!","robots":{"index":"index","follow":"follow","max-snippet":"max-snippet:-1","max-image-preview":"max-image-preview:large","max-video-preview":"max-video-preview:-1"},"canonical":"https:\/\/www.pacoteshyatt.com.br\/sao-paulo\/product\/day-spa-equilibrio\/","og_locale":"pt_BR","og_type":"article","og_title":"Day Spa Equil\u00edbrio Masculino (M\u00caS DOS PAIS) - Grand Hyatt","og_description":"O day spa equilibrio \u00e9 um ritual relaxante masculino com sauna, massagem Deep Tissue com pedras quentes e facial express. Revitalize corpo nessa experi\u00eancia!","og_url":"https:\/\/www.pacoteshyatt.com.br\/sao-paulo\/product\/day-spa-equilibrio\/","og_site_name":"GRAND HYATT S\u00c3O PAULO","article_modified_time":"2025-09-01T12:33:17+00:00","og_image":[{"width":308,"height":200,"url":"https:\/\/www.pacoteshyatt.com.br\/sao-paulo\/wp-content\/uploads\/sites\/3\/2023\/06\/GHSP_DaySpaEquilibrio_DiaDosPais2025_Banner_308x200px_v2.png","type":"image\/png"}],"twitter_card":"summary_large_image","twitter_misc":{"Est. tempo de leitura":"2 minutos"},"schema":{"@context":"https:\/\/schema.org","@graph":[{"@type":"WebSite","@id":"https:\/\/www.pacoteshyatt.com.br\/sao-paulo\/#website","url":"https:\/\/www.pacoteshyatt.com.br\/sao-paulo\/","name":"GRAND HYATT S\u00c3O PAULO","description":"S\u00f3 mais um site Hot\u00e9is Grand Hyatt Rio de Janeiro e S\u00e3o Paulo sites","potentialAction":[{"@type":"SearchAction","target":{"@type":"EntryPoint","urlTemplate":"https:\/\/www.pacoteshyatt.com.br\/sao-paulo\/?s={search_term_string}"},"query-input":"required name=search_term_string"}],"inLanguage":"pt-BR"},{"@type":"ImageObject","@id":"https:\/\/www.pacoteshyatt.com.br\/sao-paulo\/product\/day-spa-equilibrio\/#primaryimage","inLanguage":"pt-BR","url":"https:\/\/www.pacoteshyatt.com.br\/sao-paulo\/wp-content\/uploads\/sites\/3\/2023\/06\/GHSP_DaySpaEquilibrio_DiaDosPais2025_Banner_308x200px_v2.png","contentUrl":"https:\/\/www.pacoteshyatt.com.br\/sao-paulo\/wp-content\/uploads\/sites\/3\/2023\/06\/GHSP_DaySpaEquilibrio_DiaDosPais2025_Banner_308x200px_v2.png","width":308,"height":200,"caption":"Day spa equil\u00edbrio masculino de Grand Hyatt"},{"@type":"WebPage","@id":"https:\/\/www.pacoteshyatt.com.br\/sao-paulo\/product\/day-spa-equilibrio\/#webpage","url":"https:\/\/www.pacoteshyatt.com.br\/sao-paulo\/product\/day-spa-equilibrio\/","name":"Day Spa Equil\u00edbrio Masculino (M\u00caS DOS PAIS) - Grand Hyatt","isPartOf":{"@id":"https:\/\/www.pacoteshyatt.com.br\/sao-paulo\/#website"},"primaryImageOfPage":{"@id":"https:\/\/www.pacoteshyatt.com.br\/sao-paulo\/product\/day-spa-equilibrio\/#primaryimage"},"datePublished":"2023-06-30T14:16:44+00:00","dateModified":"2025-09-01T12:33:17+00:00","description":"O day spa equilibrio \u00e9 um ritual relaxante masculino com sauna, massagem Deep Tissue com pedras quentes e facial express. Revitalize corpo nessa experi\u00eancia!","breadcrumb":{"@id":"https:\/\/www.pacoteshyatt.com.br\/sao-paulo\/product\/day-spa-equilibrio\/#breadcrumb"},"inLanguage":"pt-BR","potentialAction":[{"@type":"ReadAction","target":["https:\/\/www.pacoteshyatt.com.br\/sao-paulo\/product\/day-spa-equilibrio\/"]}]},{"@type":"BreadcrumbList","@id":"https:\/\/www.pacoteshyatt.com.br\/sao-paulo\/product\/day-spa-equilibrio\/#breadcrumb","itemListElement":[{"@type":"ListItem","position":1,"name":"Home","item":"https:\/\/www.pacoteshyatt.com.br\/sao-paulo\/"},{"@type":"ListItem","position":2,"name":"Shop","item":"https:\/\/www.pacoteshyatt.com.br\/sao-paulo\/shop\/"},{"@type":"ListItem","position":3,"name":"DAY SPA EQUIL\u00cdBRIO | M\u00caS DOS PAIS"}]}]}},"_links":{"self":[{"href":"https:\/\/www.pacoteshyatt.com.br\/sao-paulo\/wp-json\/wp\/v2\/product\/9628"}],"collection":[{"href":"https:\/\/www.pacoteshyatt.com.br\/sao-paulo\/wp-json\/wp\/v2\/product"}],"about":[{"href":"https:\/\/www.pacoteshyatt.com.br\/sao-paulo\/wp-json\/wp\/v2\/types\/product"}],"replies":[{"embeddable":true,"href":"https:\/\/www.pacoteshyatt.com.br\/sao-paulo\/wp-json\/wp\/v2\/comments?post=9628"}],"wp:featuredmedia":[{"embeddable":true,"href":"https:\/\/www.pacoteshyatt.com.br\/sao-paulo\/wp-json\/wp\/v2\/media\/18450"}],"wp:attachment":[{"href":"https:\/\/www.pacoteshyatt.com.br\/sao-paulo\/wp-json\/wp\/v2\/media?parent=9628"}],"wp:term":[{"taxonomy":"product_cat","embeddable":true,"href":"https:\/\/www.pacoteshyatt.com.br\/sao-paulo\/wp-json\/wp\/v2\/product_cat?post=9628"},{"taxonomy":"product_tag","embeddable":true,"href":"https:\/\/www.pacoteshyatt.com.br\/sao-paulo\/wp-json\/wp\/v2\/product_tag?post=9628"}],"curies":[{"name":"wp","href":"https:\/\/api.w.org\/{rel}","templated":true}]}}